{"id":11086,"date":"2025-06-29T13:41:24","date_gmt":"2025-06-29T11:41:24","guid":{"rendered":"https:\/\/uj.adatbank.ro\/lexikon\/termek\/kadar-zsombor-%c2%a7\/"},"modified":"2025-06-29T13:41:24","modified_gmt":"2025-06-29T11:41:24","slug":"kadar-zsombor-%c2%a7","status":"publish","type":"product","link":"https:\/\/uj.adatbank.ro\/lexikon\/termek\/kadar-zsombor-%c2%a7\/","title":{"rendered":"K\u00c1D\u00c1R Zsombor, \u00a7"},"content":{"rendered":"<p>Bar\u00f3t, 1923. j\u00fal. 31., \u2020 Mv., 2007. m\u00e1j. 10.: erd\u0151m\u00e9rn\u00f6k, erd\u00e9szett\u00f6rt\u00e9n\u00e9sz. \u2013 Sz\u00fclei: apja k\u00f3rh\u00e1zorvos Bar\u00f3ton, feles\u00e9ge Hossz\u00fa Kl\u00e1ra. Feles\u00e9ge G\u00e1bos Sarolta, testnevel\u0151 tan\u00e1r (1949). L\u00e1nyaik: Adrienn (1954) tan\u00e1r, Annam\u00e1ria (1956) fogorvos. \u2013 N\u00e9gy elemit Bar\u00f3ton v\u00e9gzett osztatlan rom\u00e1n tannyelv\u0171 oszt\u00e1lyban, k\u00f6z\u00e9piskol\u00e1it Segesv\u00e1rt kezdte szint\u00e9n rom\u00e1n nyelven, Kv.-on a piarista F\u0151gimn.-ban \u00e9retts\u00e9gizett (1942); a soproni J\u00f3zsef N\u00e1dor M\u0171szaki \u00e9s Gazdas\u00e1gtudom\u00e1nyi Egyetem B\u00e1nya-, Koh\u00f3-, Erd\u0151m\u00e9rn\u00f6ki Kar\u00e1n szerzett oklevelet (1947). A Zalaegerszegi Erd\u0151igazgat\u00f3s\u00e1g gyakornoka (1947\u201348). A mv.-i \u00c1llami Erd\u0151ipari V\u00e1llalat IPEIL m\u00e9rn\u00f6ke (1948); tan\u00e1r a k\u00e9zdiv\u00e1s\u00e1rhelyi erd\u00e9szeti m\u0171szaki k\u00f6z\u00e9piskol\u00e1ban (1948\u201354), cs\u00edkszeredai Erd\u0151ipari Technikumban (1954\u201355). Mv.-en a Tartom\u00e1nyi Erd\u0151igazgat\u00f3s\u00e1g tervez\u0151m\u00e9rn\u00f6ke (1955\u201356); \u00e1llami. munkav\u00e9delmi fel\u00fcgyel\u0151 (1966\u201383); nyugalomba vonult (1983). Tev\u00e9keny r\u00e9szt v\u00e1llalt a rom\u00e1niai m. erd\u00e9szeti \u00e9s munkav\u00e9delmi irodalom megteremt\u00e9s\u00e9ben; kutat\u00e1si ter\u00fclete: m. \u00e9s rom\u00e1n erd\u00e9szeti, vad\u00e1szati \u00e9s faipari terminol\u00f3gia, ergon\u00f3mia, erd\u00e9szett\u00f6rt\u00e9net. Tanulm\u00e1nyai <strong>Cikkei:<\/strong> Korunk, Revista P\u0103durilor, Revist\u0103 Protec\u0163ia Muncii, V. Z., N\u00fa -ban. A M\u00e9rn\u00f6k\u00f6k \u00e9s Technikusok Egyes\u00fclet\u00e9nek tagja. Az EME, Jak\u00f3 Zsigmond \u00e9s Imreh Istv\u00e1n akad. prof. -ok \u00e1ltal kezdem\u00e9nyezett a Sz\u00e9kelyf\u00f6ld erd\u00e9szett\u00f6rt\u00e9nete c. munk\u00e1j\u00e1\u00e9rt II. d\u00edjjal jutalmazt\u00e1k (1993); Pro Univarsitate Soproniensi kit\u00fcntetettje, a Soproni Erd\u00e9szeti \u00e9s Faipari Egyetemhez f\u0171z\u0151d\u0151 szakmai kapcsolat\u00e1\u00e9rt \u00e9s kiemelked\u0151 erd\u00e9szeti szak\u00edr\u00f3i tev\u00e9kenys\u00e9g\u00e9\u00e9rt (1994); az Ember az Erd\u0151\u00e9rt Alap\u00edtv\u00e1ny d\u00edja (1999). \u2013 <strong>F. m.:<\/strong> Erd\u0151becsl\u00e9s (Buk., 1954); Erd\u0151v\u00e9delem (Buk., 1956); Erdei \u00e9s mezei utak (Buk., 1961.); Folosirea pl\u0103cilor fibrolemnoase a placajului la confec\u0163ionarea ambalajelor din lemn. Experien\u0163a unit\u0103\u0163ilor de industrializare a lemnului din Regiunea Mure\u015f Autonom\u0103 Maghiar\u0103 (Buc., 1965); Jakab Elek \u00e9s az erd\u00e9szett\u00f6rt\u00e9net; Rom\u00e1n-magyar erd\u00e9szeti \u00e9s faipari sz\u00f3t\u00e1r = Dic\u0163ionar forestier rom\u00e2n-maghiar (Buc., 1973); Magyar-rom\u00e1n erd\u00e9szeti \u00e9s faipari sz\u00f3t\u00e1r = Dic\u0163ionar forestier maghiar-rom\u00e2n. (Buc., 1979); Vigy\u00e1zat, balesetvesz\u00e9ly ! (Buk., 1985); S0z\u00e9kelyf\u00f6ldi erd\u00e9szet \u2013 \u00e9s faipart\u00f6rt\u00e9neti jegyzetek (Bp., 1993); A Sz\u00e9kelyf\u00f6ld erd\u00e9szett\u00f6rt\u00e9nete: [R\u00f6vid \u00e1ttekint\u00e9s az 1400-as \u00e9vekt\u0151l 1948-ig. ]. (Bp., 1994); Sz\u00e9kelyf\u00f6ldi erd\u00e9szeti arck\u00e9pcsarnok (Bp., 1999); Erd\u0151 \u00e9s nyelv (Bp., 1999); <strong>t\u00e1rssz.:<\/strong> Erd\u0151m\u0171vel\u00e9s (Jaszenovics L\u00e1szl\u00f3val; Buk., 1955); Erd\u00e9szeti zsebk\u00f6nyv (Buk., 1958\u20131959); Construirea pode\u0163elor monolite cu lumina de 2\u20268 m, pentru drumuri forestiere, prin folosirea elementelor prefabricate din beton armat: Experien\u0163a intreprinderilor forestiere din Regiunea Mure\u015f Autonom\u0103 Maghiar\u0103 (Kerekes Th., E. Batea; Buc., 1964); Dic\u0163ionar forestier poliglot: hatnyelv\u0171 [ m. \u00e9s n\u00e9met nyelv K\u00e1d\u00e1r Zs. ] (Buk, 1965); Munkav\u00e9delem (De\u00e1k Istv\u00e1nnal; Cs\u00edkszereda, 1972); Ergon\u00f3miai ismeretek (De\u00e1k Istv\u00e1nnal; Buk, 1976); Az egykori Maros-Torda v\u00e1rmegye k\u00f6zbirtokoss\u00e1gai = A Maros megyei magyars\u00e1g t\u00f6rt\u00e9net\u00e9b\u0151l (Mv, 1997); A sz\u00e9kelyf\u00f6ldi erd\u00e9szet \u00e9s faipar: T\u00f6rt\u00e9neti kronol\u00f3gia (P\u00e1l-Antal S. -ral; Mv., 2002). <br \/><strong>Irod.:<\/strong> Ajtay L\u00e1szl\u00f3: Szeretetteljes al\u00e1zattal (N\u00fa., 1999. szept. 4.); EMKK; F\u00fcl\u00f6p; Gy\u00f6kerek \u00e9s lombok. Erd\u00e9szportr\u00e9k. 2 k\u00f6t. Szerk. riporter P\u00e1pai G\u00e1bor. (Bp., 2002); KKACs; Megeml\u00e9kez\u00e9s K. Zs.-r\u00f3l (1923\u20132007) = Oroszi S\u00e1ndor: S\u00e1rgul\u00f3 levelek k\u00f6z\u00f6tt (Bp., 2008); RMIL, RMKK; Todea\u2013F\u00fcl\u00f6p\u2013Avram<\/br><\/p>\n","protected":false},"excerpt":{"rendered":"<p>Bar\u00f3t, 1923. j\u00fal. 31., \u2020 Mv., 2007. m\u00e1j. 10.: erd\u0151m\u00e9rn\u00f6k, erd\u00e9szett\u00f6rt\u00e9n\u00e9sz. \u2013 Sz\u00fclei: apja k\u00f3rh\u00e1zorvos Bar\u00f3ton, feles\u00e9ge Hossz\u00fa Kl\u00e1ra. Feles\u00e9ge G\u00e1bos Sarolta, testnevel\u0151 tan\u00e1r (1949). L\u00e1nyaik: Adrienn (1954) tan\u00e1r, Annam\u00e1ria (1956) fogorvos. \u2013 N\u00e9gy elemit Bar\u00f3ton v\u00e9gzett osztatlan rom\u00e1n tannyelv\u0171 oszt\u00e1lyban, k\u00f6z\u00e9piskol\u00e1it Segesv\u00e1rt kezdte szint\u00e9n rom\u00e1n nyelven, Kv.-on a piarista F\u0151gimn.-ban \u00e9retts\u00e9gizett (1942); a soproni [&hellip;]<\/p>\n","protected":false},"featured_media":0,"comment_status":"open","ping_status":"closed","template":"","meta":[],"product_brand":[],"product_cat":[137],"product_tag":[],"class_list":{"0":"post-11086","1":"product","2":"type-product","3":"status-publish","5":"product_cat-maros-megyei-eletrajzi-lexikon","7":"first","8":"instock","9":"shipping-taxable","10":"product-type-simple"},"_links":{"self":[{"href":"https:\/\/uj.adatbank.ro\/lexikon\/wp-json\/wp\/v2\/product\/11086","targetHints":{"allow":["GET"]}}],"collection":[{"href":"https:\/\/uj.adatbank.ro\/lexikon\/wp-json\/wp\/v2\/product"}],"about":[{"href":"https:\/\/uj.adatbank.ro\/lexikon\/wp-json\/wp\/v2\/types\/product"}],"replies":[{"embeddable":true,"href":"https:\/\/uj.adatbank.ro\/lexikon\/wp-json\/wp\/v2\/comments?post=11086"}],"wp:attachment":[{"href":"https:\/\/uj.adatbank.ro\/lexikon\/wp-json\/wp\/v2\/media?parent=11086"}],"wp:term":[{"taxonomy":"product_brand","embeddable":true,"href":"https:\/\/uj.adatbank.ro\/lexikon\/wp-json\/wp\/v2\/product_brand?post=11086"},{"taxonomy":"product_cat","embeddable":true,"href":"https:\/\/uj.adatbank.ro\/lexikon\/wp-json\/wp\/v2\/product_cat?post=11086"},{"taxonomy":"product_tag","embeddable":true,"href":"https:\/\/uj.adatbank.ro\/lexikon\/wp-json\/wp\/v2\/product_tag?post=11086"}],"curies":[{"name":"wp","href":"https:\/\/api.w.org\/{rel}","templated":true}]}}

KÁDÁR Zsombor, §

<p>Barót, 1923. júl. 31., † Mv., 2007. máj. 10.: erdőmérnök, erdészettörténész. – Szülei: apja kórházorvos Baróton, felesége Hosszú Klára. Felesége Gábos Sarolta, testnevelő tanár (1949). Lányaik: Adrienn (1954) tanár, Annamária (1956) fogorvos. – Négy elemit Baróton végzett osztatlan román tannyelvű osztályban, középiskoláit Segesvárt kezdte szintén román nyelven, Kv.-on a piarista Főgimn.-ban érettségizett (1942); a soproni József Nádor Műszaki és Gazdaságtudományi Egyetem Bánya-, Kohó-, Erdőmérnöki Karán szerzett oklevelet (1947). A Zalaegerszegi Erdőigazgatóság gyakornoka (1947–48). A mv.-i Állami Erdőipari Vállalat IPEIL mérnöke (1948); tanár a kézdivásárhelyi erdészeti műszaki középiskolában (1948–54), csíkszeredai Erdőipari Technikumban (1954–55). Mv.-en a Tartományi Erdőigazgatóság tervezőmérnöke (1955–56); állami. munkavédelmi felügyelő (1966–83); nyugalomba vonult (1983). Tevékeny részt vállalt a romániai m. erdészeti és munkavédelmi irodalom megteremtésében; kutatási területe: m. és román erdészeti, vadászati és faipari terminológia, ergonómia, erdészettörténet. Tanulmányai <strong>Cikkei:</strong> Korunk, Revista Pădurilor, Revistă Protecţia Muncii, V. Z., Nú -ban. A Mérnökök és Technikusok Egyesületének tagja. Az EME, Jakó Zsigmond és Imreh István akad. prof. -ok által kezdeményezett a Székelyföld erdészettörténete c. munkájáért II. díjjal jutalmazták (1993); Pro Univarsitate Soproniensi kitüntetettje, a Soproni Erdészeti és Faipari Egyetemhez fűződő szakmai kapcsolatáért és kiemelkedő erdészeti szakírói tevékenységéért (1994); az Ember az Erdőért Alapítvány díja (1999). – <strong>F. m.:</strong> Erdőbecslés (Buk., 1954); Erdővédelem (Buk., 1956); Erdei és mezei utak (Buk., 1961.); Folosirea plăcilor fibrolemnoase a placajului la confecţionarea ambalajelor din lemn. Experienţa unităţilor de industrializare a lemnului din Regiunea Mureş Autonomă Maghiară (Buc., 1965); Jakab Elek és az erdészettörténet; Román-magyar erdészeti és faipari szótár = Dicţionar forestier român-maghiar (Buc., 1973); Magyar-román erdészeti és faipari szótár = Dicţionar forestier maghiar-român. (Buc., 1979); Vigyázat, balesetveszély ! (Buk., 1985); S0zékelyföldi erdészet – és faipartörténeti jegyzetek (Bp., 1993); A Székelyföld erdészettörténete: [Rövid áttekintés az 1400-as évektől 1948-ig. ]. (Bp., 1994); Székelyföldi erdészeti arcképcsarnok (Bp., 1999); Erdő és nyelv (Bp., 1999); <strong>társsz.:</strong> Erdőművelés (Jaszenovics Lászlóval; Buk., 1955); Erdészeti zsebkönyv (Buk., 1958–1959); Construirea podeţelor monolite cu lumina de 2…8 m, pentru drumuri forestiere, prin folosirea elementelor prefabricate din beton armat: Experienţa intreprinderilor forestiere din Regiunea Mureş Autonomă Maghiară (Kerekes Th., E. Batea; Buc., 1964); Dicţionar forestier poliglot: hatnyelvű [ m. és német nyelv Kádár Zs. ] (Buk, 1965); Munkavédelem (Deák Istvánnal; Csíkszereda, 1972); Ergonómiai ismeretek (Deák Istvánnal; Buk, 1976); Az egykori Maros-Torda vármegye közbirtokosságai = A Maros megyei magyarság történetéből (Mv, 1997); A székelyföldi erdészet és faipar: Történeti kronológia (Pál-Antal S. -ral; Mv., 2002). <br /><strong>Irod.:</strong> Ajtay László: Szeretetteljes alázattal (Nú., 1999. szept. 4.); EMKK; Fülöp; Gyökerek és lombok. Erdészportrék. 2 köt. Szerk. riporter Pápai Gábor. (Bp., 2002); KKACs; Megemlékezés K. Zs.-ról (1923–2007) = Oroszi Sándor: Sárguló levelek között (Bp., 2008); RMIL, RMKK; Todea–Fülöp–Avram</br></p>

<p>Barót, 1923. júl. 31., † Mv., 2007. máj. 10.: erdőmérnök, erdészettörténész. – Szülei: apja kórházorvos Baróton, felesége Hosszú Klára. Felesége Gábos Sarolta, testnevelő tanár (1949). Lányaik: Adrienn (1954) tanár, Annamária (1956) fogorvos. – Négy elemit Baróton végzett osztatlan román tannyelvű osztályban, középiskoláit Segesvárt kezdte szintén román nyelven, Kv.-on a piarista Főgimn.-ban érettségizett (1942); a soproni [&hellip;]</p>
