{"id":11087,"date":"2025-06-29T13:41:26","date_gmt":"2025-06-29T11:41:26","guid":{"rendered":"https:\/\/uj.adatbank.ro\/lexikon\/termek\/kafka-ferenc-szergius-p\/"},"modified":"2025-06-29T13:41:26","modified_gmt":"2025-06-29T11:41:26","slug":"kafka-ferenc-szergius-p","status":"publish","type":"product","link":"https:\/\/uj.adatbank.ro\/lexikon\/termek\/kafka-ferenc-szergius-p\/","title":{"rendered":"KAFKA Ferenc Szergius, P."},"content":{"rendered":"<p>Mikh\u00e1za, 1894. \u00e1pr. 14., \u2020 ? : ferences szerzetes. \u2013 Be\u00f6lt\u00f6z\u00f6tt (1910. aug. 21.), egyszer\u0171 fogadalmat (1910. aug. 21.), \u00fcnnep\u00e9lyes fogadalmat tett (1911. aug. 22.). <br \/><strong>Irod.:<\/strong> Gy\u00f6rgy: A ferencrendiek<\/br><\/p>\n","protected":false},"excerpt":{"rendered":"<p>Mikh\u00e1za, 1894. \u00e1pr. 14., \u2020 ? : ferences szerzetes. \u2013 Be\u00f6lt\u00f6z\u00f6tt (1910. aug. 21.), egyszer\u0171 fogadalmat (1910. aug. 21.), \u00fcnnep\u00e9lyes fogadalmat tett (1911. aug. 22.). Irod.: Gy\u00f6rgy: A ferencrendiek<\/p>\n","protected":false},"featured_media":0,"comment_status":"open","ping_status":"closed","template":"","meta":[],"product_brand":[],"product_cat":[137],"product_tag":[],"class_list":{"0":"post-11087","1":"product","2":"type-product","3":"status-publish","5":"product_cat-maros-megyei-eletrajzi-lexikon","7":"first","8":"instock","9":"shipping-taxable","10":"product-type-simple"},"_links":{"self":[{"href":"https:\/\/uj.adatbank.ro\/lexikon\/wp-json\/wp\/v2\/product\/11087","targetHints":{"allow":["GET"]}}],"collection":[{"href":"https:\/\/uj.adatbank.ro\/lexikon\/wp-json\/wp\/v2\/product"}],"about":[{"href":"https:\/\/uj.adatbank.ro\/lexikon\/wp-json\/wp\/v2\/types\/product"}],"replies":[{"embeddable":true,"href":"https:\/\/uj.adatbank.ro\/lexikon\/wp-json\/wp\/v2\/comments?post=11087"}],"wp:attachment":[{"href":"https:\/\/uj.adatbank.ro\/lexikon\/wp-json\/wp\/v2\/media?parent=11087"}],"wp:term":[{"taxonomy":"product_brand","embeddable":true,"href":"https:\/\/uj.adatbank.ro\/lexikon\/wp-json\/wp\/v2\/product_brand?post=11087"},{"taxonomy":"product_cat","embeddable":true,"href":"https:\/\/uj.adatbank.ro\/lexikon\/wp-json\/wp\/v2\/product_cat?post=11087"},{"taxonomy":"product_tag","embeddable":true,"href":"https:\/\/uj.adatbank.ro\/lexikon\/wp-json\/wp\/v2\/product_tag?post=11087"}],"curies":[{"name":"wp","href":"https:\/\/api.w.org\/{rel}","templated":true}]}}