{"id":11089,"date":"2025-06-29T13:41:29","date_gmt":"2025-06-29T11:41:29","guid":{"rendered":"https:\/\/uj.adatbank.ro\/lexikon\/termek\/kahana-mozes-alnevei-gyergyai-zoltan-joel-bela-koves-miklos-terito-pal-teo-zare\/"},"modified":"2025-06-29T13:41:29","modified_gmt":"2025-06-29T11:41:29","slug":"kahana-mozes-alnevei-gyergyai-zoltan-joel-bela-koves-miklos-terito-pal-teo-zare","status":"publish","type":"product","link":"https:\/\/uj.adatbank.ro\/lexikon\/termek\/kahana-mozes-alnevei-gyergyai-zoltan-joel-bela-koves-miklos-terito-pal-teo-zare\/","title":{"rendered":"KAH\u00c1NA M\u00f3zes, \u00c1lnevei: Gyergyai Zolt\u00e1n, Joel B\u00e9la, K\u00f6ves Mikl\u00f3s, T\u00e9r\u00edt\u0151 P\u00e1l, Teo Zare"},"content":{"rendered":"<p>Gyergy\u00f3b\u00e9k\u00e1s, 1897. nov. 26., \u2020 Bp., 1974. \u00e1pr. 11.: \u00edr\u00f3, k\u00f6lt\u0151, szerk., ford\u00edt\u00f3. \u2013 K\u00f6z\u00e9piskol\u00e1it Sepsiszentgy\u00f6rgy\u00f6n kezdte \u00e9s a mv.-i Fels\u0151kereskedelmi Iskol\u00e1ban \u00e9retts\u00e9gizett (1915). Kiker\u00fclt az olasz frontra (1916\u201318). R\u00e9szt vett a Tan\u00e1csk\u00f6zt\u00e1rsas\u00e1g fegyveres harcaiban, majd B\u00e9csbe emigr\u00e1lt \u00e9s ott Komj\u00e1t Alad\u00e1rral megalap\u00edtotta az Egys\u00e9g c. foly\u00f3iratot (1922). Mv.-en telepedett le mint faipari tisztvisel\u0151, bekapcsol\u00f3dott az illeg\u00e1lis kommunista mozgalomba (1922\u2013), az El\u0151re c. munk\u00e1smozgalmi lap szerkeszt\u00e9s\u00e9be; a lap betilt\u00e1sa ut\u00e1n Buk. -be k\u00f6lt\u00f6z\u00f6tt, ahol a Munk\u00e1s szerk.-je (1923\u2013): politikai cikkeket \u00e9s besz\u00e1mol\u00f3kat \u00edrt; az illeg\u00e1lis RKP KB tagja (1924\u2013). A J\u00f6v\u0151 T\u00e1rsadalma c. foly\u00f3irat (1925\u201327), a Korunk munkat\u00e1rsa. A kommunista tev\u00e9kenys\u00e9ge miatt letart\u00f3ztatt\u00e1k (1926\u2013), 7 \u00e9vi b\u00f6rt\u00f6nb\u00fcntet\u00e9sre \u00edt\u00e9lt\u00e9k; a doftanai b\u00f6rt\u00f6nben raboskodott, egyik brass\u00f3i kihallgat\u00e1sa sor\u00e1n sikertelen\u00fcl sz\u00f6kni pr\u00f3b\u00e1lt, menek\u00fcl\u00e9s k\u00f6zben l\u00f6v\u00e9s \u00e9rte, emiatt egyik l\u00e1b\u00e1t amput\u00e1lni kellett, majd a Forradalmi \u00cdr\u00f3k Nemzetk\u00f6zi Sz\u00f6vets\u00e9ge k\u00f6zbenj\u00e1r\u00e1s\u00e1ra szabadon engedt\u00e9k (1929). Berlinben, Moszkv\u00e1ban (1931\u2013); P\u00e1rizsban \u00e9lt (1935\u2013). Hazat\u00e9r\u00e9se (1937) ut\u00e1n politikai cikkekkel, irodalmi munk\u00e1kkal jelentkezett a Korunkban; visszat\u00e9rt a SZU. -ba (1940) Kisinyovban, Moszkv\u00e1ban (1956\u201359) dolgozott, itt el\u0151k\u00e9sz\u00edtte az orosz-m. sz\u00f3t\u00e1r\u00e1t (1959); \u00e9let\u00e9nek utols\u00f3 \u00e9vtized\u00e9ben Bp.-en \u00e9lt (1969\u2013), sajt\u00f3 al\u00e1 rendezte kor\u00e1bbi munk\u00e1it. Els\u0151 verseit a mv.-i T\u00fck\u00f6r, majd Kass\u00e1k Ma c. foly\u00f3irata k\u00f6z\u00f6lte (1916). M\u0171vei m., rom\u00e1n, n\u00e9met \u00e9s orosz nyelven jelentek meg. \u2013 <strong>F. m.:<\/strong> Universum (versek; Bp., 1918); \u00c9n, te, \u0151 (versek; B\u00e9cs, 1921); T\u00fal a politik\u00e1n (versek; B\u00e9cs, 1921); A mozgalom (1923); Taktika (reg.; Moszkva, 1932); A K\u00e1rp\u00e1tok alatt (elb.; Moszkva, 1932); Hat nap \u00e9s a hetedik (K\u00f6ves Mikl\u00f3s n\u00e9ven; reg.; Kv., 1940; Kah\u00e1na M\u00f3zes n\u00e9ven; Buk., 1956, 1978); Biharv\u00e1ri taktika (Bp., 1965); F\u00f6ld\u00f6n, f\u00f6ld alatt (reg.; Bp., 1967); Legyen m\u00e1sk\u00e9nt (reg.; Bp., 1967); Szabads\u00e1g, szerelem (reg., Bp., 1968); Iratlan k\u00f6nyvek k\u00f6nyve (1969); Tarackos: Prolet\u00e1rreg\u00e9ny Csibi Bal\u00e1zs \u00e9s t\u00e1rsai tarackosi kommunista f\u0171r\u00e9szgy\u00e1ri munk\u00e1sok elmond\u00e1s\u00e1b\u00f3l szabadon elbesz\u00e9lve (Bp., 1971); Sz\u00e9lhordta magyarok (novell\u00e1k; Bp., 1971); A boldog \u00e9let k\u00f6nyve (\u00f6n\u00e9letrajzi reg.; Bp., 1972); \u015ease zile \u015fi a \u015faptea (ford. Remus Luca; Buc., 1972); S\u00f3v\u00e1rg\u00e1sok k\u00f6nyve (\u00f6n\u00e9letrajzi reg.; Bp., 1973); K\u00e9t n\u0151 egy k\u00e9pben (v\u00e1l. elb.; Bp., 1974); Nagy id\u0151nek kis embere ( eml\u00e9kez\u00e9sek; Bp., 1977); Nyugtalan esztend\u0151 (Bp., 1977); Tarackos. \u2013 Hat nap \u00e9s a hetedik (reg., elb.; Buk., 1978); <strong>ford.:<\/strong> V\u00edzes\u00e9s (antol\u00f3gia; Bp., 1971). <br \/><strong>Irod.:<\/strong> Kusz\u00e1lik; Pomog\u00e1ts; RMIL; \u00daM\u00c9L<\/br><\/p>\n","protected":false},"excerpt":{"rendered":"<p>Gyergy\u00f3b\u00e9k\u00e1s, 1897. nov. 26., \u2020 Bp., 1974. \u00e1pr. 11.: \u00edr\u00f3, k\u00f6lt\u0151, szerk., ford\u00edt\u00f3. \u2013 K\u00f6z\u00e9piskol\u00e1it Sepsiszentgy\u00f6rgy\u00f6n kezdte \u00e9s a mv.-i Fels\u0151kereskedelmi Iskol\u00e1ban \u00e9retts\u00e9gizett (1915). Kiker\u00fclt az olasz frontra (1916\u201318). R\u00e9szt vett a Tan\u00e1csk\u00f6zt\u00e1rsas\u00e1g fegyveres harcaiban, majd B\u00e9csbe emigr\u00e1lt \u00e9s ott Komj\u00e1t Alad\u00e1rral megalap\u00edtotta az Egys\u00e9g c. foly\u00f3iratot (1922). Mv.-en telepedett le mint faipari tisztvisel\u0151, bekapcsol\u00f3dott [&hellip;]<\/p>\n","protected":false},"featured_media":0,"comment_status":"open","ping_status":"closed","template":"","meta":[],"product_brand":[],"product_cat":[137],"product_tag":[],"class_list":{"0":"post-11089","1":"product","2":"type-product","3":"status-publish","5":"product_cat-maros-megyei-eletrajzi-lexikon","7":"first","8":"instock","9":"shipping-taxable","10":"product-type-simple"},"_links":{"self":[{"href":"https:\/\/uj.adatbank.ro\/lexikon\/wp-json\/wp\/v2\/product\/11089","targetHints":{"allow":["GET"]}}],"collection":[{"href":"https:\/\/uj.adatbank.ro\/lexikon\/wp-json\/wp\/v2\/product"}],"about":[{"href":"https:\/\/uj.adatbank.ro\/lexikon\/wp-json\/wp\/v2\/types\/product"}],"replies":[{"embeddable":true,"href":"https:\/\/uj.adatbank.ro\/lexikon\/wp-json\/wp\/v2\/comments?post=11089"}],"wp:attachment":[{"href":"https:\/\/uj.adatbank.ro\/lexikon\/wp-json\/wp\/v2\/media?parent=11089"}],"wp:term":[{"taxonomy":"product_brand","embeddable":true,"href":"https:\/\/uj.adatbank.ro\/lexikon\/wp-json\/wp\/v2\/product_brand?post=11089"},{"taxonomy":"product_cat","embeddable":true,"href":"https:\/\/uj.adatbank.ro\/lexikon\/wp-json\/wp\/v2\/product_cat?post=11089"},{"taxonomy":"product_tag","embeddable":true,"href":"https:\/\/uj.adatbank.ro\/lexikon\/wp-json\/wp\/v2\/product_tag?post=11089"}],"curies":[{"name":"wp","href":"https:\/\/api.w.org\/{rel}","templated":true}]}}

KAHÁNA Mózes, Álnevei: Gyergyai Zoltán, Joel Béla, Köves Miklós, Térítő Pál, Teo Zare

<p>Gyergyóbékás, 1897. nov. 26., † Bp., 1974. ápr. 11.: író, költő, szerk., fordító. – Középiskoláit Sepsiszentgyörgyön kezdte és a mv.-i Felsőkereskedelmi Iskolában érettségizett (1915). Kikerült az olasz frontra (1916–18). Részt vett a Tanácsköztársaság fegyveres harcaiban, majd Bécsbe emigrált és ott Komját Aladárral megalapította az Egység c. folyóiratot (1922). Mv.-en telepedett le mint faipari tisztviselő, bekapcsolódott az illegális kommunista mozgalomba (1922–), az Előre c. munkásmozgalmi lap szerkesztésébe; a lap betiltása után Buk. -be költözött, ahol a Munkás szerk.-je (1923–): politikai cikkeket és beszámolókat írt; az illegális RKP KB tagja (1924–). A Jövő Társadalma c. folyóirat (1925–27), a Korunk munkatársa. A kommunista tevékenysége miatt letartóztatták (1926–), 7 évi börtönbüntetésre ítélték; a doftanai börtönben raboskodott, egyik brassói kihallgatása során sikertelenül szökni próbált, menekülés közben lövés érte, emiatt egyik lábát amputálni kellett, majd a Forradalmi Írók Nemzetközi Szövetsége közbenjárására szabadon engedték (1929). Berlinben, Moszkvában (1931–); Párizsban élt (1935–). Hazatérése (1937) után politikai cikkekkel, irodalmi munkákkal jelentkezett a Korunkban; visszatért a SZU. -ba (1940) Kisinyovban, Moszkvában (1956–59) dolgozott, itt előkészítte az orosz-m. szótárát (1959); életének utolsó évtizedében Bp.-en élt (1969–), sajtó alá rendezte korábbi munkáit. Első verseit a mv.-i Tükör, majd Kassák Ma c. folyóirata közölte (1916). Művei m., román, német és orosz nyelven jelentek meg. – <strong>F. m.:</strong> Universum (versek; Bp., 1918); Én, te, ő (versek; Bécs, 1921); Túl a politikán (versek; Bécs, 1921); A mozgalom (1923); Taktika (reg.; Moszkva, 1932); A Kárpátok alatt (elb.; Moszkva, 1932); Hat nap és a hetedik (Köves Miklós néven; reg.; Kv., 1940; Kahána Mózes néven; Buk., 1956, 1978); Biharvári taktika (Bp., 1965); Földön, föld alatt (reg.; Bp., 1967); Legyen másként (reg.; Bp., 1967); Szabadság, szerelem (reg., Bp., 1968); Iratlan könyvek könyve (1969); Tarackos: Proletárregény Csibi Balázs és társai tarackosi kommunista fűrészgyári munkások elmondásából szabadon elbeszélve (Bp., 1971); Szélhordta magyarok (novellák; Bp., 1971); A boldog élet könyve (önéletrajzi reg.; Bp., 1972); Şase zile şi a şaptea (ford. Remus Luca; Buc., 1972); Sóvárgások könyve (önéletrajzi reg.; Bp., 1973); Két nő egy képben (vál. elb.; Bp., 1974); Nagy időnek kis embere ( emlékezések; Bp., 1977); Nyugtalan esztendő (Bp., 1977); Tarackos. – Hat nap és a hetedik (reg., elb.; Buk., 1978); <strong>ford.:</strong> Vízesés (antológia; Bp., 1971). <br /><strong>Irod.:</strong> Kuszálik; Pomogáts; RMIL; ÚMÉL</br></p>

<p>Gyergyóbékás, 1897. nov. 26., † Bp., 1974. ápr. 11.: író, költő, szerk., fordító. – Középiskoláit Sepsiszentgyörgyön kezdte és a mv.-i Felsőkereskedelmi Iskolában érettségizett (1915). Kikerült az olasz frontra (1916–18). Részt vett a Tanácsköztársaság fegyveres harcaiban, majd Bécsbe emigrált és ott Komját Aladárral megalapította az Egység c. folyóiratot (1922). Mv.-en telepedett le mint faipari tisztviselő, bekapcsolódott [&hellip;]</p>
