{"id":11092,"date":"2025-06-29T13:41:35","date_gmt":"2025-06-29T11:41:35","guid":{"rendered":"https:\/\/uj.adatbank.ro\/lexikon\/termek\/kajcsa-jakab\/"},"modified":"2025-06-29T13:41:35","modified_gmt":"2025-06-29T11:41:35","slug":"kajcsa-jakab","status":"publish","type":"product","link":"https:\/\/uj.adatbank.ro\/lexikon\/termek\/kajcsa-jakab\/","title":{"rendered":"KAJCSA Jakab"},"content":{"rendered":"<p>1892., \u2020 Ny\u00e1r\u00e1dk\u00f6szv\u00e9nyes, 1970.: ezermester, farag\u00f3, k\u00e1ntor. \u2013 Ny\u00e1r\u00e1dk\u00f6szv\u00e9nyesen m\u0171v\u00e9szi farag\u00e1s\u00fa sz\u00e9kely kapukat k\u00e9sz\u00edtett. Szabadk\u00e9zzel rajzolta \u00e9s faragta az \u00faj, m\u00e9g nem haszn\u00e1lt, m\u00e9lyen bev\u00e9sett d\u00edsz\u00edt\u0151elemeket. A kapukon k\u00edv\u00fcl, fa- \u00e9s v\u00e1lyogh\u00e1zakat is \u00e9p\u00edtett. A k\u00e1ntori teend\u0151ket is ell\u00e1tta (1948\u2013). A k\u00f6rnyez\u0151 falvakban Dem\u00e9nyh\u00e1z\u00e1n, Kend\u0151ben, M\u00e1rkodon, Tomp\u00e1n \u00e9s Sz\u00e9kelyk\u00e1lban is vannak \u00e1ltala k\u00e9sz\u00edtett kapuk. <br \/><strong>Irod.:<\/strong> Banner 1995; L\u00e1szl\u00f3 \u00c1rp\u00e1d: Ny\u00e1r\u00e1dk\u00f6szv\u00e9nyes kapufarag\u00f3i I.: Kajcsa Jakab (\u00d6r\u00f6ks\u00e9g\u00fcnk, 1. sz., 2010)<\/br><\/p>\n","protected":false},"excerpt":{"rendered":"<p>1892., \u2020 Ny\u00e1r\u00e1dk\u00f6szv\u00e9nyes, 1970.: ezermester, farag\u00f3, k\u00e1ntor. \u2013 Ny\u00e1r\u00e1dk\u00f6szv\u00e9nyesen m\u0171v\u00e9szi farag\u00e1s\u00fa sz\u00e9kely kapukat k\u00e9sz\u00edtett. Szabadk\u00e9zzel rajzolta \u00e9s faragta az \u00faj, m\u00e9g nem haszn\u00e1lt, m\u00e9lyen bev\u00e9sett d\u00edsz\u00edt\u0151elemeket. A kapukon k\u00edv\u00fcl, fa- \u00e9s v\u00e1lyogh\u00e1zakat is \u00e9p\u00edtett. A k\u00e1ntori teend\u0151ket is ell\u00e1tta (1948\u2013). A k\u00f6rnyez\u0151 falvakban Dem\u00e9nyh\u00e1z\u00e1n, Kend\u0151ben, M\u00e1rkodon, Tomp\u00e1n \u00e9s Sz\u00e9kelyk\u00e1lban is vannak \u00e1ltala k\u00e9sz\u00edtett kapuk. Irod.: [&hellip;]<\/p>\n","protected":false},"featured_media":0,"comment_status":"open","ping_status":"closed","template":"","meta":[],"product_brand":[],"product_cat":[137],"product_tag":[],"class_list":{"0":"post-11092","1":"product","2":"type-product","3":"status-publish","5":"product_cat-maros-megyei-eletrajzi-lexikon","7":"first","8":"instock","9":"shipping-taxable","10":"product-type-simple"},"_links":{"self":[{"href":"https:\/\/uj.adatbank.ro\/lexikon\/wp-json\/wp\/v2\/product\/11092","targetHints":{"allow":["GET"]}}],"collection":[{"href":"https:\/\/uj.adatbank.ro\/lexikon\/wp-json\/wp\/v2\/product"}],"about":[{"href":"https:\/\/uj.adatbank.ro\/lexikon\/wp-json\/wp\/v2\/types\/product"}],"replies":[{"embeddable":true,"href":"https:\/\/uj.adatbank.ro\/lexikon\/wp-json\/wp\/v2\/comments?post=11092"}],"wp:attachment":[{"href":"https:\/\/uj.adatbank.ro\/lexikon\/wp-json\/wp\/v2\/media?parent=11092"}],"wp:term":[{"taxonomy":"product_brand","embeddable":true,"href":"https:\/\/uj.adatbank.ro\/lexikon\/wp-json\/wp\/v2\/product_brand?post=11092"},{"taxonomy":"product_cat","embeddable":true,"href":"https:\/\/uj.adatbank.ro\/lexikon\/wp-json\/wp\/v2\/product_cat?post=11092"},{"taxonomy":"product_tag","embeddable":true,"href":"https:\/\/uj.adatbank.ro\/lexikon\/wp-json\/wp\/v2\/product_tag?post=11092"}],"curies":[{"name":"wp","href":"https:\/\/api.w.org\/{rel}","templated":true}]}}

<p>1892., † Nyárádköszvényes, 1970.: ezermester, faragó, kántor. – Nyárádköszvényesen művészi faragású székely kapukat készített. Szabadkézzel rajzolta és faragta az új, még nem használt, mélyen bevésett díszítőelemeket. A kapukon kívül, fa- és vályogházakat is épített. A kántori teendőket is ellátta (1948–). A környező falvakban Deményházán, Kendőben, Márkodon, Tompán és Székelykálban is vannak általa készített kapuk. <br /><strong>Irod.:</strong> Banner 1995; László Árpád: Nyárádköszvényes kapufaragói I.: Kajcsa Jakab (Örökségünk, 1. sz., 2010)</br></p>

<p>1892., † Nyárádköszvényes, 1970.: ezermester, faragó, kántor. – Nyárádköszvényesen művészi faragású székely kapukat készített. Szabadkézzel rajzolta és faragta az új, még nem használt, mélyen bevésett díszítőelemeket. A kapukon kívül, fa- és vályogházakat is épített. A kántori teendőket is ellátta (1948–). A környező falvakban Deményházán, Kendőben, Márkodon, Tompán és Székelykálban is vannak általa készített kapuk. Irod.: [&hellip;]</p>
