{"id":11096,"date":"2025-06-29T13:41:42","date_gmt":"2025-06-29T11:41:42","guid":{"rendered":"https:\/\/uj.adatbank.ro\/lexikon\/termek\/kajtsa-ferenc-kajcsa-ferenc\/"},"modified":"2025-06-29T13:41:42","modified_gmt":"2025-06-29T11:41:42","slug":"kajtsa-ferenc-kajcsa-ferenc","status":"publish","type":"product","link":"https:\/\/uj.adatbank.ro\/lexikon\/termek\/kajtsa-ferenc-kajcsa-ferenc\/","title":{"rendered":"KAJTSA Ferenc, Kajcsa Ferenc"},"content":{"rendered":"<p>Cs\u00edkkozm\u00e1s, 1904. nov. 14. \u2020 Tusn\u00e1df\u00fcrd\u0151, 1980. jan. 16.: r. k. pap, k\u00f6lt\u0151. \u2013 A cs\u00edkszeredai R. K. F\u0151gimn.-ban \u00e9retts\u00e9gizett (1924), n\u00e9h\u00e1ny \u00e9vig hivatalnok, majd Gyulafeh\u00e9rv\u00e1ron teol\u00f3gi\u00e1t v\u00e9gzett (1934). Gyulafeh\u00e9rv\u00e1ron szentelt\u00e9k papp\u00e1 (1934. j\u00fan. 29). Zetelak\u00e1n \u00e9s Kv.-on k\u00e1pl\u00e1n (1934\u201335). P\u00e1rizsban folytatta tanulm\u00e1nyait (1936\u201337). Kaj\u00e1nt\u00f3n lelkip\u00e1sztor (1937), Kv.-on k\u00e1pl\u00e1n \u00e9s hitoktat\u00f3 (1937). Pl\u00e9b\u00e1nos Aranyosgy\u00e9resen, Als\u00f3csern\u00e1tonban. Mv.-en esperes (1952\u201355), a p\u00fcsp\u00f6k felmentette \u00e9s \u00e1thelyezte Maros\u00fajv\u00e1rra, de nem foglalta el hely\u00e9t. Tusn\u00e1df\u00fcrd\u0151n volt (1974\u2013). A Csiki Lapok munkat\u00e1rsa. \u2013 <strong>F. m.:<\/strong> Gyop\u00e1r a Hargit\u00e1r\u00f3l (Versek; Kv., 1927); A Hargita dalai (Kv., 1928). <br \/><strong>Irod.:<\/strong> Ferenczi S\u00e1ndor 2009; L\u00e9sty\u00e1n Ferenc: Mv. katolikus egyh\u00e1za a kommunista elnyom\u00e1s idej\u00e9n (Kv., 2007); Maros-k\u00fck\u00fcll\u0151i f\u0151esp.; RMIL<\/br><\/p>\n","protected":false},"excerpt":{"rendered":"<p>Cs\u00edkkozm\u00e1s, 1904. nov. 14. \u2020 Tusn\u00e1df\u00fcrd\u0151, 1980. jan. 16.: r. k. pap, k\u00f6lt\u0151. \u2013 A cs\u00edkszeredai R. K. F\u0151gimn.-ban \u00e9retts\u00e9gizett (1924), n\u00e9h\u00e1ny \u00e9vig hivatalnok, majd Gyulafeh\u00e9rv\u00e1ron teol\u00f3gi\u00e1t v\u00e9gzett (1934). Gyulafeh\u00e9rv\u00e1ron szentelt\u00e9k papp\u00e1 (1934. j\u00fan. 29). Zetelak\u00e1n \u00e9s Kv.-on k\u00e1pl\u00e1n (1934\u201335). P\u00e1rizsban folytatta tanulm\u00e1nyait (1936\u201337). Kaj\u00e1nt\u00f3n lelkip\u00e1sztor (1937), Kv.-on k\u00e1pl\u00e1n \u00e9s hitoktat\u00f3 (1937). Pl\u00e9b\u00e1nos Aranyosgy\u00e9resen, Als\u00f3csern\u00e1tonban. [&hellip;]<\/p>\n","protected":false},"featured_media":0,"comment_status":"open","ping_status":"closed","template":"","meta":[],"product_brand":[],"product_cat":[137],"product_tag":[],"class_list":{"0":"post-11096","1":"product","2":"type-product","3":"status-publish","5":"product_cat-maros-megyei-eletrajzi-lexikon","7":"first","8":"instock","9":"shipping-taxable","10":"product-type-simple"},"_links":{"self":[{"href":"https:\/\/uj.adatbank.ro\/lexikon\/wp-json\/wp\/v2\/product\/11096","targetHints":{"allow":["GET"]}}],"collection":[{"href":"https:\/\/uj.adatbank.ro\/lexikon\/wp-json\/wp\/v2\/product"}],"about":[{"href":"https:\/\/uj.adatbank.ro\/lexikon\/wp-json\/wp\/v2\/types\/product"}],"replies":[{"embeddable":true,"href":"https:\/\/uj.adatbank.ro\/lexikon\/wp-json\/wp\/v2\/comments?post=11096"}],"wp:attachment":[{"href":"https:\/\/uj.adatbank.ro\/lexikon\/wp-json\/wp\/v2\/media?parent=11096"}],"wp:term":[{"taxonomy":"product_brand","embeddable":true,"href":"https:\/\/uj.adatbank.ro\/lexikon\/wp-json\/wp\/v2\/product_brand?post=11096"},{"taxonomy":"product_cat","embeddable":true,"href":"https:\/\/uj.adatbank.ro\/lexikon\/wp-json\/wp\/v2\/product_cat?post=11096"},{"taxonomy":"product_tag","embeddable":true,"href":"https:\/\/uj.adatbank.ro\/lexikon\/wp-json\/wp\/v2\/product_tag?post=11096"}],"curies":[{"name":"wp","href":"https:\/\/api.w.org\/{rel}","templated":true}]}}

<p>Csíkkozmás, 1904. nov. 14. † Tusnádfürdő, 1980. jan. 16.: r. k. pap, költő. – A csíkszeredai R. K. Főgimn.-ban érettségizett (1924), néhány évig hivatalnok, majd Gyulafehérváron teológiát végzett (1934). Gyulafehérváron szentelték pappá (1934. jún. 29). Zetelakán és Kv.-on káplán (1934–35). Párizsban folytatta tanulmányait (1936–37). Kajántón lelkipásztor (1937), Kv.-on káplán és hitoktató (1937). Plébános Aranyosgyéresen, Alsócsernátonban. Mv.-en esperes (1952–55), a püspök felmentette és áthelyezte Marosújvárra, de nem foglalta el helyét. Tusnádfürdőn volt (1974–). A Csiki Lapok munkatársa. – <strong>F. m.:</strong> Gyopár a Hargitáról (Versek; Kv., 1927); A Hargita dalai (Kv., 1928). <br /><strong>Irod.:</strong> Ferenczi Sándor 2009; Léstyán Ferenc: Mv. katolikus egyháza a kommunista elnyomás idején (Kv., 2007); Maros-küküllői főesp.; RMIL</br></p>

<p>Csíkkozmás, 1904. nov. 14. † Tusnádfürdő, 1980. jan. 16.: r. k. pap, költő. – A csíkszeredai R. K. Főgimn.-ban érettségizett (1924), néhány évig hivatalnok, majd Gyulafehérváron teológiát végzett (1934). Gyulafehérváron szentelték pappá (1934. jún. 29). Zetelakán és Kv.-on káplán (1934–35). Párizsban folytatta tanulmányait (1936–37). Kajántón lelkipásztor (1937), Kv.-on káplán és hitoktató (1937). Plébános Aranyosgyéresen, Alsócsernátonban. [&hellip;]</p>
