{"id":11097,"date":"2025-06-29T13:41:46","date_gmt":"2025-06-29T11:41:46","guid":{"rendered":"https:\/\/uj.adatbank.ro\/lexikon\/termek\/kajtsa-laszlo\/"},"modified":"2025-06-29T13:41:46","modified_gmt":"2025-06-29T11:41:46","slug":"kajtsa-laszlo","status":"publish","type":"product","link":"https:\/\/uj.adatbank.ro\/lexikon\/termek\/kajtsa-laszlo\/","title":{"rendered":"KAJTSA L\u00e1szl\u00f3"},"content":{"rendered":"<p>Mikh\u00e1za, 1898. m\u00e1j. 27., \u2020 1970. dec. 14.: r. k. pap. \u2013 A gimn.-ot Mv.-en \u00e9s Gyulafeh\u00e9rv\u00e1ron, teol\u00f3gi\u00e1t Gyulafeh\u00e9rv\u00e1ron, B\u00e9csben v\u00e9gezte (1919). Mikh\u00e1z\u00e1n szentelt\u00e9k papp\u00e1 (1920. szept. 8.). K\u00e1pl\u00e1n Cs\u00edknagyboldogasszonyon (1920), Csat\u00f3szegen, Gyergy\u00f3szentmikl\u00f3son \u00e9s Mv.-en (1923). Pl\u00e9b\u00e1nos Gyergy\u00f3hodoson Egrest\u0151n (1929), \u00e9s Sz\u00e9kelyk\u00e1lon (1937\u201339), K\u00e1szonjakabfalv\u00e1n (1939), Cs\u00edkmindszentr\u0151l helyezt\u00e9k az \u00e1kosfalvi templomhoz nyugd\u00edjaztat\u00e1s\u00e1ig (1949\u201370). Ideiglenes megb\u00edz\u00e1st kapott a ny\u00e1r\u00e1dszenth\u00e1roms\u00e1gi pl\u00e9b\u00e1nia adminisztr\u00e1l\u00e1s\u00e1ra (1961. m\u00e1j. 4. \u2013), m\u00edg a lelkip\u00e1sztori munka v\u00e9gz\u00e9se a Petres K\u00e1roly feladata volt. Meg\u00edrta a Historia Domust (1970-ig). <br \/><strong>Irod.:<\/strong> Ferenczi S\u00e1ndor 2009; Ferenczi S\u00e1ndor 2012; Maros-k\u00fck\u00fcll\u0151i f\u0151esp<\/br><\/p>\n","protected":false},"excerpt":{"rendered":"<p>Mikh\u00e1za, 1898. m\u00e1j. 27., \u2020 1970. dec. 14.: r. k. pap. \u2013 A gimn.-ot Mv.-en \u00e9s Gyulafeh\u00e9rv\u00e1ron, teol\u00f3gi\u00e1t Gyulafeh\u00e9rv\u00e1ron, B\u00e9csben v\u00e9gezte (1919). Mikh\u00e1z\u00e1n szentelt\u00e9k papp\u00e1 (1920. szept. 8.). K\u00e1pl\u00e1n Cs\u00edknagyboldogasszonyon (1920), Csat\u00f3szegen, Gyergy\u00f3szentmikl\u00f3son \u00e9s Mv.-en (1923). Pl\u00e9b\u00e1nos Gyergy\u00f3hodoson Egrest\u0151n (1929), \u00e9s Sz\u00e9kelyk\u00e1lon (1937\u201339), K\u00e1szonjakabfalv\u00e1n (1939), Cs\u00edkmindszentr\u0151l helyezt\u00e9k az \u00e1kosfalvi templomhoz nyugd\u00edjaztat\u00e1s\u00e1ig (1949\u201370). Ideiglenes megb\u00edz\u00e1st kapott [&hellip;]<\/p>\n","protected":false},"featured_media":0,"comment_status":"open","ping_status":"closed","template":"","meta":[],"product_brand":[],"product_cat":[137],"product_tag":[],"class_list":{"0":"post-11097","1":"product","2":"type-product","3":"status-publish","5":"product_cat-maros-megyei-eletrajzi-lexikon","7":"first","8":"instock","9":"shipping-taxable","10":"product-type-simple"},"_links":{"self":[{"href":"https:\/\/uj.adatbank.ro\/lexikon\/wp-json\/wp\/v2\/product\/11097","targetHints":{"allow":["GET"]}}],"collection":[{"href":"https:\/\/uj.adatbank.ro\/lexikon\/wp-json\/wp\/v2\/product"}],"about":[{"href":"https:\/\/uj.adatbank.ro\/lexikon\/wp-json\/wp\/v2\/types\/product"}],"replies":[{"embeddable":true,"href":"https:\/\/uj.adatbank.ro\/lexikon\/wp-json\/wp\/v2\/comments?post=11097"}],"wp:attachment":[{"href":"https:\/\/uj.adatbank.ro\/lexikon\/wp-json\/wp\/v2\/media?parent=11097"}],"wp:term":[{"taxonomy":"product_brand","embeddable":true,"href":"https:\/\/uj.adatbank.ro\/lexikon\/wp-json\/wp\/v2\/product_brand?post=11097"},{"taxonomy":"product_cat","embeddable":true,"href":"https:\/\/uj.adatbank.ro\/lexikon\/wp-json\/wp\/v2\/product_cat?post=11097"},{"taxonomy":"product_tag","embeddable":true,"href":"https:\/\/uj.adatbank.ro\/lexikon\/wp-json\/wp\/v2\/product_tag?post=11097"}],"curies":[{"name":"wp","href":"https:\/\/api.w.org\/{rel}","templated":true}]}}

KAJTSA László

<p>Mikháza, 1898. máj. 27., † 1970. dec. 14.: r. k. pap. – A gimn.-ot Mv.-en és Gyulafehérváron, teológiát Gyulafehérváron, Bécsben végezte (1919). Mikházán szentelték pappá (1920. szept. 8.). Káplán Csíknagyboldogasszonyon (1920), Csatószegen, Gyergyószentmiklóson és Mv.-en (1923). Plébános Gyergyóhodoson Egrestőn (1929), és Székelykálon (1937–39), Kászonjakabfalván (1939), Csíkmindszentről helyezték az ákosfalvi templomhoz nyugdíjaztatásáig (1949–70). Ideiglenes megbízást kapott a nyárádszentháromsági plébánia adminisztrálására (1961. máj. 4. –), míg a lelkipásztori munka végzése a Petres Károly feladata volt. Megírta a Historia Domust (1970-ig). <br /><strong>Irod.:</strong> Ferenczi Sándor 2009; Ferenczi Sándor 2012; Maros-küküllői főesp</br></p>

<p>Mikháza, 1898. máj. 27., † 1970. dec. 14.: r. k. pap. – A gimn.-ot Mv.-en és Gyulafehérváron, teológiát Gyulafehérváron, Bécsben végezte (1919). Mikházán szentelték pappá (1920. szept. 8.). Káplán Csíknagyboldogasszonyon (1920), Csatószegen, Gyergyószentmiklóson és Mv.-en (1923). Plébános Gyergyóhodoson Egrestőn (1929), és Székelykálon (1937–39), Kászonjakabfalván (1939), Csíkmindszentről helyezték az ákosfalvi templomhoz nyugdíjaztatásáig (1949–70). Ideiglenes megbízást kapott [&hellip;]</p>
