{"id":11099,"date":"2025-06-29T13:41:49","date_gmt":"2025-06-29T11:41:49","guid":{"rendered":"https:\/\/uj.adatbank.ro\/lexikon\/termek\/kakas-istvan-pal-benedictus-natus-stephani-pauli-kakas-dicti-de-pand\/"},"modified":"2025-06-29T13:41:49","modified_gmt":"2025-06-29T11:41:49","slug":"kakas-istvan-pal-benedictus-natus-stephani-pauli-kakas-dicti-de-pand","status":"publish","type":"product","link":"https:\/\/uj.adatbank.ro\/lexikon\/termek\/kakas-istvan-pal-benedictus-natus-stephani-pauli-kakas-dicti-de-pand\/","title":{"rendered":"KAKAS Istv\u00e1n P\u00e1l, Benedictus natus Stephani Pauli Kakas dicti de Pand"},"content":{"rendered":"<p>? \u2020 ?: k\u00f6zjegyz\u0151. \u2013 Cs\u00e1sz\u00e1ri, b\u00e1csi-kalocsai egyh\u00e1zmegy\u00e9ben k\u00f6zjegyz\u0151. Marosszentkir\u00e1lyon kelt oklevele (1471. okt. 26.). <br \/><strong>Irod.:<\/strong> Tonk S\u00e1ndor: A k\u00f6z\u00e9pkori k\u00f6zjegyz\u0151s\u00e9g Erd\u00e9lyben  =  M\u0171vel\u0151d\u00e9st\u00f6rt\u00e9neti Tanulm\u00e1nyok (Buk., 1980)<\/br><\/p>\n","protected":false},"excerpt":{"rendered":"<p>? \u2020 ?: k\u00f6zjegyz\u0151. \u2013 Cs\u00e1sz\u00e1ri, b\u00e1csi-kalocsai egyh\u00e1zmegy\u00e9ben k\u00f6zjegyz\u0151. Marosszentkir\u00e1lyon kelt oklevele (1471. okt. 26.). Irod.: Tonk S\u00e1ndor: A k\u00f6z\u00e9pkori k\u00f6zjegyz\u0151s\u00e9g Erd\u00e9lyben = M\u0171vel\u0151d\u00e9st\u00f6rt\u00e9neti Tanulm\u00e1nyok (Buk., 1980)<\/p>\n","protected":false},"featured_media":0,"comment_status":"open","ping_status":"closed","template":"","meta":[],"product_brand":[],"product_cat":[137],"product_tag":[],"class_list":{"0":"post-11099","1":"product","2":"type-product","3":"status-publish","5":"product_cat-maros-megyei-eletrajzi-lexikon","7":"first","8":"instock","9":"shipping-taxable","10":"product-type-simple"},"_links":{"self":[{"href":"https:\/\/uj.adatbank.ro\/lexikon\/wp-json\/wp\/v2\/product\/11099","targetHints":{"allow":["GET"]}}],"collection":[{"href":"https:\/\/uj.adatbank.ro\/lexikon\/wp-json\/wp\/v2\/product"}],"about":[{"href":"https:\/\/uj.adatbank.ro\/lexikon\/wp-json\/wp\/v2\/types\/product"}],"replies":[{"embeddable":true,"href":"https:\/\/uj.adatbank.ro\/lexikon\/wp-json\/wp\/v2\/comments?post=11099"}],"wp:attachment":[{"href":"https:\/\/uj.adatbank.ro\/lexikon\/wp-json\/wp\/v2\/media?parent=11099"}],"wp:term":[{"taxonomy":"product_brand","embeddable":true,"href":"https:\/\/uj.adatbank.ro\/lexikon\/wp-json\/wp\/v2\/product_brand?post=11099"},{"taxonomy":"product_cat","embeddable":true,"href":"https:\/\/uj.adatbank.ro\/lexikon\/wp-json\/wp\/v2\/product_cat?post=11099"},{"taxonomy":"product_tag","embeddable":true,"href":"https:\/\/uj.adatbank.ro\/lexikon\/wp-json\/wp\/v2\/product_tag?post=11099"}],"curies":[{"name":"wp","href":"https:\/\/api.w.org\/{rel}","templated":true}]}}