{"id":11102,"date":"2025-06-29T13:41:56","date_gmt":"2025-06-29T11:41:56","guid":{"rendered":"https:\/\/uj.adatbank.ro\/lexikon\/termek\/kakasi-gyorgy-lukafalvi\/"},"modified":"2025-06-29T13:41:56","modified_gmt":"2025-06-29T11:41:56","slug":"kakasi-gyorgy-lukafalvi","status":"publish","type":"product","link":"https:\/\/uj.adatbank.ro\/lexikon\/termek\/kakasi-gyorgy-lukafalvi\/","title":{"rendered":"KAKASI Gy\u00f6rgy, lukafalvi"},"content":{"rendered":"<p>K\u00e1poszt\u00e1sszentmikl\u00f3s, 1792., \u2020 Ny\u00e1r\u00e1dselye, 1885. aug. 10.: ref. lelk\u00e9sz. \u2013 Ny\u00e1r\u00e1dselyei paps\u00e1ga ideje alatt (1810\u20131850), legnagyobb gondot a templom fel\u00faj\u00edt\u00e1sa okozta. M\u00e9g h\u00e1rom evtized sem telt el az \u00e9p\u00edt\u00e9s\u00e9t\u0151l, de a laza talaj f\u00f6ldcsuszaml\u00e1sa miatt a templom falai repedezni kezdtek. Ism\u00e9t kezd\u0151d\u00f6tt a k\u00f6lts\u00e9gek el\u0151teremt\u00e9s\u00e9nek k\u00fczdelme. Gy\u0171jt\u00e9st is rendeztek, adom\u00e1nyokat haszn\u00e1ltak fel, \u00edgy siker\u00fclt a munka (1837). A kis harangot is gy\u0171t\u00e9s bev\u00e9tel\u00e9b\u0151l tudt\u00e1k felszerelni (1855). Pontosan \u00f6ssze\u00edrt\u00e1k az egyh\u00e1zi f\u00f6ldeket (1834). A lelk\u00e9sz eg\u00e9szs\u00e9gi \u00e1llapota miatt \u00e1tengedte szolg\u00e1lat\u00e1t k\u00e1pl\u00e1n fi\u00e1nak Mih\u00e1ly-nak( 1847\u20131850), aki k\u00e1pl\u00e1ni min\u0151s\u00e9gben m\u00e1r seg\u00edtett neki (1845\u20131862). <br \/><strong>Irod.:<\/strong> Imreh Barna; Ny\u00e1r\u00e1dselye \u00e9s egyh\u00e1zai<\/br><\/p>\n","protected":false},"excerpt":{"rendered":"<p>K\u00e1poszt\u00e1sszentmikl\u00f3s, 1792., \u2020 Ny\u00e1r\u00e1dselye, 1885. aug. 10.: ref. lelk\u00e9sz. \u2013 Ny\u00e1r\u00e1dselyei paps\u00e1ga ideje alatt (1810\u20131850), legnagyobb gondot a templom fel\u00faj\u00edt\u00e1sa okozta. M\u00e9g h\u00e1rom evtized sem telt el az \u00e9p\u00edt\u00e9s\u00e9t\u0151l, de a laza talaj f\u00f6ldcsuszaml\u00e1sa miatt a templom falai repedezni kezdtek. Ism\u00e9t kezd\u0151d\u00f6tt a k\u00f6lts\u00e9gek el\u0151teremt\u00e9s\u00e9nek k\u00fczdelme. Gy\u0171jt\u00e9st is rendeztek, adom\u00e1nyokat haszn\u00e1ltak fel, \u00edgy siker\u00fclt a [&hellip;]<\/p>\n","protected":false},"featured_media":0,"comment_status":"open","ping_status":"closed","template":"","meta":[],"product_brand":[],"product_cat":[137],"product_tag":[],"class_list":{"0":"post-11102","1":"product","2":"type-product","3":"status-publish","5":"product_cat-maros-megyei-eletrajzi-lexikon","7":"first","8":"instock","9":"shipping-taxable","10":"product-type-simple"},"_links":{"self":[{"href":"https:\/\/uj.adatbank.ro\/lexikon\/wp-json\/wp\/v2\/product\/11102","targetHints":{"allow":["GET"]}}],"collection":[{"href":"https:\/\/uj.adatbank.ro\/lexikon\/wp-json\/wp\/v2\/product"}],"about":[{"href":"https:\/\/uj.adatbank.ro\/lexikon\/wp-json\/wp\/v2\/types\/product"}],"replies":[{"embeddable":true,"href":"https:\/\/uj.adatbank.ro\/lexikon\/wp-json\/wp\/v2\/comments?post=11102"}],"wp:attachment":[{"href":"https:\/\/uj.adatbank.ro\/lexikon\/wp-json\/wp\/v2\/media?parent=11102"}],"wp:term":[{"taxonomy":"product_brand","embeddable":true,"href":"https:\/\/uj.adatbank.ro\/lexikon\/wp-json\/wp\/v2\/product_brand?post=11102"},{"taxonomy":"product_cat","embeddable":true,"href":"https:\/\/uj.adatbank.ro\/lexikon\/wp-json\/wp\/v2\/product_cat?post=11102"},{"taxonomy":"product_tag","embeddable":true,"href":"https:\/\/uj.adatbank.ro\/lexikon\/wp-json\/wp\/v2\/product_tag?post=11102"}],"curies":[{"name":"wp","href":"https:\/\/api.w.org\/{rel}","templated":true}]}}

KAKASI György, lukafalvi

<p>Káposztásszentmiklós, 1792., † Nyárádselye, 1885. aug. 10.: ref. lelkész. – Nyárádselyei papsága ideje alatt (1810–1850), legnagyobb gondot a templom felújítása okozta. Még három evtized sem telt el az építésétől, de a laza talaj földcsuszamlása miatt a templom falai repedezni kezdtek. Ismét kezdődött a költségek előteremtésének küzdelme. Gyűjtést is rendeztek, adományokat használtak fel, így sikerült a munka (1837). A kis harangot is gyűtés bevételéből tudták felszerelni (1855). Pontosan összeírták az egyházi földeket (1834). A lelkész egészségi állapota miatt átengedte szolgálatát káplán fiának Mihály-nak( 1847–1850), aki kápláni minőségben már segített neki (1845–1862). <br /><strong>Irod.:</strong> Imreh Barna; Nyárádselye és egyházai</br></p>

<p>Káposztásszentmiklós, 1792., † Nyárádselye, 1885. aug. 10.: ref. lelkész. – Nyárádselyei papsága ideje alatt (1810–1850), legnagyobb gondot a templom felújítása okozta. Még három evtized sem telt el az építésétől, de a laza talaj földcsuszamlása miatt a templom falai repedezni kezdtek. Ismét kezdődött a költségek előteremtésének küzdelme. Gyűjtést is rendeztek, adományokat használtak fel, így sikerült a [&hellip;]</p>
