{"id":11103,"date":"2025-06-29T13:41:58","date_gmt":"2025-06-29T11:41:58","guid":{"rendered":"https:\/\/uj.adatbank.ro\/lexikon\/termek\/kakasi-gyula\/"},"modified":"2025-06-29T13:41:58","modified_gmt":"2025-06-29T11:41:58","slug":"kakasi-gyula","status":"publish","type":"product","link":"https:\/\/uj.adatbank.ro\/lexikon\/termek\/kakasi-gyula\/","title":{"rendered":"KAKASI Gyula"},"content":{"rendered":"<p>Nagyteremi, 1877. dec. 2., \u2020 ? : tan\u00e1r. \u2013 K\u00f6z\u00e9piskol\u00e1it Mv.-en, az egyetemet Kv.-on v\u00e9gezte matematika-fizika szakon. A mv.-i Ref. Gimn. tan\u00e1ra (1900\u201301); katona (1901\u201302); a kis\u00fajsz\u00e1ll\u00e1si Ref. Gimn. tan\u00e1ra (1902\u201337). <br \/><strong>Irod.:<\/strong> Guly\u00e1s<\/br><\/p>\n","protected":false},"excerpt":{"rendered":"<p>Nagyteremi, 1877. dec. 2., \u2020 ? : tan\u00e1r. \u2013 K\u00f6z\u00e9piskol\u00e1it Mv.-en, az egyetemet Kv.-on v\u00e9gezte matematika-fizika szakon. A mv.-i Ref. Gimn. tan\u00e1ra (1900\u201301); katona (1901\u201302); a kis\u00fajsz\u00e1ll\u00e1si Ref. Gimn. tan\u00e1ra (1902\u201337). Irod.: Guly\u00e1s<\/p>\n","protected":false},"featured_media":0,"comment_status":"open","ping_status":"closed","template":"","meta":[],"product_brand":[],"product_cat":[137],"product_tag":[],"class_list":{"0":"post-11103","1":"product","2":"type-product","3":"status-publish","5":"product_cat-maros-megyei-eletrajzi-lexikon","7":"first","8":"instock","9":"shipping-taxable","10":"product-type-simple"},"_links":{"self":[{"href":"https:\/\/uj.adatbank.ro\/lexikon\/wp-json\/wp\/v2\/product\/11103","targetHints":{"allow":["GET"]}}],"collection":[{"href":"https:\/\/uj.adatbank.ro\/lexikon\/wp-json\/wp\/v2\/product"}],"about":[{"href":"https:\/\/uj.adatbank.ro\/lexikon\/wp-json\/wp\/v2\/types\/product"}],"replies":[{"embeddable":true,"href":"https:\/\/uj.adatbank.ro\/lexikon\/wp-json\/wp\/v2\/comments?post=11103"}],"wp:attachment":[{"href":"https:\/\/uj.adatbank.ro\/lexikon\/wp-json\/wp\/v2\/media?parent=11103"}],"wp:term":[{"taxonomy":"product_brand","embeddable":true,"href":"https:\/\/uj.adatbank.ro\/lexikon\/wp-json\/wp\/v2\/product_brand?post=11103"},{"taxonomy":"product_cat","embeddable":true,"href":"https:\/\/uj.adatbank.ro\/lexikon\/wp-json\/wp\/v2\/product_cat?post=11103"},{"taxonomy":"product_tag","embeddable":true,"href":"https:\/\/uj.adatbank.ro\/lexikon\/wp-json\/wp\/v2\/product_tag?post=11103"}],"curies":[{"name":"wp","href":"https:\/\/api.w.org\/{rel}","templated":true}]}}