{"id":11104,"date":"2025-06-29T13:41:59","date_gmt":"2025-06-29T11:41:59","guid":{"rendered":"https:\/\/uj.adatbank.ro\/lexikon\/termek\/kakasi-mihaly\/"},"modified":"2025-06-29T13:41:59","modified_gmt":"2025-06-29T11:41:59","slug":"kakasi-mihaly","status":"publish","type":"product","link":"https:\/\/uj.adatbank.ro\/lexikon\/termek\/kakasi-mihaly\/","title":{"rendered":"KAKASI Mih\u00e1ly"},"content":{"rendered":"<p>? \u2020 1885? : k\u00e1pl\u00e1n, ref. lek\u00e9sz. \u2013 Iskol\u00e1it Mv.-en \u00e9s Enyeden v\u00e9gezte. Ny\u00e1r\u00e1dsely\u00e9n seg\u00e9dpap apja, Gy\u00f6rgy, mellett (1845\u201362), majd lelk\u00e9sz (1862\u201385). Az \u00e9desapja idej\u00e9ben fel\u00faj\u00edtott templom olyan rossz \u00e1llapotba ker\u00fclt, h. egy \u00faj templom \u00e9p\u00edt\u00e9se halaszhatatlann\u00e1 v\u00e1lt. A hatos\u00e1gok elrendelt\u00e9k a templom \u00e9s a torony lebot\u00e1s\u00e1t. Az egyh\u00e1zk\u00f6zs\u00e9gnek alig volt j\u00f6vedelme, a h\u00edvek meg szeg\u00e9nyek voltak. A lelk\u00e9sz, az esperes enged\u00e9ly\u00e9vel, maga j\u00e1rta be az eg\u00e9sz Ny\u00e1r\u00e1d ment\u00e9t, K\u00fck\u00fcll\u0151 ment\u00e9t\u00e9t, S\u00f3vid\u00e9ket adom\u00e1nyok gy\u0171jt\u00e9s\u00e9re. Az adom\u00e1nyozott \u00f6sszegeket az \u00fan. Aranyk\u00f6nyvbe minden adom\u00e1nyoz\u00f3 szem\u00e9lyesen vezetett be. A ma is meglev\u0151 Aranyk\u00f6nyvb\u0151l kit\u0171nik, h. nemcsak reform\u00e1tusok, de m\u00e1s felekezet\u0171ek, s\u0151t m\u00e1s nemzetis\u00e9g\u0171ek is adakoztak e nemes c\u00e9l \u00e9rdek\u00e9ben. Az \u00e9p\u00edt\u00e9s mindezek ellen\u00e9re nem haladt. A torony \u00e9p\u00edt\u00e9se f\u00e9lbemaradt, a harangok csak a f\u00f6ldre elhelyezett l\u00e1bakon sz\u00f3ltak. A pap belef\u00e1radt a k\u00fczdelembe, megbetegedett, \u00e9s meghalt. <br \/><strong>Irod.:<\/strong> Imreh Barna; Ny\u00e1r\u00e1dselye \u00e9s egyh\u00e1zai<\/br><\/p>\n","protected":false},"excerpt":{"rendered":"<p>? \u2020 1885? : k\u00e1pl\u00e1n, ref. lek\u00e9sz. \u2013 Iskol\u00e1it Mv.-en \u00e9s Enyeden v\u00e9gezte. Ny\u00e1r\u00e1dsely\u00e9n seg\u00e9dpap apja, Gy\u00f6rgy, mellett (1845\u201362), majd lelk\u00e9sz (1862\u201385). Az \u00e9desapja idej\u00e9ben fel\u00faj\u00edtott templom olyan rossz \u00e1llapotba ker\u00fclt, h. egy \u00faj templom \u00e9p\u00edt\u00e9se halaszhatatlann\u00e1 v\u00e1lt. A hatos\u00e1gok elrendelt\u00e9k a templom \u00e9s a torony lebot\u00e1s\u00e1t. Az egyh\u00e1zk\u00f6zs\u00e9gnek alig volt j\u00f6vedelme, a h\u00edvek meg [&hellip;]<\/p>\n","protected":false},"featured_media":0,"comment_status":"open","ping_status":"closed","template":"","meta":[],"product_brand":[],"product_cat":[137],"product_tag":[],"class_list":{"0":"post-11104","1":"product","2":"type-product","3":"status-publish","5":"product_cat-maros-megyei-eletrajzi-lexikon","7":"first","8":"instock","9":"shipping-taxable","10":"product-type-simple"},"_links":{"self":[{"href":"https:\/\/uj.adatbank.ro\/lexikon\/wp-json\/wp\/v2\/product\/11104","targetHints":{"allow":["GET"]}}],"collection":[{"href":"https:\/\/uj.adatbank.ro\/lexikon\/wp-json\/wp\/v2\/product"}],"about":[{"href":"https:\/\/uj.adatbank.ro\/lexikon\/wp-json\/wp\/v2\/types\/product"}],"replies":[{"embeddable":true,"href":"https:\/\/uj.adatbank.ro\/lexikon\/wp-json\/wp\/v2\/comments?post=11104"}],"wp:attachment":[{"href":"https:\/\/uj.adatbank.ro\/lexikon\/wp-json\/wp\/v2\/media?parent=11104"}],"wp:term":[{"taxonomy":"product_brand","embeddable":true,"href":"https:\/\/uj.adatbank.ro\/lexikon\/wp-json\/wp\/v2\/product_brand?post=11104"},{"taxonomy":"product_cat","embeddable":true,"href":"https:\/\/uj.adatbank.ro\/lexikon\/wp-json\/wp\/v2\/product_cat?post=11104"},{"taxonomy":"product_tag","embeddable":true,"href":"https:\/\/uj.adatbank.ro\/lexikon\/wp-json\/wp\/v2\/product_tag?post=11104"}],"curies":[{"name":"wp","href":"https:\/\/api.w.org\/{rel}","templated":true}]}}

KAKASI Mihály

<p>? † 1885? : káplán, ref. lekész. – Iskoláit Mv.-en és Enyeden végezte. Nyárádselyén segédpap apja, György, mellett (1845–62), majd lelkész (1862–85). Az édesapja idejében felújított templom olyan rossz állapotba került, h. egy új templom építése halaszhatatlanná vált. A hatoságok elrendelték a templom és a torony lebotását. Az egyházközségnek alig volt jövedelme, a hívek meg szegények voltak. A lelkész, az esperes engedélyével, maga járta be az egész Nyárád mentét, Küküllő mentétét, Sóvidéket adományok gyűjtésére. Az adományozott összegeket az ún. Aranykönyvbe minden adományozó személyesen vezetett be. A ma is meglevő Aranykönyvből kitűnik, h. nemcsak reformátusok, de más felekezetűek, sőt más nemzetiségűek is adakoztak e nemes cél érdekében. Az építés mindezek ellenére nem haladt. A torony építése félbemaradt, a harangok csak a földre elhelyezett lábakon szóltak. A pap belefáradt a küzdelembe, megbetegedett, és meghalt. <br /><strong>Irod.:</strong> Imreh Barna; Nyárádselye és egyházai</br></p>

<p>? † 1885? : káplán, ref. lekész. – Iskoláit Mv.-en és Enyeden végezte. Nyárádselyén segédpap apja, György, mellett (1845–62), majd lelkész (1862–85). Az édesapja idejében felújított templom olyan rossz állapotba került, h. egy új templom építése halaszhatatlanná vált. A hatoságok elrendelték a templom és a torony lebotását. Az egyházközségnek alig volt jövedelme, a hívek meg [&hellip;]</p>
