{"id":11106,"date":"2025-06-29T13:42:02","date_gmt":"2025-06-29T11:42:02","guid":{"rendered":"https:\/\/uj.adatbank.ro\/lexikon\/termek\/kakasi-samuel-2\/"},"modified":"2025-06-29T13:42:02","modified_gmt":"2025-06-29T11:42:02","slug":"kakasi-samuel-2","status":"publish","type":"product","link":"https:\/\/uj.adatbank.ro\/lexikon\/termek\/kakasi-samuel-2\/","title":{"rendered":"KAKASI S\u00e1muel"},"content":{"rendered":"<p>? \u2020 ? : tan\u00edt\u00f3. \u2013 Ny\u00e1r\u00e1dt\u0151n tan\u00edtott (1879. aug. 31. \u2013). Onnan Marosszentgy\u00f6rgyre a ref. egyh\u00e1zi iskol\u00e1ba els\u0151 tan\u00edt\u00f3k\u00e9nt ker\u00fclt (1881\u20131901. dec. 31.). <br \/><strong>Irod.:<\/strong> S\u00e2ngeorgiu de Mure\u015f \u2013 \u015ecoala<\/br><\/p>\n","protected":false},"excerpt":{"rendered":"<p>? \u2020 ? : tan\u00edt\u00f3. \u2013 Ny\u00e1r\u00e1dt\u0151n tan\u00edtott (1879. aug. 31. \u2013). Onnan Marosszentgy\u00f6rgyre a ref. egyh\u00e1zi iskol\u00e1ba els\u0151 tan\u00edt\u00f3k\u00e9nt ker\u00fclt (1881\u20131901. dec. 31.). Irod.: S\u00e2ngeorgiu de Mure\u015f \u2013 \u015ecoala<\/p>\n","protected":false},"featured_media":0,"comment_status":"open","ping_status":"closed","template":"","meta":[],"product_brand":[],"product_cat":[137],"product_tag":[],"class_list":{"0":"post-11106","1":"product","2":"type-product","3":"status-publish","5":"product_cat-maros-megyei-eletrajzi-lexikon","7":"first","8":"instock","9":"shipping-taxable","10":"product-type-simple"},"_links":{"self":[{"href":"https:\/\/uj.adatbank.ro\/lexikon\/wp-json\/wp\/v2\/product\/11106","targetHints":{"allow":["GET"]}}],"collection":[{"href":"https:\/\/uj.adatbank.ro\/lexikon\/wp-json\/wp\/v2\/product"}],"about":[{"href":"https:\/\/uj.adatbank.ro\/lexikon\/wp-json\/wp\/v2\/types\/product"}],"replies":[{"embeddable":true,"href":"https:\/\/uj.adatbank.ro\/lexikon\/wp-json\/wp\/v2\/comments?post=11106"}],"wp:attachment":[{"href":"https:\/\/uj.adatbank.ro\/lexikon\/wp-json\/wp\/v2\/media?parent=11106"}],"wp:term":[{"taxonomy":"product_brand","embeddable":true,"href":"https:\/\/uj.adatbank.ro\/lexikon\/wp-json\/wp\/v2\/product_brand?post=11106"},{"taxonomy":"product_cat","embeddable":true,"href":"https:\/\/uj.adatbank.ro\/lexikon\/wp-json\/wp\/v2\/product_cat?post=11106"},{"taxonomy":"product_tag","embeddable":true,"href":"https:\/\/uj.adatbank.ro\/lexikon\/wp-json\/wp\/v2\/product_tag?post=11106"}],"curies":[{"name":"wp","href":"https:\/\/api.w.org\/{rel}","templated":true}]}}