{"id":11110,"date":"2025-06-29T13:42:10","date_gmt":"2025-06-29T11:42:10","guid":{"rendered":"https:\/\/uj.adatbank.ro\/lexikon\/termek\/kakassy-endre-alneve-regeni-andras\/"},"modified":"2025-06-29T13:42:10","modified_gmt":"2025-06-29T11:42:10","slug":"kakassy-endre-alneve-regeni-andras","status":"publish","type":"product","link":"https:\/\/uj.adatbank.ro\/lexikon\/termek\/kakassy-endre-alneve-regeni-andras\/","title":{"rendered":"KAKASSY Endre, \u00e1lneve: R\u00e9geni Andr\u00e1s"},"content":{"rendered":"<p>Marosludas, 1903. m\u00e1j. 15., \u2020 Kv., 1963. okt. 18. a H\u00e1zsong\u00e1rdi temet\u0151ben nyugszik: \u00edr\u00f3, szerk., m\u0171ford\u00edt\u00f3. \u2013 A nagyenyedi Bethlen Koll.-ban \u00e9retts\u00e9gizett (1923), majd a buk.-i egyetemen folytatott jogi tanulm\u00e1nyokat (1923\u201326). A kv.-i Keleti \u00dajs\u00e1g buk.-i tud\u00f3s\u00edt\u00f3ja, ill. szerk.-je (1926\u2013); lapj\u00e1ban publicisztikai \u00edr\u00e1sok mellett verset, sz\u00e9ppr\u00f3z\u00e1t is k\u00f6z\u00f6ll. A buk.-i M. Kurir f\u0151szerk.-je (1931), majd felel\u0151s szerk.-je. A gazdas\u00e1gi v\u00e1ls\u00e1g idej\u00e9n \u00e1ll\u00e1s n\u00e9lk\u00fcl maradt, c\u00e9gfest\u0151k\u00e9nt tartotta fenn mag\u00e1t. A 30-as \u00e9vek k\u00f6zep\u00e9n Brass\u00f3ba k\u00f6lt\u00f6z\u00f6tt, ahol munkat\u00e1rsa (1934\u2013), felel\u0151s szerk.-je (1938\u201340) a Brass\u00f3i Lapoknak. A temesv\u00e1ri D\u00e9li H\u00edrlap f\u0151szerk. helyettese (1942\u2013). Koholt v\u00e1dak alapj\u00e1n b\u00f6rt\u00f6nbe ker\u00fclt, Szamos\u00fajv\u00e1ron volt politikai fogoly (1947\u201348). Kv.-on az Igaz Sz\u00f3, Utunk, Korunk munkat\u00e1rsa, az Irodalmi K\u00f6nyvkiad\u00f3 szerk.-je. A rom\u00e1n-m. k\u00f6z\u00f6s irodalmi m\u00falt kutat\u00f3ja. Ford\u00edtott, sz\u00e1mos irodalmomt\u00f6rt\u00e9neti essz\u00e9t, megeml\u00e9kez\u00e9seket \u00edrt rom\u00e1n \u00edr\u00f3kr\u00f3l. Igazi m\u0171faja az \u00edr\u00f3i monogr\u00e1fia volt. A kard c. t\u00f6rt\u00e9nelmi sz\u00ednj\u00e1t\u00e9k\u00e1t, amely iskol\u00e1ja, az enyedi koll\u00e9gium 1704-i fel\u00e9get\u00e9s\u00e9t, P\u00e1pai P\u00e1riz Ferenc rektors\u00e1g\u00e1nak idej\u00e9t id\u00e9zte fel, a koll. fenn\u00e1ll\u00e1s\u00e1nak 350. \u00e9vfordul\u00f3ja alkalm\u00e1b\u00f3l Nagy G\u00e9za bevezet\u0151j\u00e9vel a M\u0171vel\u0151d\u00e9s (1972\/10) k\u00f6z\u00f6lte. Az ESZC \u00e9s a Kv.-i M. Sz\u00ednh\u00e1z k\u00f6z\u00f6s dr\u00e1map\u00e1ly\u00e1zat\u00e1ra \u00edrta A v\u00f6r\u00f6s k\u00f6r c. sz\u00edndarabj\u00e1t (1936). A Rom\u00e1n \u00cdr\u00f3sz\u00f6vets\u00e9g irodalomt\u00f6rt\u00e9neti \u00e9s kritikai d\u00edj\u00e1t kapta meg (1963, 1964) Eminescu \u00e9s Sadoveanu monogr\u00e1fi\u00e1j\u00e1\u00e9rt. Post mortem Marosludas v\u00e1ros d\u00edszpolg\u00e1ra (2008. m\u00e1rc. 31.). \u2013 <strong>F. m.:<\/strong> Eur\u00f3pa patk\u00e1nyai (kalandreg.; Brass\u00f3, 1935); V\u00f6r\u00f6s k\u00f6r (sz\u00edndarab; 1936); A kard. (1972); Viharos k\u00e9zfog\u00f3 (egyfelvon\u00e1sos n\u00e9pi j\u00e1t\u00e9k; Buk., 1959; Logodn\u0103 furtunoas\u0103, Buc., 1959; szerb\u00fcl: Temesv\u00e1r, 1961); A fiatal Eminescu (monogr\u00e1fia; Buk., 1959); Aniversare (Buc., 1961); Eminescu \u00e9lete \u00e9s k\u00f6lt\u00e9szete (monogr\u00e1fia; Buk., 1962); Mihail Sadoveanu: Egy \u00e9let \u00e9s egy nagy \u00e9letm\u0171 t\u00f6rt\u00e9nete (Buk., 1964); <strong>t\u00e1rssz.:<\/strong> L\u0151rinczi L\u00e1szl\u00f3-val: A ty\u00fak nem hib\u00e1s (Brass\u00f3, 1936), <strong>antol\u00f3g.:<\/strong> Metamorphosis Transilvaniae (Kv., 1937); Fegyverek k\u00f6zt-m\u00fazs\u00e1k (Kv., 1940); Rom\u00e1niai m. \u00edr\u00f3k antol\u00f3gi\u00e1ja (1943); <strong>ford.:<\/strong> Petrescu, Leonid: Egy eb\u00e9d kalandjai (1955); Galan, V. Em.: Szomsz\u00e9dok (1956); C\u0103lug\u0103ru, Ion: Egy mihaszna gyermekkora (ford. \u00e9s ut\u00f3sz\u00f3; Buk., 1958, 1964); Ha\u015fdeu, B. P.: R\u0103zvan \u00e9s Vidra (Buk., 1959); Vlahu\u0163\u0103, Al.: Hideg t\u0171zhely mellett (Mv., 1959); Grigore Alexandrescu: V\u00e1logatott m\u0171vei (ford. Frany\u00f3 Zolt\u00e1nnal, Majt\u00e9nyi Erikkel, Szab\u00f3 L\u0151rinccel; Buk., 1962); Sahia, Alexandru: V\u00e1logatott \u00edr\u00e1sok (Buk., 1962); <strong>szerk.:<\/strong> Szeml\u00e9r Ferenc: Hazaj\u00e1r\u00f3 l\u00e9lek. (el\u0151sz\u00f3; Arad, 1943); Erd\u00e9lyi mesevil\u00e1g (Arad., 1943; Mv., 1947); B. P. Ha\u015fdeu: R\u0103zvan \u00e9s Vidra (el\u0151sz\u00f3; Buk., 1959); Aurel Mihale: F\u00e9lelmes \u00e9jszak\u00e1k (el\u0151sz\u00f3; Buk., 1959); Ioan Slavici: V\u00e1logatott \u00edr\u00e1sai (\u00f6ssze\u00e1ll., el\u0151sz\u00f3; Buk., 1960); Vasile Alecsandri: Vil\u00e1gsz\u00e9p Ilonka \u00e9s \u00c1rva Jancsi (el\u0151sz\u00f3; Buk., 1960); Mihai Eminescu: K\u00f6ltem\u00e9nyek (v\u00e1l., el\u0151sz\u00f3; Buk., 1961); Vasile Alecsandri: Versek (\u00f6ssze\u00e1ll., el\u0151sz\u00f3; Buk., 1961); Alexandru Sahia: V\u00e1logatott \u00edr\u00e1sok (el\u0151sz\u00f3; Buk., 1962); Mihail Sadoveanu: J\u00f6tt egy malom a Szereten (ut\u00f3sz\u00f3; Buk., 1963); Cezar Bolliac: A jobb\u00e1gy (ford. t\u00f6bbekkel, \u00f6ssze\u00e1ll., el\u0151sz\u00f3; Buk., 1964, 1965); Mihai Eminescu: K\u00e9k vir\u00e1g (versek, v\u00e1l., el\u0151sz\u00f3; Kv., 1973). <br \/><strong>Irod.:<\/strong> Akik im\u00e1dkoztak 2.; F\u00fcl\u00f6p\u2013Ferencz; Ga\u00e1l; Guly\u00e1s; Halasy; H\u00e1zsong\u00e1rd; Kacs\u00f3 S\u00e1ndor: Egy monogr\u00e1fia el\u0151zm\u00e9nyeir\u0151l (Utunk, 1964; K. S.: \u00cdr\u00f3k, \u00edr\u00e1sok. Bp., 1964); K\u00e1ntor\u2013L\u00e1ng; KMI; Kusz\u00e1lik; Ludu\u015f; Marosi-Helikon; M\u00c9L; Molter 2.; Osv\u00e1th; Pomog\u00e1ts; R\u00e9thy-\u00dajv\u00e1ri. -V\u00e1czi; R\u00e9thy\u2013V\u00e1czy; RMIL; R\u00daL; Szeml\u00e9r Ferenc: M\u00e1s csillagon (Kv., s. a.); T\u00f3th-G\u00e1bor; T\u0151k\u00e9s Istv\u00e1n; \u00daM\u00c9L; \u00daMIL; Valentiny 1936; Vita<\/br><\/p>\n","protected":false},"excerpt":{"rendered":"<p>Marosludas, 1903. m\u00e1j. 15., \u2020 Kv., 1963. okt. 18. a H\u00e1zsong\u00e1rdi temet\u0151ben nyugszik: \u00edr\u00f3, szerk., m\u0171ford\u00edt\u00f3. \u2013 A nagyenyedi Bethlen Koll.-ban \u00e9retts\u00e9gizett (1923), majd a buk.-i egyetemen folytatott jogi tanulm\u00e1nyokat (1923\u201326). A kv.-i Keleti \u00dajs\u00e1g buk.-i tud\u00f3s\u00edt\u00f3ja, ill. szerk.-je (1926\u2013); lapj\u00e1ban publicisztikai \u00edr\u00e1sok mellett verset, sz\u00e9ppr\u00f3z\u00e1t is k\u00f6z\u00f6ll. A buk.-i M. Kurir f\u0151szerk.-je (1931), majd [&hellip;]<\/p>\n","protected":false},"featured_media":0,"comment_status":"open","ping_status":"closed","template":"","meta":[],"product_brand":[],"product_cat":[137],"product_tag":[],"class_list":{"0":"post-11110","1":"product","2":"type-product","3":"status-publish","5":"product_cat-maros-megyei-eletrajzi-lexikon","7":"first","8":"instock","9":"shipping-taxable","10":"product-type-simple"},"_links":{"self":[{"href":"https:\/\/uj.adatbank.ro\/lexikon\/wp-json\/wp\/v2\/product\/11110","targetHints":{"allow":["GET"]}}],"collection":[{"href":"https:\/\/uj.adatbank.ro\/lexikon\/wp-json\/wp\/v2\/product"}],"about":[{"href":"https:\/\/uj.adatbank.ro\/lexikon\/wp-json\/wp\/v2\/types\/product"}],"replies":[{"embeddable":true,"href":"https:\/\/uj.adatbank.ro\/lexikon\/wp-json\/wp\/v2\/comments?post=11110"}],"wp:attachment":[{"href":"https:\/\/uj.adatbank.ro\/lexikon\/wp-json\/wp\/v2\/media?parent=11110"}],"wp:term":[{"taxonomy":"product_brand","embeddable":true,"href":"https:\/\/uj.adatbank.ro\/lexikon\/wp-json\/wp\/v2\/product_brand?post=11110"},{"taxonomy":"product_cat","embeddable":true,"href":"https:\/\/uj.adatbank.ro\/lexikon\/wp-json\/wp\/v2\/product_cat?post=11110"},{"taxonomy":"product_tag","embeddable":true,"href":"https:\/\/uj.adatbank.ro\/lexikon\/wp-json\/wp\/v2\/product_tag?post=11110"}],"curies":[{"name":"wp","href":"https:\/\/api.w.org\/{rel}","templated":true}]}}

KAKASSY Endre, álneve: Régeni András

<p>Marosludas, 1903. máj. 15., † Kv., 1963. okt. 18. a Házsongárdi temetőben nyugszik: író, szerk., műfordító. – A nagyenyedi Bethlen Koll.-ban érettségizett (1923), majd a buk.-i egyetemen folytatott jogi tanulmányokat (1923–26). A kv.-i Keleti Újság buk.-i tudósítója, ill. szerk.-je (1926–); lapjában publicisztikai írások mellett verset, szépprózát is közöll. A buk.-i M. Kurir főszerk.-je (1931), majd felelős szerk.-je. A gazdasági válság idején állás nélkül maradt, cégfestőként tartotta fenn magát. A 30-as évek közepén Brassóba költözött, ahol munkatársa (1934–), felelős szerk.-je (1938–40) a Brassói Lapoknak. A temesvári Déli Hírlap főszerk. helyettese (1942–). Koholt vádak alapján börtönbe került, Szamosújváron volt politikai fogoly (1947–48). Kv.-on az Igaz Szó, Utunk, Korunk munkatársa, az Irodalmi Könyvkiadó szerk.-je. A román-m. közös irodalmi múlt kutatója. Fordított, számos irodalmomtörténeti esszét, megemlékezéseket írt román írókról. Igazi műfaja az írói monográfia volt. A kard c. történelmi színjátékát, amely iskolája, az enyedi kollégium 1704-i felégetését, Pápai Páriz Ferenc rektorságának idejét idézte fel, a koll. fennállásának 350. évfordulója alkalmából Nagy Géza bevezetőjével a Művelődés (1972/10) közölte. Az ESZC és a Kv.-i M. Színház közös drámapályázatára írta A vörös kör c. színdarabját (1936). A Román Írószövetség irodalomtörténeti és kritikai díját kapta meg (1963, 1964) Eminescu és Sadoveanu monográfiájáért. Post mortem Marosludas város díszpolgára (2008. márc. 31.). – <strong>F. m.:</strong> Európa patkányai (kalandreg.; Brassó, 1935); Vörös kör (színdarab; 1936); A kard. (1972); Viharos kézfogó (egyfelvonásos népi játék; Buk., 1959; Logodnă furtunoasă, Buc., 1959; szerbül: Temesvár, 1961); A fiatal Eminescu (monográfia; Buk., 1959); Aniversare (Buc., 1961); Eminescu élete és költészete (monográfia; Buk., 1962); Mihail Sadoveanu: Egy élet és egy nagy életmű története (Buk., 1964); <strong>társsz.:</strong> Lőrinczi László-val: A tyúk nem hibás (Brassó, 1936), <strong>antológ.:</strong> Metamorphosis Transilvaniae (Kv., 1937); Fegyverek közt-múzsák (Kv., 1940); Romániai m. írók antológiája (1943); <strong>ford.:</strong> Petrescu, Leonid: Egy ebéd kalandjai (1955); Galan, V. Em.: Szomszédok (1956); Călugăru, Ion: Egy mihaszna gyermekkora (ford. és utószó; Buk., 1958, 1964); Haşdeu, B. P.: Răzvan és Vidra (Buk., 1959); Vlahuţă, Al.: Hideg tűzhely mellett (Mv., 1959); Grigore Alexandrescu: Válogatott művei (ford. Franyó Zoltánnal, Majtényi Erikkel, Szabó Lőrinccel; Buk., 1962); Sahia, Alexandru: Válogatott írások (Buk., 1962); <strong>szerk.:</strong> Szemlér Ferenc: Hazajáró lélek. (előszó; Arad, 1943); Erdélyi mesevilág (Arad., 1943; Mv., 1947); B. P. Haşdeu: Răzvan és Vidra (előszó; Buk., 1959); Aurel Mihale: Félelmes éjszakák (előszó; Buk., 1959); Ioan Slavici: Válogatott írásai (összeáll., előszó; Buk., 1960); Vasile Alecsandri: Világszép Ilonka és Árva Jancsi (előszó; Buk., 1960); Mihai Eminescu: Költemények (vál., előszó; Buk., 1961); Vasile Alecsandri: Versek (összeáll., előszó; Buk., 1961); Alexandru Sahia: Válogatott írások (előszó; Buk., 1962); Mihail Sadoveanu: Jött egy malom a Szereten (utószó; Buk., 1963); Cezar Bolliac: A jobbágy (ford. többekkel, összeáll., előszó; Buk., 1964, 1965); Mihai Eminescu: Kék virág (versek, vál., előszó; Kv., 1973). <br /><strong>Irod.:</strong> Akik imádkoztak 2.; Fülöp–Ferencz; Gaál; Gulyás; Halasy; Házsongárd; Kacsó Sándor: Egy monográfia előzményeiről (Utunk, 1964; K. S.: Írók, írások. Bp., 1964); Kántor–Láng; KMI; Kuszálik; Luduş; Marosi-Helikon; MÉL; Molter 2.; Osváth; Pomogáts; Réthy-Újvári. -Váczi; Réthy–Váczy; RMIL; RÚL; Szemlér Ferenc: Más csillagon (Kv., s. a.); Tóth-Gábor; Tőkés István; ÚMÉL; ÚMIL; Valentiny 1936; Vita</br></p>

<p>Marosludas, 1903. máj. 15., † Kv., 1963. okt. 18. a Házsongárdi temetőben nyugszik: író, szerk., műfordító. – A nagyenyedi Bethlen Koll.-ban érettségizett (1923), majd a buk.-i egyetemen folytatott jogi tanulmányokat (1923–26). A kv.-i Keleti Újság buk.-i tudósítója, ill. szerk.-je (1926–); lapjában publicisztikai írások mellett verset, szépprózát is közöll. A buk.-i M. Kurir főszerk.-je (1931), majd [&hellip;]</p>
