{"id":11113,"date":"2025-06-29T13:42:15","date_gmt":"2025-06-29T11:42:15","guid":{"rendered":"https:\/\/uj.adatbank.ro\/lexikon\/termek\/kakassy-nandor\/"},"modified":"2025-06-29T13:42:15","modified_gmt":"2025-06-29T11:42:15","slug":"kakassy-nandor","status":"publish","type":"product","link":"https:\/\/uj.adatbank.ro\/lexikon\/termek\/kakassy-nandor\/","title":{"rendered":"KAKASSY N\u00e1ndor"},"content":{"rendered":"<p>Csittszentiv\u00e1n, 1901., \u2020 Bergenye, ?. Sz\u00e9kelykocs\u00e1rdon temett\u00e9k: ref. k\u00e1ntortan\u00edt\u00f3. \u2013 Iskol\u00e1it Nagyenyeden v\u00e9gezte \u00e9s tan\u00edt\u00f3i oklevelet szerzett (1920). Tan\u00edt\u00f3i p\u00e1ly\u00e1j\u00e1t kezdte Sz\u00e9kesen kezdte (1920\u2013), majd Sz\u00e9kelyber\u00e9be ker\u00fclt (1939). A Hangya eln\u00f6ke, gazdak\u00f6ri jegyz\u0151, a dal\u00e1rda karnagya, eln\u00f6ke, minden hazafias c\u00e9l t\u00e1mogat\u00f3ja volt. Ny\u00e1r\u00e1dmagyar\u00f3son majd Bergeny\u00e9ben k\u00e1ntor-tan\u00edt\u00f3. <br \/><strong>Irod.:<\/strong> Ref. egyetemes n\u00e9vt\u00e1r; Sz\u00e9kelyf\u00f6ld \u00ed. k<\/br><\/p>\n","protected":false},"excerpt":{"rendered":"<p>Csittszentiv\u00e1n, 1901., \u2020 Bergenye, ?. Sz\u00e9kelykocs\u00e1rdon temett\u00e9k: ref. k\u00e1ntortan\u00edt\u00f3. \u2013 Iskol\u00e1it Nagyenyeden v\u00e9gezte \u00e9s tan\u00edt\u00f3i oklevelet szerzett (1920). Tan\u00edt\u00f3i p\u00e1ly\u00e1j\u00e1t kezdte Sz\u00e9kesen kezdte (1920\u2013), majd Sz\u00e9kelyber\u00e9be ker\u00fclt (1939). A Hangya eln\u00f6ke, gazdak\u00f6ri jegyz\u0151, a dal\u00e1rda karnagya, eln\u00f6ke, minden hazafias c\u00e9l t\u00e1mogat\u00f3ja volt. Ny\u00e1r\u00e1dmagyar\u00f3son majd Bergeny\u00e9ben k\u00e1ntor-tan\u00edt\u00f3. Irod.: Ref. egyetemes n\u00e9vt\u00e1r; Sz\u00e9kelyf\u00f6ld \u00ed. k<\/p>\n","protected":false},"featured_media":0,"comment_status":"open","ping_status":"closed","template":"","meta":[],"product_brand":[],"product_cat":[137],"product_tag":[],"class_list":{"0":"post-11113","1":"product","2":"type-product","3":"status-publish","5":"product_cat-maros-megyei-eletrajzi-lexikon","7":"first","8":"instock","9":"shipping-taxable","10":"product-type-simple"},"_links":{"self":[{"href":"https:\/\/uj.adatbank.ro\/lexikon\/wp-json\/wp\/v2\/product\/11113","targetHints":{"allow":["GET"]}}],"collection":[{"href":"https:\/\/uj.adatbank.ro\/lexikon\/wp-json\/wp\/v2\/product"}],"about":[{"href":"https:\/\/uj.adatbank.ro\/lexikon\/wp-json\/wp\/v2\/types\/product"}],"replies":[{"embeddable":true,"href":"https:\/\/uj.adatbank.ro\/lexikon\/wp-json\/wp\/v2\/comments?post=11113"}],"wp:attachment":[{"href":"https:\/\/uj.adatbank.ro\/lexikon\/wp-json\/wp\/v2\/media?parent=11113"}],"wp:term":[{"taxonomy":"product_brand","embeddable":true,"href":"https:\/\/uj.adatbank.ro\/lexikon\/wp-json\/wp\/v2\/product_brand?post=11113"},{"taxonomy":"product_cat","embeddable":true,"href":"https:\/\/uj.adatbank.ro\/lexikon\/wp-json\/wp\/v2\/product_cat?post=11113"},{"taxonomy":"product_tag","embeddable":true,"href":"https:\/\/uj.adatbank.ro\/lexikon\/wp-json\/wp\/v2\/product_tag?post=11113"}],"curies":[{"name":"wp","href":"https:\/\/api.w.org\/{rel}","templated":true}]}}

KAKASSY Nándor

<p>Csittszentiván, 1901., † Bergenye, ?. Székelykocsárdon temették: ref. kántortanító. – Iskoláit Nagyenyeden végezte és tanítói oklevelet szerzett (1920). Tanítói pályáját kezdte Székesen kezdte (1920–), majd Székelyberébe került (1939). A Hangya elnöke, gazdaköri jegyző, a dalárda karnagya, elnöke, minden hazafias cél támogatója volt. Nyárádmagyaróson majd Bergenyében kántor-tanító. <br /><strong>Irod.:</strong> Ref. egyetemes névtár; Székelyföld í. k</br></p>

<p>Csittszentiván, 1901., † Bergenye, ?. Székelykocsárdon temették: ref. kántortanító. – Iskoláit Nagyenyeden végezte és tanítói oklevelet szerzett (1920). Tanítói pályáját kezdte Székesen kezdte (1920–), majd Székelyberébe került (1939). A Hangya elnöke, gazdaköri jegyző, a dalárda karnagya, elnöke, minden hazafias cél támogatója volt. Nyárádmagyaróson majd Bergenyében kántor-tanító. Irod.: Ref. egyetemes névtár; Székelyföld í. k</p>
