{"id":11114,"date":"2025-06-29T13:42:18","date_gmt":"2025-06-29T11:42:18","guid":{"rendered":"https:\/\/uj.adatbank.ro\/lexikon\/termek\/kakassy-sandor-dr\/"},"modified":"2025-06-29T13:42:18","modified_gmt":"2025-06-29T11:42:18","slug":"kakassy-sandor-dr","status":"publish","type":"product","link":"https:\/\/uj.adatbank.ro\/lexikon\/termek\/kakassy-sandor-dr\/","title":{"rendered":"KAKASSY S\u00e1ndor, dr"},"content":{"rendered":"<p>Mv., 1941. j\u00fan. 24., \u2020 Mv., 2013. orvos. \u2013Feles\u00e9ge: \u0170rm\u00f6si Ir\u00e9n, gy\u00f3gyszer\u00e9sz asszisztens. Mv.-en v\u00e9gezte az egyetemet is, az OGYI fogorvos kar\u00e1n (1965). Bonyh\u00e1n, Dics\u0151szentm\u00e1rtonban dolgozott. A Kis-K\u00fck\u00fcll\u0151 c. lap f\u0151szerkeszt\u0151je. K\u00f6z\u00e9leti feladatokat is v\u00e1llalt, az RMDSZ megyei aleln\u00f6ke, parlamenti k\u00e9pvisel\u0151 (1996\u2013) \u00e9s Als\u00f3-K\u00fck\u00fcll\u0151-menti RMDSZ eln\u00f6ke, v\u00e1rosi tan\u00e1csos, a Sz\u00f6vets\u00e9gi K\u00fcld\u00f6ttek Tan\u00e1csa, fraklci\u00f3vezet\u0151, az EMKE \u00e9s a Sipos Domokos M\u0171vel\u00fad\u00e9si Egyes\u00fclet tagja. <br \/><strong>Irod.:<\/strong> EMKK; Kiss\u2013P\u00e9terffy\u2013P\u00e9terffy; Kiss Cs. M 4.<\/br><\/p>\n","protected":false},"excerpt":{"rendered":"<p>Mv., 1941. j\u00fan. 24., \u2020 Mv., 2013. orvos. \u2013Feles\u00e9ge: \u0170rm\u00f6si Ir\u00e9n, gy\u00f3gyszer\u00e9sz asszisztens. Mv.-en v\u00e9gezte az egyetemet is, az OGYI fogorvos kar\u00e1n (1965). Bonyh\u00e1n, Dics\u0151szentm\u00e1rtonban dolgozott. A Kis-K\u00fck\u00fcll\u0151 c. lap f\u0151szerkeszt\u0151je. K\u00f6z\u00e9leti feladatokat is v\u00e1llalt, az RMDSZ megyei aleln\u00f6ke, parlamenti k\u00e9pvisel\u0151 (1996\u2013) \u00e9s Als\u00f3-K\u00fck\u00fcll\u0151-menti RMDSZ eln\u00f6ke, v\u00e1rosi tan\u00e1csos, a Sz\u00f6vets\u00e9gi K\u00fcld\u00f6ttek Tan\u00e1csa, fraklci\u00f3vezet\u0151, az EMKE [&hellip;]<\/p>\n","protected":false},"featured_media":0,"comment_status":"open","ping_status":"closed","template":"","meta":[],"product_brand":[],"product_cat":[137],"product_tag":[],"class_list":{"0":"post-11114","1":"product","2":"type-product","3":"status-publish","5":"product_cat-maros-megyei-eletrajzi-lexikon","7":"first","8":"instock","9":"shipping-taxable","10":"product-type-simple"},"_links":{"self":[{"href":"https:\/\/uj.adatbank.ro\/lexikon\/wp-json\/wp\/v2\/product\/11114","targetHints":{"allow":["GET"]}}],"collection":[{"href":"https:\/\/uj.adatbank.ro\/lexikon\/wp-json\/wp\/v2\/product"}],"about":[{"href":"https:\/\/uj.adatbank.ro\/lexikon\/wp-json\/wp\/v2\/types\/product"}],"replies":[{"embeddable":true,"href":"https:\/\/uj.adatbank.ro\/lexikon\/wp-json\/wp\/v2\/comments?post=11114"}],"wp:attachment":[{"href":"https:\/\/uj.adatbank.ro\/lexikon\/wp-json\/wp\/v2\/media?parent=11114"}],"wp:term":[{"taxonomy":"product_brand","embeddable":true,"href":"https:\/\/uj.adatbank.ro\/lexikon\/wp-json\/wp\/v2\/product_brand?post=11114"},{"taxonomy":"product_cat","embeddable":true,"href":"https:\/\/uj.adatbank.ro\/lexikon\/wp-json\/wp\/v2\/product_cat?post=11114"},{"taxonomy":"product_tag","embeddable":true,"href":"https:\/\/uj.adatbank.ro\/lexikon\/wp-json\/wp\/v2\/product_tag?post=11114"}],"curies":[{"name":"wp","href":"https:\/\/api.w.org\/{rel}","templated":true}]}}

KAKASSY Sándor, dr

<p>Mv., 1941. jún. 24., † Mv., 2013. orvos. –Felesége: Űrmösi Irén, gyógyszerész asszisztens. Mv.-en végezte az egyetemet is, az OGYI fogorvos karán (1965). Bonyhán, Dicsőszentmártonban dolgozott. A Kis-Küküllő c. lap főszerkesztője. Közéleti feladatokat is vállalt, az RMDSZ megyei alelnöke, parlamenti képviselő (1996–) és Alsó-Küküllő-menti RMDSZ elnöke, városi tanácsos, a Szövetségi Küldöttek Tanácsa, fraklcióvezető, az EMKE és a Sipos Domokos Művelúdési Egyesület tagja. <br /><strong>Irod.:</strong> EMKK; Kiss–Péterffy–Péterffy; Kiss Cs. M 4.</br></p>

<p>Mv., 1941. jún. 24., † Mv., 2013. orvos. –Felesége: Űrmösi Irén, gyógyszerész asszisztens. Mv.-en végezte az egyetemet is, az OGYI fogorvos karán (1965). Bonyhán, Dicsőszentmártonban dolgozott. A Kis-Küküllő c. lap főszerkesztője. Közéleti feladatokat is vállalt, az RMDSZ megyei alelnöke, parlamenti képviselő (1996–) és Alsó-Küküllő-menti RMDSZ elnöke, városi tanácsos, a Szövetségi Küldöttek Tanácsa, fraklcióvezető, az EMKE [&hellip;]</p>
