{"id":11118,"date":"2025-06-29T13:42:24","date_gmt":"2025-06-29T11:42:24","guid":{"rendered":"https:\/\/uj.adatbank.ro\/lexikon\/termek\/kakonyi-istvan-vitkai-kakoni-istvan\/"},"modified":"2025-06-29T13:42:24","modified_gmt":"2025-06-29T11:42:24","slug":"kakonyi-istvan-vitkai-kakoni-istvan","status":"publish","type":"product","link":"https:\/\/uj.adatbank.ro\/lexikon\/termek\/kakonyi-istvan-vitkai-kakoni-istvan\/","title":{"rendered":"K\u00c1KONYI Istv\u00e1n, vitkai, K\u00e1koni Istv\u00e1n"},"content":{"rendered":"<p>? \u2020 ? : v\u00e1rkapit\u00e1ny, t\u00e1bornok, tan\u00e1cs\u00far. \u2013 B\u00e1thoti G\u00e1bor udvari embere, el\u0151bb G\u00f6rg\u00e9ny v\u00e1r\u00e1nak, majd Szebennek kapit\u00e1nya, k\u00e9s\u0151bb Bethlen G\u00e1bor uralma idej\u00e9n Fogaras v\u00e1r\u00e1nak kapit\u00e1nya, a fejedelem tan\u00e1csosa. Szolg\u00e1latai\u00e9rt a fejedelem h\u00e1l\u00e1b\u00f3l 32 ezer m. Ft. -\u00e9rt elz\u00e1logos\u00edtotta neki G\u00f6rg\u00e9ny v\u00e1r\u00e1t \u00e9s tart\u00f3zand\u00f3s\u00e1gait (1615) \u00e9s a Mocs\u00e1r nev\u0171 erd\u0151t (1616. j\u00fal. 5.), ezt a segesv\u00e1ri ogy. t\u00f6rv\u00e9nybe is iktatta (1616. okt. 9.). <br \/><strong>Irod.:<\/strong> Borsos Tam\u00e1s; Jakab; Kelemen Lajos 2009<\/br><\/p>\n","protected":false},"excerpt":{"rendered":"<p>? \u2020 ? : v\u00e1rkapit\u00e1ny, t\u00e1bornok, tan\u00e1cs\u00far. \u2013 B\u00e1thoti G\u00e1bor udvari embere, el\u0151bb G\u00f6rg\u00e9ny v\u00e1r\u00e1nak, majd Szebennek kapit\u00e1nya, k\u00e9s\u0151bb Bethlen G\u00e1bor uralma idej\u00e9n Fogaras v\u00e1r\u00e1nak kapit\u00e1nya, a fejedelem tan\u00e1csosa. Szolg\u00e1latai\u00e9rt a fejedelem h\u00e1l\u00e1b\u00f3l 32 ezer m. Ft. -\u00e9rt elz\u00e1logos\u00edtotta neki G\u00f6rg\u00e9ny v\u00e1r\u00e1t \u00e9s tart\u00f3zand\u00f3s\u00e1gait (1615) \u00e9s a Mocs\u00e1r nev\u0171 erd\u0151t (1616. j\u00fal. 5.), ezt a [&hellip;]<\/p>\n","protected":false},"featured_media":0,"comment_status":"open","ping_status":"closed","template":"","meta":[],"product_brand":[],"product_cat":[137],"product_tag":[],"class_list":{"0":"post-11118","1":"product","2":"type-product","3":"status-publish","5":"product_cat-maros-megyei-eletrajzi-lexikon","7":"first","8":"instock","9":"shipping-taxable","10":"product-type-simple"},"_links":{"self":[{"href":"https:\/\/uj.adatbank.ro\/lexikon\/wp-json\/wp\/v2\/product\/11118","targetHints":{"allow":["GET"]}}],"collection":[{"href":"https:\/\/uj.adatbank.ro\/lexikon\/wp-json\/wp\/v2\/product"}],"about":[{"href":"https:\/\/uj.adatbank.ro\/lexikon\/wp-json\/wp\/v2\/types\/product"}],"replies":[{"embeddable":true,"href":"https:\/\/uj.adatbank.ro\/lexikon\/wp-json\/wp\/v2\/comments?post=11118"}],"wp:attachment":[{"href":"https:\/\/uj.adatbank.ro\/lexikon\/wp-json\/wp\/v2\/media?parent=11118"}],"wp:term":[{"taxonomy":"product_brand","embeddable":true,"href":"https:\/\/uj.adatbank.ro\/lexikon\/wp-json\/wp\/v2\/product_brand?post=11118"},{"taxonomy":"product_cat","embeddable":true,"href":"https:\/\/uj.adatbank.ro\/lexikon\/wp-json\/wp\/v2\/product_cat?post=11118"},{"taxonomy":"product_tag","embeddable":true,"href":"https:\/\/uj.adatbank.ro\/lexikon\/wp-json\/wp\/v2\/product_tag?post=11118"}],"curies":[{"name":"wp","href":"https:\/\/api.w.org\/{rel}","templated":true}]}}

KÁKONYI István, vitkai, Kákoni István

<p>? † ? : várkapitány, tábornok, tanácsúr. – Báthoti Gábor udvari embere, előbb Görgény várának, majd Szebennek kapitánya, később Bethlen Gábor uralma idején Fogaras várának kapitánya, a fejedelem tanácsosa. Szolgálataiért a fejedelem hálából 32 ezer m. Ft. -ért elzálogosította neki Görgény várát és tartózandóságait (1615) és a Mocsár nevű erdőt (1616. júl. 5.), ezt a segesvári ogy. törvénybe is iktatta (1616. okt. 9.). <br /><strong>Irod.:</strong> Borsos Tamás; Jakab; Kelemen Lajos 2009</br></p>

<p>? † ? : várkapitány, tábornok, tanácsúr. – Báthoti Gábor udvari embere, előbb Görgény várának, majd Szebennek kapitánya, később Bethlen Gábor uralma idején Fogaras várának kapitánya, a fejedelem tanácsosa. Szolgálataiért a fejedelem hálából 32 ezer m. Ft. -ért elzálogosította neki Görgény várát és tartózandóságait (1615) és a Mocsár nevű erdőt (1616. júl. 5.), ezt a [&hellip;]</p>
