{"id":11120,"date":"2025-06-29T13:42:31","date_gmt":"2025-06-29T11:42:31","guid":{"rendered":"https:\/\/uj.adatbank.ro\/lexikon\/termek\/kakucs-ferenc\/"},"modified":"2025-06-29T13:42:31","modified_gmt":"2025-06-29T11:42:31","slug":"kakucs-ferenc","status":"publish","type":"product","link":"https:\/\/uj.adatbank.ro\/lexikon\/termek\/kakucs-ferenc\/","title":{"rendered":"KAKUCS Ferenc"},"content":{"rendered":"<p>Ny\u00e1r\u00e1dremete, 1882. okt. 6., \u2020 Mv., 1955. m\u00e1j. 16.: r. k. pap, ker\u00fcleti tanfel\u00fcgyel\u0151. \u2013 K. J\u00f3zsef \u00e9s Balog M\u00e1ria fia. \u2013 Iskol\u00e1it Mv.-en a R. K. F\u0151gimn.-ban (1896\u20131900) \u00e9s Gyulafeh\u00e9rv\u00e1ron a teol\u00f3gi\u00e1n tanult (1901\u2013), papp\u00e1 szentelt\u00e9k (1907). Seg\u00e9dlelk\u00e9sz Gyergy\u00f3csomafalv\u00e1n, Sz\u00e1rhegyen k\u00e1pl\u00e1n, Kadicsfalv\u00e1n pl\u00e9b\u00e1nos \u00e9s ker\u00fcleti tanfel\u00fcgyel\u0151 (1911\u201346), az I. vh. ut\u00e1n egyh\u00e1zker\u00fcleti tanfel\u00fcgyel\u0151, 35 iskola m\u0171k\u0151d\u00e9s\u00e9t fel\u00fcgyelte. Pl\u00e9b\u00e1nos Hodoson, Dem\u00e9nyh\u00e1z\u00e1n (1945 esperes), Feny\u00e9den (1946), \u00c1kosfalv\u00e1n majd mint esperes-pl\u00e9b\u00e1nos tev\u00e9kenykedett (1933\u2013); Mv.-en majd \u00fajb\u00f3l Kadicsfalv\u00e1n volt. Politikailag akt\u00edv pap, az Orsz\u00e1gos M. P\u00e1rt int\u00e9z\u0151bizotts\u00e1g\u00e1nak tagja (1926\u2013). A m. kult\u00fara terjeszt\u00e9s\u00e9\u00e9rt \u00e9s a kisebbs\u00e9g mellett val\u00f3 ki\u00e1ll\u00e1s\u00e1\u00e9rt hadb\u00edr\u00f3s\u00e1g el\u00e9 \u00e1ll\u00edtott\u00e1k. <br \/><strong>Irod.:<\/strong> Ferenczi S\u00e1ndor 2009; Ny\u00e1r\u00e1dremete; Eremitu-Ny\u00e1r\u00e1dremete; Sz\u00e9kelyf\u00f6ld \u00ed. k.<\/br><\/p>\n","protected":false},"excerpt":{"rendered":"<p>Ny\u00e1r\u00e1dremete, 1882. okt. 6., \u2020 Mv., 1955. m\u00e1j. 16.: r. k. pap, ker\u00fcleti tanfel\u00fcgyel\u0151. \u2013 K. J\u00f3zsef \u00e9s Balog M\u00e1ria fia. \u2013 Iskol\u00e1it Mv.-en a R. K. F\u0151gimn.-ban (1896\u20131900) \u00e9s Gyulafeh\u00e9rv\u00e1ron a teol\u00f3gi\u00e1n tanult (1901\u2013), papp\u00e1 szentelt\u00e9k (1907). Seg\u00e9dlelk\u00e9sz Gyergy\u00f3csomafalv\u00e1n, Sz\u00e1rhegyen k\u00e1pl\u00e1n, Kadicsfalv\u00e1n pl\u00e9b\u00e1nos \u00e9s ker\u00fcleti tanfel\u00fcgyel\u0151 (1911\u201346), az I. vh. ut\u00e1n egyh\u00e1zker\u00fcleti tanfel\u00fcgyel\u0151, 35 [&hellip;]<\/p>\n","protected":false},"featured_media":0,"comment_status":"open","ping_status":"closed","template":"","meta":[],"product_brand":[],"product_cat":[137],"product_tag":[],"class_list":{"0":"post-11120","1":"product","2":"type-product","3":"status-publish","5":"product_cat-maros-megyei-eletrajzi-lexikon","7":"first","8":"instock","9":"shipping-taxable","10":"product-type-simple"},"_links":{"self":[{"href":"https:\/\/uj.adatbank.ro\/lexikon\/wp-json\/wp\/v2\/product\/11120","targetHints":{"allow":["GET"]}}],"collection":[{"href":"https:\/\/uj.adatbank.ro\/lexikon\/wp-json\/wp\/v2\/product"}],"about":[{"href":"https:\/\/uj.adatbank.ro\/lexikon\/wp-json\/wp\/v2\/types\/product"}],"replies":[{"embeddable":true,"href":"https:\/\/uj.adatbank.ro\/lexikon\/wp-json\/wp\/v2\/comments?post=11120"}],"wp:attachment":[{"href":"https:\/\/uj.adatbank.ro\/lexikon\/wp-json\/wp\/v2\/media?parent=11120"}],"wp:term":[{"taxonomy":"product_brand","embeddable":true,"href":"https:\/\/uj.adatbank.ro\/lexikon\/wp-json\/wp\/v2\/product_brand?post=11120"},{"taxonomy":"product_cat","embeddable":true,"href":"https:\/\/uj.adatbank.ro\/lexikon\/wp-json\/wp\/v2\/product_cat?post=11120"},{"taxonomy":"product_tag","embeddable":true,"href":"https:\/\/uj.adatbank.ro\/lexikon\/wp-json\/wp\/v2\/product_tag?post=11120"}],"curies":[{"name":"wp","href":"https:\/\/api.w.org\/{rel}","templated":true}]}}

<p>Nyárádremete, 1882. okt. 6., † Mv., 1955. máj. 16.: r. k. pap, kerületi tanfelügyelő. – K. József és Balog Mária fia. – Iskoláit Mv.-en a R. K. Főgimn.-ban (1896–1900) és Gyulafehérváron a teológián tanult (1901–), pappá szentelték (1907). Segédlelkész Gyergyócsomafalván, Szárhegyen káplán, Kadicsfalván plébános és kerületi tanfelügyelő (1911–46), az I. vh. után egyházkerületi tanfelügyelő, 35 iskola műkődését felügyelte. Plébános Hodoson, Deményházán (1945 esperes), Fenyéden (1946), Ákosfalván majd mint esperes-plébános tevékenykedett (1933–); Mv.-en majd újból Kadicsfalván volt. Politikailag aktív pap, az Országos M. Párt intézőbizottságának tagja (1926–). A m. kultúra terjesztéséért és a kisebbség mellett való kiállásáért hadbíróság elé állították. <br /><strong>Irod.:</strong> Ferenczi Sándor 2009; Nyárádremete; Eremitu-Nyárádremete; Székelyföld í. k.</br></p>

<p>Nyárádremete, 1882. okt. 6., † Mv., 1955. máj. 16.: r. k. pap, kerületi tanfelügyelő. – K. József és Balog Mária fia. – Iskoláit Mv.-en a R. K. Főgimn.-ban (1896–1900) és Gyulafehérváron a teológián tanult (1901–), pappá szentelték (1907). Segédlelkész Gyergyócsomafalván, Szárhegyen káplán, Kadicsfalván plébános és kerületi tanfelügyelő (1911–46), az I. vh. után egyházkerületi tanfelügyelő, 35 [&hellip;]</p>
