{"id":11121,"date":"2025-06-29T13:42:32","date_gmt":"2025-06-29T11:42:32","guid":{"rendered":"https:\/\/uj.adatbank.ro\/lexikon\/termek\/kakucs-gyorgy-dr\/"},"modified":"2025-06-29T13:42:32","modified_gmt":"2025-06-29T11:42:32","slug":"kakucs-gyorgy-dr","status":"publish","type":"product","link":"https:\/\/uj.adatbank.ro\/lexikon\/termek\/kakucs-gyorgy-dr\/","title":{"rendered":"KAKUCS Gy\u00f6rgy, dr."},"content":{"rendered":"<p>Mv., 1936., \u2020 Mv., 2020.: orvos. \u2013 : Feles\u00e9ge: gy\u00f3gyszer\u00e9sz. Van k\u00e9t fi\u00fak \u00e9s egy l\u00e1nyuk. \u2013 Mv.-en a M. Fi\u00falic.-ban v\u00e9gzett. A MOGYI \u2013ban szerzett \u00e1ltal\u00e1nos orvosi oklevelet (1961). L\u00f6v\u00e9t\u00e9n (Hargita megye) k\u00f6rzeti orvos (1962\u20131963), S\u00f3v\u00e1radon (1964\u20131968) \u00e9s Makfalv\u00e1n nyugd\u00edjaz\u00e1s\u00e1ig (1968\u20131998). <br \/><strong>Irod.:<\/strong> Kiss Cs. M 4.<\/br><\/p>\n","protected":false},"excerpt":{"rendered":"<p>Mv., 1936., \u2020 Mv., 2020.: orvos. \u2013 : Feles\u00e9ge: gy\u00f3gyszer\u00e9sz. Van k\u00e9t fi\u00fak \u00e9s egy l\u00e1nyuk. \u2013 Mv.-en a M. Fi\u00falic.-ban v\u00e9gzett. A MOGYI \u2013ban szerzett \u00e1ltal\u00e1nos orvosi oklevelet (1961). L\u00f6v\u00e9t\u00e9n (Hargita megye) k\u00f6rzeti orvos (1962\u20131963), S\u00f3v\u00e1radon (1964\u20131968) \u00e9s Makfalv\u00e1n nyugd\u00edjaz\u00e1s\u00e1ig (1968\u20131998). Irod.: Kiss Cs. M 4.<\/p>\n","protected":false},"featured_media":0,"comment_status":"open","ping_status":"closed","template":"","meta":[],"product_brand":[],"product_cat":[137],"product_tag":[],"class_list":{"0":"post-11121","1":"product","2":"type-product","3":"status-publish","5":"product_cat-maros-megyei-eletrajzi-lexikon","7":"first","8":"instock","9":"shipping-taxable","10":"product-type-simple"},"_links":{"self":[{"href":"https:\/\/uj.adatbank.ro\/lexikon\/wp-json\/wp\/v2\/product\/11121","targetHints":{"allow":["GET"]}}],"collection":[{"href":"https:\/\/uj.adatbank.ro\/lexikon\/wp-json\/wp\/v2\/product"}],"about":[{"href":"https:\/\/uj.adatbank.ro\/lexikon\/wp-json\/wp\/v2\/types\/product"}],"replies":[{"embeddable":true,"href":"https:\/\/uj.adatbank.ro\/lexikon\/wp-json\/wp\/v2\/comments?post=11121"}],"wp:attachment":[{"href":"https:\/\/uj.adatbank.ro\/lexikon\/wp-json\/wp\/v2\/media?parent=11121"}],"wp:term":[{"taxonomy":"product_brand","embeddable":true,"href":"https:\/\/uj.adatbank.ro\/lexikon\/wp-json\/wp\/v2\/product_brand?post=11121"},{"taxonomy":"product_cat","embeddable":true,"href":"https:\/\/uj.adatbank.ro\/lexikon\/wp-json\/wp\/v2\/product_cat?post=11121"},{"taxonomy":"product_tag","embeddable":true,"href":"https:\/\/uj.adatbank.ro\/lexikon\/wp-json\/wp\/v2\/product_tag?post=11121"}],"curies":[{"name":"wp","href":"https:\/\/api.w.org\/{rel}","templated":true}]}}