{"id":11122,"date":"2025-06-29T13:42:34","date_gmt":"2025-06-29T11:42:34","guid":{"rendered":"https:\/\/uj.adatbank.ro\/lexikon\/termek\/kakucs-imre\/"},"modified":"2025-06-29T13:42:34","modified_gmt":"2025-06-29T11:42:34","slug":"kakucs-imre","status":"publish","type":"product","link":"https:\/\/uj.adatbank.ro\/lexikon\/termek\/kakucs-imre\/","title":{"rendered":"KAKUCS Imre"},"content":{"rendered":"<p>Ny\u00e1r\u00e1dremete, 1893., \u2020 ?: tan\u00edt\u00f3. \u2013 Gyergy\u00f3csomafalv\u00e1n tan\u00edtott. R\u00e9szt vett az els\u0151 vh.-ban (1914\u201319). Mv.-en vonult be a 22. h. gy. -hez, harcolt az orosz fronton ahol megsebes\u00fclt; a Sz\u00e9kely Honv\u00e9dhadoszt\u00e1ly (alap\u00edtotta Kv.-on Kratochwil K\u00e1roly ) k\u00f6tel\u00e9k\u00e9ben harcolt (1918), k\u00e9s\u0151bb r\u00e9szt vett a nyugat mo.-i felkel\u00e9sben, majd Dunakeszi-Alagon teljes\u00edtett karhatalmi szolg\u00e1latot. <br \/><strong>Irod.:<\/strong> : Erd\u00e9lyi ezredek; Ny\u00e1r\u00e1dremete<\/br><\/p>\n","protected":false},"excerpt":{"rendered":"<p>Ny\u00e1r\u00e1dremete, 1893., \u2020 ?: tan\u00edt\u00f3. \u2013 Gyergy\u00f3csomafalv\u00e1n tan\u00edtott. R\u00e9szt vett az els\u0151 vh.-ban (1914\u201319). Mv.-en vonult be a 22. h. gy. -hez, harcolt az orosz fronton ahol megsebes\u00fclt; a Sz\u00e9kely Honv\u00e9dhadoszt\u00e1ly (alap\u00edtotta Kv.-on Kratochwil K\u00e1roly ) k\u00f6tel\u00e9k\u00e9ben harcolt (1918), k\u00e9s\u0151bb r\u00e9szt vett a nyugat mo.-i felkel\u00e9sben, majd Dunakeszi-Alagon teljes\u00edtett karhatalmi szolg\u00e1latot. Irod.: : Erd\u00e9lyi ezredek; [&hellip;]<\/p>\n","protected":false},"featured_media":0,"comment_status":"open","ping_status":"closed","template":"","meta":[],"product_brand":[],"product_cat":[137],"product_tag":[],"class_list":{"0":"post-11122","1":"product","2":"type-product","3":"status-publish","5":"product_cat-maros-megyei-eletrajzi-lexikon","7":"first","8":"instock","9":"shipping-taxable","10":"product-type-simple"},"_links":{"self":[{"href":"https:\/\/uj.adatbank.ro\/lexikon\/wp-json\/wp\/v2\/product\/11122","targetHints":{"allow":["GET"]}}],"collection":[{"href":"https:\/\/uj.adatbank.ro\/lexikon\/wp-json\/wp\/v2\/product"}],"about":[{"href":"https:\/\/uj.adatbank.ro\/lexikon\/wp-json\/wp\/v2\/types\/product"}],"replies":[{"embeddable":true,"href":"https:\/\/uj.adatbank.ro\/lexikon\/wp-json\/wp\/v2\/comments?post=11122"}],"wp:attachment":[{"href":"https:\/\/uj.adatbank.ro\/lexikon\/wp-json\/wp\/v2\/media?parent=11122"}],"wp:term":[{"taxonomy":"product_brand","embeddable":true,"href":"https:\/\/uj.adatbank.ro\/lexikon\/wp-json\/wp\/v2\/product_brand?post=11122"},{"taxonomy":"product_cat","embeddable":true,"href":"https:\/\/uj.adatbank.ro\/lexikon\/wp-json\/wp\/v2\/product_cat?post=11122"},{"taxonomy":"product_tag","embeddable":true,"href":"https:\/\/uj.adatbank.ro\/lexikon\/wp-json\/wp\/v2\/product_tag?post=11122"}],"curies":[{"name":"wp","href":"https:\/\/api.w.org\/{rel}","templated":true}]}}