{"id":11127,"date":"2025-06-29T13:42:42","date_gmt":"2025-06-29T11:42:42","guid":{"rendered":"https:\/\/uj.adatbank.ro\/lexikon\/termek\/kakuts-gyorgy-kakucs-gyorgy-id\/"},"modified":"2025-06-29T13:42:42","modified_gmt":"2025-06-29T11:42:42","slug":"kakuts-gyorgy-kakucs-gyorgy-id","status":"publish","type":"product","link":"https:\/\/uj.adatbank.ro\/lexikon\/termek\/kakuts-gyorgy-kakucs-gyorgy-id\/","title":{"rendered":"KAKUTS Gy\u00f6rgy; Kakucs Gy\u00f6rgy, id."},"content":{"rendered":"<p>Ny\u00e1r\u00e1dremete, 1877. m\u00e1rc. 23., \u2020 Mv., 1960.: tan\u00edt\u00f3. \u2013 Kisbirtokos csal\u00e1db\u00f3l sz\u00fcletett, K. Gy\u00f6rgy \u00e9s F\u00fcl\u00f6p Zs\u00f3fia fia. \u2013 Mv.-en a R. K. F\u0151gimn.-ban tanult. Tan\u00edt\u00f3i p\u00e1lyafut\u00e1s\u00e1t Ny\u00e1r\u00e1dremet\u00e9n kezdte (1899\u2013), n\u00e9h\u00e1ny h\u00f3nap m\u00falva Parajdra helyezt\u00e9k (1899), majd Bp.-en az \u00c1llami Tan\u00edt\u00f3i tov\u00e1bbk\u00e9pz\u0151t v\u00e9gezte el (1909). A parajdi \u00e1llami iskol\u00e1n\u00e1l tan\u00edtott (\u20131916), majd a bp.-i kultuszminiszt\u00e9riumban fejtett ki tev\u00e9kenys\u00e9get, ahonnan ism\u00e9t Parajdra ker\u00fclt. Ott r. k. \u00e9s ref. felekezetk\u00f6zi iskol\u00e1t l\u00e9tes\u00edtett, amelynek igazgat\u00f3ja lett. Mv.-en a M. Iparostanul\u00f3 Otthon igazgat\u00f3ja (1925\u2013) \u00e9s t\u00f6bb mv.-i dal\u00e1rda szervez\u0151je, eln\u00f6ke. A K. F\u0151gimn. vil\u00e1gi tan\u00e1ra \u00e9s a zenet\u00e1r \u0151re lett (1926\u2013). A pedag\u00f3giai \u00e9s egyh\u00e1zi \u00e9nek fejleszt\u00e9se ter\u00e9n k\u00fcl\u00f6nleges \u00e9rdemeket szerzett, a Mv.-i \u00d6sszes\u00edtett M. Dal\u00e1rd\u00e1k karnagya (1940\u2013). Parajdon megalap\u00edtotta a templomi vegyes k\u00f3rust, azonk\u00edv\u00fcl a Polg\u00e1ri Dalk\u00f6r karnagya \u00e9s az \u00e1lland\u00f3 m\u0171kedvel\u0151 test\u00fclet rendez\u0151 igazgat\u00f3ja volt, k\u00f6zben 3 \u00e9vig mint gimn.-i \u00e9nektan\u00e1r m\u0171k\u00f6d\u00f6tt. T\u00f6bb hitelsz\u00f6vetkezet, t\u00e1rsadalmi \u00e9s kultur\u00e1lis egyes\u00fclet vezet\u0151s\u00e9gi tagja. A II. vh. -t k\u00f6vet\u0151en a k\u00e1ntor n\u00e9lk\u00fcl maradt sz\u00fcl\u0151faluj\u00e1ba hazaj\u00e1rt dal\u00e1rd\u00e1t szervezni, ugyanakkor egyik orvos bar\u00e1tja a remetei begegek gondoz\u00e1s\u00e1t is r\u00e1b\u00edzta. <br \/><strong>Irod.:<\/strong> Erd\u00e9lyi ezredek; Ny\u00e1r\u00e1dremete; Ki kicsoda ?; Eremitu-Ny\u00e1r\u00e1dremete; Maros megyei t\u00f6rt.; Visnai<\/br><\/p>\n","protected":false},"excerpt":{"rendered":"<p>Ny\u00e1r\u00e1dremete, 1877. m\u00e1rc. 23., \u2020 Mv., 1960.: tan\u00edt\u00f3. \u2013 Kisbirtokos csal\u00e1db\u00f3l sz\u00fcletett, K. Gy\u00f6rgy \u00e9s F\u00fcl\u00f6p Zs\u00f3fia fia. \u2013 Mv.-en a R. K. F\u0151gimn.-ban tanult. Tan\u00edt\u00f3i p\u00e1lyafut\u00e1s\u00e1t Ny\u00e1r\u00e1dremet\u00e9n kezdte (1899\u2013), n\u00e9h\u00e1ny h\u00f3nap m\u00falva Parajdra helyezt\u00e9k (1899), majd Bp.-en az \u00c1llami Tan\u00edt\u00f3i tov\u00e1bbk\u00e9pz\u0151t v\u00e9gezte el (1909). A parajdi \u00e1llami iskol\u00e1n\u00e1l tan\u00edtott (\u20131916), majd a bp.-i kultuszminiszt\u00e9riumban [&hellip;]<\/p>\n","protected":false},"featured_media":0,"comment_status":"open","ping_status":"closed","template":"","meta":[],"product_brand":[],"product_cat":[137],"product_tag":[],"class_list":{"0":"post-11127","1":"product","2":"type-product","3":"status-publish","5":"product_cat-maros-megyei-eletrajzi-lexikon","7":"first","8":"instock","9":"shipping-taxable","10":"product-type-simple"},"_links":{"self":[{"href":"https:\/\/uj.adatbank.ro\/lexikon\/wp-json\/wp\/v2\/product\/11127","targetHints":{"allow":["GET"]}}],"collection":[{"href":"https:\/\/uj.adatbank.ro\/lexikon\/wp-json\/wp\/v2\/product"}],"about":[{"href":"https:\/\/uj.adatbank.ro\/lexikon\/wp-json\/wp\/v2\/types\/product"}],"replies":[{"embeddable":true,"href":"https:\/\/uj.adatbank.ro\/lexikon\/wp-json\/wp\/v2\/comments?post=11127"}],"wp:attachment":[{"href":"https:\/\/uj.adatbank.ro\/lexikon\/wp-json\/wp\/v2\/media?parent=11127"}],"wp:term":[{"taxonomy":"product_brand","embeddable":true,"href":"https:\/\/uj.adatbank.ro\/lexikon\/wp-json\/wp\/v2\/product_brand?post=11127"},{"taxonomy":"product_cat","embeddable":true,"href":"https:\/\/uj.adatbank.ro\/lexikon\/wp-json\/wp\/v2\/product_cat?post=11127"},{"taxonomy":"product_tag","embeddable":true,"href":"https:\/\/uj.adatbank.ro\/lexikon\/wp-json\/wp\/v2\/product_tag?post=11127"}],"curies":[{"name":"wp","href":"https:\/\/api.w.org\/{rel}","templated":true}]}}

KAKUTS György; Kakucs György, id.

<p>Nyárádremete, 1877. márc. 23., † Mv., 1960.: tanító. – Kisbirtokos családból született, K. György és Fülöp Zsófia fia. – Mv.-en a R. K. Főgimn.-ban tanult. Tanítói pályafutását Nyárádremetén kezdte (1899–), néhány hónap múlva Parajdra helyezték (1899), majd Bp.-en az Állami Tanítói továbbképzőt végezte el (1909). A parajdi állami iskolánál tanított (–1916), majd a bp.-i kultuszminisztériumban fejtett ki tevékenységet, ahonnan ismét Parajdra került. Ott r. k. és ref. felekezetközi iskolát létesített, amelynek igazgatója lett. Mv.-en a M. Iparostanuló Otthon igazgatója (1925–) és több mv.-i dalárda szervezője, elnöke. A K. Főgimn. világi tanára és a zenetár őre lett (1926–). A pedagógiai és egyházi ének fejlesztése terén különleges érdemeket szerzett, a Mv.-i Összesített M. Dalárdák karnagya (1940–). Parajdon megalapította a templomi vegyes kórust, azonkívül a Polgári Dalkör karnagya és az állandó műkedvelő testület rendező igazgatója volt, közben 3 évig mint gimn.-i énektanár működött. Több hitelszövetkezet, társadalmi és kulturális egyesület vezetőségi tagja. A II. vh. -t követően a kántor nélkül maradt szülőfalujába hazajárt dalárdát szervezni, ugyanakkor egyik orvos barátja a remetei begegek gondozását is rábízta. <br /><strong>Irod.:</strong> Erdélyi ezredek; Nyárádremete; Ki kicsoda ?; Eremitu-Nyárádremete; Maros megyei tört.; Visnai</br></p>

<p>Nyárádremete, 1877. márc. 23., † Mv., 1960.: tanító. – Kisbirtokos családból született, K. György és Fülöp Zsófia fia. – Mv.-en a R. K. Főgimn.-ban tanult. Tanítói pályafutását Nyárádremetén kezdte (1899–), néhány hónap múlva Parajdra helyezték (1899), majd Bp.-en az Állami Tanítói továbbképzőt végezte el (1909). A parajdi állami iskolánál tanított (–1916), majd a bp.-i kultuszminisztériumban [&hellip;]</p>
