{"id":11129,"date":"2025-06-29T13:42:46","date_gmt":"2025-06-29T11:42:46","guid":{"rendered":"https:\/\/uj.adatbank.ro\/lexikon\/termek\/kakutsi-janos-felsokapolnai\/"},"modified":"2025-06-29T13:42:46","modified_gmt":"2025-06-29T11:42:46","slug":"kakutsi-janos-felsokapolnai","status":"publish","type":"product","link":"https:\/\/uj.adatbank.ro\/lexikon\/termek\/kakutsi-janos-felsokapolnai\/","title":{"rendered":"KAKUTSI J\u00e1nos, fels\u0151k\u00e1polnai"},"content":{"rendered":"<p>1754., \u2020 Mv., 1831. m\u00e1rc. 3.: kir. t\u00e1blai \u00fcln\u00f6k. \u2013 Gyermekei: K. Elek; Krisztina Botos S\u00e1mueln\u00e9; K. Zsigmond. \u2013 A Kir. T\u00e1bla sz\u00e1mfeletti \u00fcln\u00f6ke, rendszerinti b\u00edr\u00e1ja. A polg\u00e1ri hitelt mint nemes ember taxa n\u00e9lk\u00fcl tette le (1808. \u00e1pr. 23.). Tagja volt a Gecse-f\u00e9le Emberszereteti Int\u00e9zet bizottm\u00e1ny\u00e1nak. <br \/><strong>Irod.:<\/strong> Gy\u00e1szjelent\u0151; Kr\u00f3n. F\u00fcz. (1939. 4\/6); P\u00e1l-Antal 2006; P\u00e1lmay J\u00f3zsef.<\/br><\/p>\n","protected":false},"excerpt":{"rendered":"<p>1754., \u2020 Mv., 1831. m\u00e1rc. 3.: kir. t\u00e1blai \u00fcln\u00f6k. \u2013 Gyermekei: K. Elek; Krisztina Botos S\u00e1mueln\u00e9; K. Zsigmond. \u2013 A Kir. T\u00e1bla sz\u00e1mfeletti \u00fcln\u00f6ke, rendszerinti b\u00edr\u00e1ja. A polg\u00e1ri hitelt mint nemes ember taxa n\u00e9lk\u00fcl tette le (1808. \u00e1pr. 23.). Tagja volt a Gecse-f\u00e9le Emberszereteti Int\u00e9zet bizottm\u00e1ny\u00e1nak. Irod.: Gy\u00e1szjelent\u0151; Kr\u00f3n. F\u00fcz. (1939. 4\/6); P\u00e1l-Antal 2006; P\u00e1lmay [&hellip;]<\/p>\n","protected":false},"featured_media":0,"comment_status":"open","ping_status":"closed","template":"","meta":[],"product_brand":[],"product_cat":[137],"product_tag":[],"class_list":{"0":"post-11129","1":"product","2":"type-product","3":"status-publish","5":"product_cat-maros-megyei-eletrajzi-lexikon","7":"first","8":"instock","9":"shipping-taxable","10":"product-type-simple"},"_links":{"self":[{"href":"https:\/\/uj.adatbank.ro\/lexikon\/wp-json\/wp\/v2\/product\/11129","targetHints":{"allow":["GET"]}}],"collection":[{"href":"https:\/\/uj.adatbank.ro\/lexikon\/wp-json\/wp\/v2\/product"}],"about":[{"href":"https:\/\/uj.adatbank.ro\/lexikon\/wp-json\/wp\/v2\/types\/product"}],"replies":[{"embeddable":true,"href":"https:\/\/uj.adatbank.ro\/lexikon\/wp-json\/wp\/v2\/comments?post=11129"}],"wp:attachment":[{"href":"https:\/\/uj.adatbank.ro\/lexikon\/wp-json\/wp\/v2\/media?parent=11129"}],"wp:term":[{"taxonomy":"product_brand","embeddable":true,"href":"https:\/\/uj.adatbank.ro\/lexikon\/wp-json\/wp\/v2\/product_brand?post=11129"},{"taxonomy":"product_cat","embeddable":true,"href":"https:\/\/uj.adatbank.ro\/lexikon\/wp-json\/wp\/v2\/product_cat?post=11129"},{"taxonomy":"product_tag","embeddable":true,"href":"https:\/\/uj.adatbank.ro\/lexikon\/wp-json\/wp\/v2\/product_tag?post=11129"}],"curies":[{"name":"wp","href":"https:\/\/api.w.org\/{rel}","templated":true}]}}