{"id":11136,"date":"2025-06-29T13:43:02","date_gmt":"2025-06-29T11:43:02","guid":{"rendered":"https:\/\/uj.adatbank.ro\/lexikon\/termek\/kaldy-jozsef\/"},"modified":"2025-06-29T13:43:02","modified_gmt":"2025-06-29T11:43:02","slug":"kaldy-jozsef","status":"publish","type":"product","link":"https:\/\/uj.adatbank.ro\/lexikon\/termek\/kaldy-jozsef\/","title":{"rendered":"K\u00c1LDY J\u00f3zsef"},"content":{"rendered":"<p>Iharosber\u00e9ny, 1920. aug. 28., \u2020 Sopron, 1983. febr. 24.: erd\u0151m\u00e9rn\u00f6k. \u2013 A bp.-i m\u0171szaki \u00e9s gazdas\u00e1gtud. egy. soproni b\u00e1nya-, koh\u00f3- \u00e9s erd\u0151m\u00e9rn\u00f6ki kar\u00e1n erd\u0151m\u00e9rn\u00f6ki ok\u00adlevelet szerzett (1942). A besztercei \u00e1ll. erd\u0151gazd. erd\u0151rendez\u0151s\u00e9g\u00e9nek mun\u00adkat\u00e1rsa; a mv.-i erd\u0151igazgat\u00f3s\u00e1g seg\u00e9derd\u0151m\u00e9rn\u00f6ke (1942\u201344), a bp.-i erd\u0151fel\u00fcgyel\u0151s\u00e9g m\u00e9rn\u00f6ke (1944\u201345), majd a p\u00e9csi erd\u0151igazgat\u00f3s\u00e1g, az \u00c1ll. Gazdas\u00e1gok \u00e9s Erd\u0151k Min. munkat\u00e1rsa, a s\u00e1toralja\u00ad\u00fajhelyi erd\u0151gazdas\u00e1g f\u0151m\u00e9rn\u00f6ke; a soproni Erd\u0151m\u00e9rn\u00f6ki F\u0151isk. (Erd\u00e9\u00adszeti \u00e9s Faipari Egy.) tan\u00e1ra, d\u00e9k\u00e1nja, megb\u00edzott rektor, valamint a tov\u00e1bbk\u00e9pz\u00e9si oszt\u00e1ly veze\u00adt\u0151je volt (1981-ig). <br \/><strong>Irod.:<\/strong> \u00daM\u00c9L<\/br><\/p>\n","protected":false},"excerpt":{"rendered":"<p>Iharosber\u00e9ny, 1920. aug. 28., \u2020 Sopron, 1983. febr. 24.: erd\u0151m\u00e9rn\u00f6k. \u2013 A bp.-i m\u0171szaki \u00e9s gazdas\u00e1gtud. egy. soproni b\u00e1nya-, koh\u00f3- \u00e9s erd\u0151m\u00e9rn\u00f6ki kar\u00e1n erd\u0151m\u00e9rn\u00f6ki ok\u00adlevelet szerzett (1942). A besztercei \u00e1ll. erd\u0151gazd. erd\u0151rendez\u0151s\u00e9g\u00e9nek mun\u00adkat\u00e1rsa; a mv.-i erd\u0151igazgat\u00f3s\u00e1g seg\u00e9derd\u0151m\u00e9rn\u00f6ke (1942\u201344), a bp.-i erd\u0151fel\u00fcgyel\u0151s\u00e9g m\u00e9rn\u00f6ke (1944\u201345), majd a p\u00e9csi erd\u0151igazgat\u00f3s\u00e1g, az \u00c1ll. Gazdas\u00e1gok \u00e9s Erd\u0151k Min. munkat\u00e1rsa, a [&hellip;]<\/p>\n","protected":false},"featured_media":0,"comment_status":"open","ping_status":"closed","template":"","meta":[],"product_brand":[],"product_cat":[137],"product_tag":[],"class_list":{"0":"post-11136","1":"product","2":"type-product","3":"status-publish","5":"product_cat-maros-megyei-eletrajzi-lexikon","7":"first","8":"instock","9":"shipping-taxable","10":"product-type-simple"},"_links":{"self":[{"href":"https:\/\/uj.adatbank.ro\/lexikon\/wp-json\/wp\/v2\/product\/11136","targetHints":{"allow":["GET"]}}],"collection":[{"href":"https:\/\/uj.adatbank.ro\/lexikon\/wp-json\/wp\/v2\/product"}],"about":[{"href":"https:\/\/uj.adatbank.ro\/lexikon\/wp-json\/wp\/v2\/types\/product"}],"replies":[{"embeddable":true,"href":"https:\/\/uj.adatbank.ro\/lexikon\/wp-json\/wp\/v2\/comments?post=11136"}],"wp:attachment":[{"href":"https:\/\/uj.adatbank.ro\/lexikon\/wp-json\/wp\/v2\/media?parent=11136"}],"wp:term":[{"taxonomy":"product_brand","embeddable":true,"href":"https:\/\/uj.adatbank.ro\/lexikon\/wp-json\/wp\/v2\/product_brand?post=11136"},{"taxonomy":"product_cat","embeddable":true,"href":"https:\/\/uj.adatbank.ro\/lexikon\/wp-json\/wp\/v2\/product_cat?post=11136"},{"taxonomy":"product_tag","embeddable":true,"href":"https:\/\/uj.adatbank.ro\/lexikon\/wp-json\/wp\/v2\/product_tag?post=11136"}],"curies":[{"name":"wp","href":"https:\/\/api.w.org\/{rel}","templated":true}]}}

KÁLDY József

<p>Iharosberény, 1920. aug. 28., † Sopron, 1983. febr. 24.: erdőmérnök. – A bp.-i műszaki és gazdaságtud. egy. soproni bánya-, kohó- és erdőmérnöki karán erdőmérnöki ok­levelet szerzett (1942). A besztercei áll. erdőgazd. erdőrendezőségének mun­katársa; a mv.-i erdőigazgatóság segéderdőmérnöke (1942–44), a bp.-i erdőfelügyelőség mérnöke (1944–45), majd a pécsi erdőigazgatóság, az Áll. Gazdaságok és Erdők Min. munkatársa, a sátoralja­újhelyi erdőgazdaság főmérnöke; a soproni Erdőmérnöki Főisk. (Erdé­szeti és Faipari Egy.) tanára, dékánja, megbízott rektor, valamint a továbbképzési osztály veze­tője volt (1981-ig). <br /><strong>Irod.:</strong> ÚMÉL</br></p>

<p>Iharosberény, 1920. aug. 28., † Sopron, 1983. febr. 24.: erdőmérnök. – A bp.-i műszaki és gazdaságtud. egy. soproni bánya-, kohó- és erdőmérnöki karán erdőmérnöki ok­levelet szerzett (1942). A besztercei áll. erdőgazd. erdőrendezőségének mun­katársa; a mv.-i erdőigazgatóság segéderdőmérnöke (1942–44), a bp.-i erdőfelügyelőség mérnöke (1944–45), majd a pécsi erdőigazgatóság, az Áll. Gazdaságok és Erdők Min. munkatársa, a [&hellip;]</p>
