{"id":11142,"date":"2025-06-29T13:43:14","date_gmt":"2025-06-29T11:43:14","guid":{"rendered":"https:\/\/uj.adatbank.ro\/lexikon\/termek\/kali-denes-alsosofalvi\/"},"modified":"2025-06-29T13:43:14","modified_gmt":"2025-06-29T11:43:14","slug":"kali-denes-alsosofalvi","status":"publish","type":"product","link":"https:\/\/uj.adatbank.ro\/lexikon\/termek\/kali-denes-alsosofalvi\/","title":{"rendered":"K\u00c1LI D\u00e9nes, als\u00f3s\u00f3falvi"},"content":{"rendered":"<p>Nagykend, 1886. szept. 30., \u2020 Szov\u00e1ta, 1962. j\u00fan. 23.: ref. lelk\u00e9sz. \u2013Tanulm\u00e1nyait Makfalv\u00e1n, Nagyenyeden \u00e9s Kv.-on v\u00e9gezte, papp\u00e1 szentelt\u00e9k (1911), ahol egy \u00e9vig volt seg\u00e9dlelk\u00e9sz \u00e9s hitoktat\u00f3; Nagykenden, majd kv.-i hitoktat\u00f3; L\u0151ricr\u00e9ven (Feh\u00e9r) szolg\u00e1lt (1912\u201325, ahonnan Nagykendre h\u00edvt\u00e1k meg e (1925. dec. 20\u20131942). Sz\u00fcl\u0151faluj\u00e1\u00e9rt f\u00e1radhatatlanul tev\u00e9kenyked\u0151 lelk\u00e9sz: az \u00f6sszes egyh\u00e1zi \u00e9p\u00fcletet renov\u00e1ltatta, b\u0151v\u00edtette, rendbetette. A k\u00f6lts\u00e9gek fedez\u00e9se c\u00e9lj\u00e1b\u00f3l egyh\u00e1zfenntar\u00f3i t\u0151k\u00e9t hozott l\u00e9tre adom\u00e1nygy\u0171jt\u00e9sb\u0151l. Tejsz\u00f6vetkezetet, gazdak\u00f6rt l\u00e9tes\u00edtett. Sok neh\u00e9zs\u00e9g \u00e1r\u00e1n \u00faj iskol\u00e1t \u00e9p\u00edttetett. Az anyagiakkal p\u00e1rhuzamosan a lelki-erk\u00f6lcsi helyre\u00e1ll\u00edt\u00e1s is beindult. Vas\u00e1rnapi iskol\u00e1t, biblia\u00f3r\u00e1kat vezetett. Jelent\u0151s teol\u00f3giai \u00e9s irodalmi munk\u00e1ss\u00e1got fejtett ki. Cikkei, tanulm\u00e1nyai az : Ellenz\u00e9k; K\u00fck\u00fcll\u0151mente, Az \u00dat-ban jelentek meg. Sz\u00fcl\u0151faluj\u00e1b\u00f3l Szov\u00e1t\u00e1ra h\u00edvt\u00e1k (1942), ahol mint a helyis\u00e9g els\u0151 teol\u00f3gi\u00e1t v\u00e9gzett lelk\u00e9sz\u00e9t F\u00fcl\u00f6p D\u00e9nes esperes iktatta be \u00e9s m\u00e9g h\u00fasz \u00e9vig szolg\u00e1lt ugyanolyan eredm\u00e9nyesen. K\u00edv\u00e1ns\u00e1g\u00e1ra sz\u00fcl\u0151faluj\u00e1ban temett\u00e9k el. Minden kult\u00farint\u00e9zm\u00e9nyt t\u00e1mogatott. Nyugd\u00edjba vonult (1961. dec.). <br \/><strong>Irod.:<\/strong> B\u00f6l\u00f6ni Domokos: A kende f\u00f6ldj\u00e9n (N\u00fa., 1995. aug. 1.); Kend \u00e9s egyh\u00e1za Ref. egyetemes n\u00e9vt\u00e1r, Sz\u00e9kelyf\u00f6ld \u00ed. k.; Szov\u00e1ta<\/br><\/p>\n","protected":false},"excerpt":{"rendered":"<p>Nagykend, 1886. szept. 30., \u2020 Szov\u00e1ta, 1962. j\u00fan. 23.: ref. lelk\u00e9sz. \u2013Tanulm\u00e1nyait Makfalv\u00e1n, Nagyenyeden \u00e9s Kv.-on v\u00e9gezte, papp\u00e1 szentelt\u00e9k (1911), ahol egy \u00e9vig volt seg\u00e9dlelk\u00e9sz \u00e9s hitoktat\u00f3; Nagykenden, majd kv.-i hitoktat\u00f3; L\u0151ricr\u00e9ven (Feh\u00e9r) szolg\u00e1lt (1912\u201325, ahonnan Nagykendre h\u00edvt\u00e1k meg e (1925. dec. 20\u20131942). Sz\u00fcl\u0151faluj\u00e1\u00e9rt f\u00e1radhatatlanul tev\u00e9kenyked\u0151 lelk\u00e9sz: az \u00f6sszes egyh\u00e1zi \u00e9p\u00fcletet renov\u00e1ltatta, b\u0151v\u00edtette, rendbetette. A [&hellip;]<\/p>\n","protected":false},"featured_media":0,"comment_status":"open","ping_status":"closed","template":"","meta":[],"product_brand":[],"product_cat":[137],"product_tag":[],"class_list":{"0":"post-11142","1":"product","2":"type-product","3":"status-publish","5":"product_cat-maros-megyei-eletrajzi-lexikon","7":"first","8":"instock","9":"shipping-taxable","10":"product-type-simple"},"_links":{"self":[{"href":"https:\/\/uj.adatbank.ro\/lexikon\/wp-json\/wp\/v2\/product\/11142","targetHints":{"allow":["GET"]}}],"collection":[{"href":"https:\/\/uj.adatbank.ro\/lexikon\/wp-json\/wp\/v2\/product"}],"about":[{"href":"https:\/\/uj.adatbank.ro\/lexikon\/wp-json\/wp\/v2\/types\/product"}],"replies":[{"embeddable":true,"href":"https:\/\/uj.adatbank.ro\/lexikon\/wp-json\/wp\/v2\/comments?post=11142"}],"wp:attachment":[{"href":"https:\/\/uj.adatbank.ro\/lexikon\/wp-json\/wp\/v2\/media?parent=11142"}],"wp:term":[{"taxonomy":"product_brand","embeddable":true,"href":"https:\/\/uj.adatbank.ro\/lexikon\/wp-json\/wp\/v2\/product_brand?post=11142"},{"taxonomy":"product_cat","embeddable":true,"href":"https:\/\/uj.adatbank.ro\/lexikon\/wp-json\/wp\/v2\/product_cat?post=11142"},{"taxonomy":"product_tag","embeddable":true,"href":"https:\/\/uj.adatbank.ro\/lexikon\/wp-json\/wp\/v2\/product_tag?post=11142"}],"curies":[{"name":"wp","href":"https:\/\/api.w.org\/{rel}","templated":true}]}}

KÁLI Dénes, alsósófalvi

<p>Nagykend, 1886. szept. 30., † Szováta, 1962. jún. 23.: ref. lelkész. –Tanulmányait Makfalván, Nagyenyeden és Kv.-on végezte, pappá szentelték (1911), ahol egy évig volt segédlelkész és hitoktató; Nagykenden, majd kv.-i hitoktató; Lőricréven (Fehér) szolgált (1912–25, ahonnan Nagykendre hívták meg e (1925. dec. 20–1942). Szülőfalujáért fáradhatatlanul tevékenykedő lelkész: az összes egyházi épületet renováltatta, bővítette, rendbetette. A költségek fedezése céljából egyházfenntarói tőkét hozott létre adománygyűjtésből. Tejszövetkezetet, gazdakört létesített. Sok nehézség árán új iskolát építtetett. Az anyagiakkal párhuzamosan a lelki-erkölcsi helyreállítás is beindult. Vasárnapi iskolát, bibliaórákat vezetett. Jelentős teológiai és irodalmi munkásságot fejtett ki. Cikkei, tanulmányai az : Ellenzék; Küküllőmente, Az Út-ban jelentek meg. Szülőfalujából Szovátára hívták (1942), ahol mint a helyiség első teológiát végzett lelkészét Fülöp Dénes esperes iktatta be és még húsz évig szolgált ugyanolyan eredményesen. Kívánságára szülőfalujában temették el. Minden kultúrintézményt támogatott. Nyugdíjba vonult (1961. dec.). <br /><strong>Irod.:</strong> Bölöni Domokos: A kende földjén (Nú., 1995. aug. 1.); Kend és egyháza Ref. egyetemes névtár, Székelyföld í. k.; Szováta</br></p>

<p>Nagykend, 1886. szept. 30., † Szováta, 1962. jún. 23.: ref. lelkész. –Tanulmányait Makfalván, Nagyenyeden és Kv.-on végezte, pappá szentelték (1911), ahol egy évig volt segédlelkész és hitoktató; Nagykenden, majd kv.-i hitoktató; Lőricréven (Fehér) szolgált (1912–25, ahonnan Nagykendre hívták meg e (1925. dec. 20–1942). Szülőfalujáért fáradhatatlanul tevékenykedő lelkész: az összes egyházi épületet renováltatta, bővítette, rendbetette. A [&hellip;]</p>
