{"id":11146,"date":"2025-06-29T13:43:22","date_gmt":"2025-06-29T11:43:22","guid":{"rendered":"https:\/\/uj.adatbank.ro\/lexikon\/termek\/kali-istvan\/"},"modified":"2025-06-29T13:43:22","modified_gmt":"2025-06-29T11:43:22","slug":"kali-istvan","status":"publish","type":"product","link":"https:\/\/uj.adatbank.ro\/lexikon\/termek\/kali-istvan\/","title":{"rendered":"KALI Istv\u00e1n"},"content":{"rendered":"<p>1906., \u2020 Backamadaras, 1980. m\u00e1j. 31.: ref. lelk\u00e9sz. \u2013 Backamadarason szolg\u00e1lt 39 \u00e9vet, nyugd\u00edjaz\u00e1s\u00e1ig (1934\u201373. jan.). Temet\u0151\u0151ri lak\u00e1st \u00e9p\u00edtettek (1941), gy\u0171jt\u00e9st szerveztek a lerombolt k\u00f3rh\u00e1zak \u00e9s diakonisszah\u00e1zak \u00fajj\u00e1\u00e9p\u00edt\u00e9s\u00e9re (1944), a nagy sz\u00e1razs\u00e1g idej\u00e9n 80 gyermeknek b\u00edztos\u00edtanak teljes ell\u00e1t\u00e1st az egyh\u00e1z \u00e9s az isk. keret\u00e9ben Kali Irma vezet\u00e9s\u00e9vel (1947). A kollektiviz\u00e1l\u00e1skor az egyh\u00e1zi f\u00f6ldekr\u0151l le kell mondaniok, de el\u0151bb be kell vetni\u00f6k azokat (1952. okt.). A kommunista uralom mind ink\u00e1bb megnehez\u00edtette a lelk\u00e9sz \u00e9let\u00e9t, cs\u00f6kken a templomba j\u00e1r\u00e1s, a vall\u00e1s\u00f3r\u00e1t betiltott\u00e1k, a lelk\u00e9sz oszt\u00e1lyellens\u00e9gg\u00e9 v\u00e1lt, sokan nem fizett\u00e9k az egyh\u00e1zad\u00f3t. Az egyh\u00e1zi bels\u0151s\u00e9gek egy r\u00e9sz\u00e9re \u00faj kult\u00farotthon \u00e9p\u00fclt, de a megig\u00e9rt csereter\u00fcletet a n\u00e9ptan\u00e1cs nem adta meg (1963). Nemes \u00d6d\u00f6n asztalos \u00faj \u00darasztal\u00e1t k\u00e9sz\u00edtett (1967), majd \u00faj harangot szereztek be (1967), a nagyharang megrepedt, \u00fajra kellett \u00f6ntetni azt Ioan Zlotaru s\u00e1rk\u00e1nyi harang\u00f6nt\u0151n\u00e9l (1971). <br \/><strong>Irod.:<\/strong> Backamadaras<\/br><\/p>\n","protected":false},"excerpt":{"rendered":"<p>1906., \u2020 Backamadaras, 1980. m\u00e1j. 31.: ref. lelk\u00e9sz. \u2013 Backamadarason szolg\u00e1lt 39 \u00e9vet, nyugd\u00edjaz\u00e1s\u00e1ig (1934\u201373. jan.). Temet\u0151\u0151ri lak\u00e1st \u00e9p\u00edtettek (1941), gy\u0171jt\u00e9st szerveztek a lerombolt k\u00f3rh\u00e1zak \u00e9s diakonisszah\u00e1zak \u00fajj\u00e1\u00e9p\u00edt\u00e9s\u00e9re (1944), a nagy sz\u00e1razs\u00e1g idej\u00e9n 80 gyermeknek b\u00edztos\u00edtanak teljes ell\u00e1t\u00e1st az egyh\u00e1z \u00e9s az isk. keret\u00e9ben Kali Irma vezet\u00e9s\u00e9vel (1947). A kollektiviz\u00e1l\u00e1skor az egyh\u00e1zi f\u00f6ldekr\u0151l le kell [&hellip;]<\/p>\n","protected":false},"featured_media":0,"comment_status":"open","ping_status":"closed","template":"","meta":[],"product_brand":[],"product_cat":[137],"product_tag":[],"class_list":{"0":"post-11146","1":"product","2":"type-product","3":"status-publish","5":"product_cat-maros-megyei-eletrajzi-lexikon","7":"first","8":"instock","9":"shipping-taxable","10":"product-type-simple"},"_links":{"self":[{"href":"https:\/\/uj.adatbank.ro\/lexikon\/wp-json\/wp\/v2\/product\/11146","targetHints":{"allow":["GET"]}}],"collection":[{"href":"https:\/\/uj.adatbank.ro\/lexikon\/wp-json\/wp\/v2\/product"}],"about":[{"href":"https:\/\/uj.adatbank.ro\/lexikon\/wp-json\/wp\/v2\/types\/product"}],"replies":[{"embeddable":true,"href":"https:\/\/uj.adatbank.ro\/lexikon\/wp-json\/wp\/v2\/comments?post=11146"}],"wp:attachment":[{"href":"https:\/\/uj.adatbank.ro\/lexikon\/wp-json\/wp\/v2\/media?parent=11146"}],"wp:term":[{"taxonomy":"product_brand","embeddable":true,"href":"https:\/\/uj.adatbank.ro\/lexikon\/wp-json\/wp\/v2\/product_brand?post=11146"},{"taxonomy":"product_cat","embeddable":true,"href":"https:\/\/uj.adatbank.ro\/lexikon\/wp-json\/wp\/v2\/product_cat?post=11146"},{"taxonomy":"product_tag","embeddable":true,"href":"https:\/\/uj.adatbank.ro\/lexikon\/wp-json\/wp\/v2\/product_tag?post=11146"}],"curies":[{"name":"wp","href":"https:\/\/api.w.org\/{rel}","templated":true}]}}

KALI István

<p>1906., † Backamadaras, 1980. máj. 31.: ref. lelkész. – Backamadarason szolgált 39 évet, nyugdíjazásáig (1934–73. jan.). Temetőőri lakást építettek (1941), gyűjtést szerveztek a lerombolt kórházak és diakonisszaházak újjáépítésére (1944), a nagy szárazság idején 80 gyermeknek bíztosítanak teljes ellátást az egyház és az isk. keretében Kali Irma vezetésével (1947). A kollektivizáláskor az egyházi földekről le kell mondaniok, de előbb be kell vetniök azokat (1952. okt.). A kommunista uralom mind inkább megnehezítette a lelkész életét, csökken a templomba járás, a vallásórát betiltották, a lelkész osztályellenséggé vált, sokan nem fizették az egyházadót. Az egyházi belsőségek egy részére új kultúrotthon épült, de a megigért csereterületet a néptanács nem adta meg (1963). Nemes Ödön asztalos új Úrasztalát készített (1967), majd új harangot szereztek be (1967), a nagyharang megrepedt, újra kellett öntetni azt Ioan Zlotaru sárkányi harangöntőnél (1971). <br /><strong>Irod.:</strong> Backamadaras</br></p>

<p>1906., † Backamadaras, 1980. máj. 31.: ref. lelkész. – Backamadarason szolgált 39 évet, nyugdíjazásáig (1934–73. jan.). Temetőőri lakást építettek (1941), gyűjtést szerveztek a lerombolt kórházak és diakonisszaházak újjáépítésére (1944), a nagy szárazság idején 80 gyermeknek bíztosítanak teljes ellátást az egyház és az isk. keretében Kali Irma vezetésével (1947). A kollektivizáláskor az egyházi földekről le kell [&hellip;]</p>
