{"id":11147,"date":"2025-06-29T13:43:23","date_gmt":"2025-06-29T11:43:23","guid":{"rendered":"https:\/\/uj.adatbank.ro\/lexikon\/termek\/kali-istvan-2\/"},"modified":"2025-06-29T13:43:23","modified_gmt":"2025-06-29T11:43:23","slug":"kali-istvan-2","status":"publish","type":"product","link":"https:\/\/uj.adatbank.ro\/lexikon\/termek\/kali-istvan-2\/","title":{"rendered":"KALI Istv\u00e1n"},"content":{"rendered":"<p>Sz\u00e1szr\u00e9gen, 1924, \u2020 Mv., 1983. j\u00fal. 6.: orvos, n\u0151gy\u00f3gy\u00e1sz. &#8211; Feles\u00e9ge: Veress Erna (\u2020 Mv., 1983). \u2013 A csal\u00e1d Mv-re k\u00f6lt\u00f6z\u00f6tt, itt \u00e9retts\u00e9gizett a Ref. Koll.-ban \u00e9s v\u00e9gzett az MOGYI. orvosi fakult\u00e1s\u00e1n (1951). A mv.-i Sz\u00fcl\u00e9szeti Klinik\u00e1n, a megyei Poliklinik\u00e1n dolgozott M\u00e9g hallgat\u00f3 kor\u00e1t\u00f3l dolgozott a Sz\u00fcl\u00e9szeti-N\u0151gy\u00f3gy\u00e1szati Klinik\u00e1n gyakornokk\u00e9nt, majd tan\u00e1rseg\u00e9d \u00e9s szakorvos min\u0151s\u00e9gben. <br \/><strong>Irod.:<\/strong> [Nekrol\u00f3g] (V. Z., 1983. j\u00fal. 8.). <br \/><strong>Irod.:<\/strong> Kiss-P. &#8211; P<\/br><\/p>\n","protected":false},"excerpt":{"rendered":"<p>Sz\u00e1szr\u00e9gen, 1924, \u2020 Mv., 1983. j\u00fal. 6.: orvos, n\u0151gy\u00f3gy\u00e1sz. &#8211; Feles\u00e9ge: Veress Erna (\u2020 Mv., 1983). \u2013 A csal\u00e1d Mv-re k\u00f6lt\u00f6z\u00f6tt, itt \u00e9retts\u00e9gizett a Ref. Koll.-ban \u00e9s v\u00e9gzett az MOGYI. orvosi fakult\u00e1s\u00e1n (1951). A mv.-i Sz\u00fcl\u00e9szeti Klinik\u00e1n, a megyei Poliklinik\u00e1n dolgozott M\u00e9g hallgat\u00f3 kor\u00e1t\u00f3l dolgozott a Sz\u00fcl\u00e9szeti-N\u0151gy\u00f3gy\u00e1szati Klinik\u00e1n gyakornokk\u00e9nt, majd tan\u00e1rseg\u00e9d \u00e9s szakorvos min\u0151s\u00e9gben. Irod.: [&hellip;]<\/p>\n","protected":false},"featured_media":0,"comment_status":"open","ping_status":"closed","template":"","meta":[],"product_brand":[],"product_cat":[137],"product_tag":[],"class_list":{"0":"post-11147","1":"product","2":"type-product","3":"status-publish","5":"product_cat-maros-megyei-eletrajzi-lexikon","7":"first","8":"instock","9":"shipping-taxable","10":"product-type-simple"},"_links":{"self":[{"href":"https:\/\/uj.adatbank.ro\/lexikon\/wp-json\/wp\/v2\/product\/11147","targetHints":{"allow":["GET"]}}],"collection":[{"href":"https:\/\/uj.adatbank.ro\/lexikon\/wp-json\/wp\/v2\/product"}],"about":[{"href":"https:\/\/uj.adatbank.ro\/lexikon\/wp-json\/wp\/v2\/types\/product"}],"replies":[{"embeddable":true,"href":"https:\/\/uj.adatbank.ro\/lexikon\/wp-json\/wp\/v2\/comments?post=11147"}],"wp:attachment":[{"href":"https:\/\/uj.adatbank.ro\/lexikon\/wp-json\/wp\/v2\/media?parent=11147"}],"wp:term":[{"taxonomy":"product_brand","embeddable":true,"href":"https:\/\/uj.adatbank.ro\/lexikon\/wp-json\/wp\/v2\/product_brand?post=11147"},{"taxonomy":"product_cat","embeddable":true,"href":"https:\/\/uj.adatbank.ro\/lexikon\/wp-json\/wp\/v2\/product_cat?post=11147"},{"taxonomy":"product_tag","embeddable":true,"href":"https:\/\/uj.adatbank.ro\/lexikon\/wp-json\/wp\/v2\/product_tag?post=11147"}],"curies":[{"name":"wp","href":"https:\/\/api.w.org\/{rel}","templated":true}]}}

KALI István

<p>Szászrégen, 1924, † Mv., 1983. júl. 6.: orvos, nőgyógyász. &#8211; Felesége: Veress Erna († Mv., 1983). – A család Mv-re költözött, itt érettségizett a Ref. Koll.-ban és végzett az MOGYI. orvosi fakultásán (1951). A mv.-i Szülészeti Klinikán, a megyei Poliklinikán dolgozott Még hallgató korától dolgozott a Szülészeti-Nőgyógyászati Klinikán gyakornokként, majd tanársegéd és szakorvos minőségben. <br /><strong>Irod.:</strong> [Nekrológ] (V. Z., 1983. júl. 8.). <br /><strong>Irod.:</strong> Kiss-P. &#8211; P</br></p>

<p>Szászrégen, 1924, † Mv., 1983. júl. 6.: orvos, nőgyógyász. &#8211; Felesége: Veress Erna († Mv., 1983). – A család Mv-re költözött, itt érettségizett a Ref. Koll.-ban és végzett az MOGYI. orvosi fakultásán (1951). A mv.-i Szülészeti Klinikán, a megyei Poliklinikán dolgozott Még hallgató korától dolgozott a Szülészeti-Nőgyógyászati Klinikán gyakornokként, majd tanársegéd és szakorvos minőségben. Irod.: [&hellip;]</p>
