{"id":11149,"date":"2025-06-29T13:43:27","date_gmt":"2025-06-29T11:43:27","guid":{"rendered":"https:\/\/uj.adatbank.ro\/lexikon\/termek\/kali-jozsef\/"},"modified":"2025-06-29T13:43:27","modified_gmt":"2025-06-29T11:43:27","slug":"kali-jozsef","status":"publish","type":"product","link":"https:\/\/uj.adatbank.ro\/lexikon\/termek\/kali-jozsef\/","title":{"rendered":"KALI J\u00f3zsef"},"content":{"rendered":"<p>1861., \u2020 Nagyszeben, 1900. dec. 17.: ref. lelk\u00e9sz. \u2013 Feles\u00e9ge: Nagy Leona (esk\u00fcv\u0151: 1886. szept. 6.), hat gyermek\u00fck sz\u00fcletett. \u2013 Nagyerny\u00e9ben szolg\u00e1lt (1861\u20131900). <br \/><strong>Irod.:<\/strong> Nagyernye; Nemes 2017; Nemes Gyula: Szakr\u00e1lis eml\u00e9kek. = P\u00e1l-Antal \u2013 Simon<\/br><\/p>\n","protected":false},"excerpt":{"rendered":"<p>1861., \u2020 Nagyszeben, 1900. dec. 17.: ref. lelk\u00e9sz. \u2013 Feles\u00e9ge: Nagy Leona (esk\u00fcv\u0151: 1886. szept. 6.), hat gyermek\u00fck sz\u00fcletett. \u2013 Nagyerny\u00e9ben szolg\u00e1lt (1861\u20131900). Irod.: Nagyernye; Nemes 2017; Nemes Gyula: Szakr\u00e1lis eml\u00e9kek. = P\u00e1l-Antal \u2013 Simon<\/p>\n","protected":false},"featured_media":0,"comment_status":"open","ping_status":"closed","template":"","meta":[],"product_brand":[],"product_cat":[137],"product_tag":[],"class_list":{"0":"post-11149","1":"product","2":"type-product","3":"status-publish","5":"product_cat-maros-megyei-eletrajzi-lexikon","7":"first","8":"instock","9":"shipping-taxable","10":"product-type-simple"},"_links":{"self":[{"href":"https:\/\/uj.adatbank.ro\/lexikon\/wp-json\/wp\/v2\/product\/11149","targetHints":{"allow":["GET"]}}],"collection":[{"href":"https:\/\/uj.adatbank.ro\/lexikon\/wp-json\/wp\/v2\/product"}],"about":[{"href":"https:\/\/uj.adatbank.ro\/lexikon\/wp-json\/wp\/v2\/types\/product"}],"replies":[{"embeddable":true,"href":"https:\/\/uj.adatbank.ro\/lexikon\/wp-json\/wp\/v2\/comments?post=11149"}],"wp:attachment":[{"href":"https:\/\/uj.adatbank.ro\/lexikon\/wp-json\/wp\/v2\/media?parent=11149"}],"wp:term":[{"taxonomy":"product_brand","embeddable":true,"href":"https:\/\/uj.adatbank.ro\/lexikon\/wp-json\/wp\/v2\/product_brand?post=11149"},{"taxonomy":"product_cat","embeddable":true,"href":"https:\/\/uj.adatbank.ro\/lexikon\/wp-json\/wp\/v2\/product_cat?post=11149"},{"taxonomy":"product_tag","embeddable":true,"href":"https:\/\/uj.adatbank.ro\/lexikon\/wp-json\/wp\/v2\/product_tag?post=11149"}],"curies":[{"name":"wp","href":"https:\/\/api.w.org\/{rel}","templated":true}]}}