{"id":11151,"date":"2025-06-29T13:43:31","date_gmt":"2025-06-29T11:43:31","guid":{"rendered":"https:\/\/uj.adatbank.ro\/lexikon\/termek\/kali-jozsef-3\/"},"modified":"2025-06-29T13:43:31","modified_gmt":"2025-06-29T11:43:31","slug":"kali-jozsef-3","status":"publish","type":"product","link":"https:\/\/uj.adatbank.ro\/lexikon\/termek\/kali-jozsef-3\/","title":{"rendered":"KALI J\u00f3zsef"},"content":{"rendered":"<p>Sz\u00e9kes, 1910. dec. 29., \u2020 Mv., 1989.: csend\u0151r. \u2013 Rom\u00e1n sorkatonai szolg\u00e1latot t\u00f6lt\u00f6tte le J\u00e1szv\u00e1rosban (1934. \u00e1pr. 10.) A M. Kir.-i Csend\u0151rs\u00e9g k\u00f6tel\u00e9k\u00e9ben szolg\u00e1lt (1941\u2013). Ungv\u00e1rban \u00e1tk\u00e9pz\u0151 iskol\u00e1t v\u00e9gzett, majd a kob\u00e1tfalvi \u0151rs\u00f6n pr\u00f3bacsend\u0151r. A II. vh.-ban frontszolg\u00e1latos. Aranyosgy\u00e9res k\u00f6rny\u00e9k\u00e9n s\u00falyosan megsebes\u00fclt. Amerikai hadifogs\u00e9gban volt (1945. m\u00e1j. 9. \u2013 1946. febr. 16.). <br \/><strong>Irod.:<\/strong> Nemes \u2013 Csend\u0151rs\u00e9g<\/br><\/p>\n","protected":false},"excerpt":{"rendered":"<p>Sz\u00e9kes, 1910. dec. 29., \u2020 Mv., 1989.: csend\u0151r. \u2013 Rom\u00e1n sorkatonai szolg\u00e1latot t\u00f6lt\u00f6tte le J\u00e1szv\u00e1rosban (1934. \u00e1pr. 10.) A M. Kir.-i Csend\u0151rs\u00e9g k\u00f6tel\u00e9k\u00e9ben szolg\u00e1lt (1941\u2013). Ungv\u00e1rban \u00e1tk\u00e9pz\u0151 iskol\u00e1t v\u00e9gzett, majd a kob\u00e1tfalvi \u0151rs\u00f6n pr\u00f3bacsend\u0151r. A II. vh.-ban frontszolg\u00e1latos. Aranyosgy\u00e9res k\u00f6rny\u00e9k\u00e9n s\u00falyosan megsebes\u00fclt. Amerikai hadifogs\u00e9gban volt (1945. m\u00e1j. 9. \u2013 1946. febr. 16.). Irod.: Nemes \u2013 [&hellip;]<\/p>\n","protected":false},"featured_media":0,"comment_status":"open","ping_status":"closed","template":"","meta":[],"product_brand":[],"product_cat":[137],"product_tag":[],"class_list":{"0":"post-11151","1":"product","2":"type-product","3":"status-publish","5":"product_cat-maros-megyei-eletrajzi-lexikon","7":"first","8":"instock","9":"shipping-taxable","10":"product-type-simple"},"_links":{"self":[{"href":"https:\/\/uj.adatbank.ro\/lexikon\/wp-json\/wp\/v2\/product\/11151","targetHints":{"allow":["GET"]}}],"collection":[{"href":"https:\/\/uj.adatbank.ro\/lexikon\/wp-json\/wp\/v2\/product"}],"about":[{"href":"https:\/\/uj.adatbank.ro\/lexikon\/wp-json\/wp\/v2\/types\/product"}],"replies":[{"embeddable":true,"href":"https:\/\/uj.adatbank.ro\/lexikon\/wp-json\/wp\/v2\/comments?post=11151"}],"wp:attachment":[{"href":"https:\/\/uj.adatbank.ro\/lexikon\/wp-json\/wp\/v2\/media?parent=11151"}],"wp:term":[{"taxonomy":"product_brand","embeddable":true,"href":"https:\/\/uj.adatbank.ro\/lexikon\/wp-json\/wp\/v2\/product_brand?post=11151"},{"taxonomy":"product_cat","embeddable":true,"href":"https:\/\/uj.adatbank.ro\/lexikon\/wp-json\/wp\/v2\/product_cat?post=11151"},{"taxonomy":"product_tag","embeddable":true,"href":"https:\/\/uj.adatbank.ro\/lexikon\/wp-json\/wp\/v2\/product_tag?post=11151"}],"curies":[{"name":"wp","href":"https:\/\/api.w.org\/{rel}","templated":true}]}}