{"id":11152,"date":"2025-06-29T13:43:33","date_gmt":"2025-06-29T11:43:33","guid":{"rendered":"https:\/\/uj.adatbank.ro\/lexikon\/termek\/kali-jozsef-felsovisti\/"},"modified":"2025-06-29T13:43:33","modified_gmt":"2025-06-29T11:43:33","slug":"kali-jozsef-felsovisti","status":"publish","type":"product","link":"https:\/\/uj.adatbank.ro\/lexikon\/termek\/kali-jozsef-felsovisti\/","title":{"rendered":"K\u00c1LI J\u00f3zsef, fels\u0151visti"},"content":{"rendered":"<p>? \u2020 Mv., 1895.: nyomd\u00e1sz. \u2013 Vej\u00e9t\u00f3l Fiedler Gottfriedt\u0151l, akinek munkavezet\u0151je \u00e9s seg\u00e9de volt, vette \u00e1t a mv.-i Ref. Koll. nyomd\u00e1j\u00e1t (1828. \u00e1pr. 25). A lelt\u00e1r meg\u00e1llap\u00edt\u00e1sa ut\u00e1n Borosnyai Luk\u00e1ts J\u00e1nos \u00e9s Bolyai Farkas tan\u00e1rokkal szerz\u0151d\u00e9st k\u00f6t\u00f6tt (1829. jan. 29) a nyomda kezel\u00e9s\u00e9t illet\u0151leg. Egyed\u00fcl vezette a nyomd\u00e1t, majd testv\u00e9r\u00e9vel K. Simonnal egy\u00fctt (1830\u20131835). Ekkor nemeslevelek hamis\u00edt\u00e1s\u00e1n fogt\u00e1k, ami\u00e9rt elbocs\u00e1tott\u00e1k, a nyomd\u00e1t testv\u00e9re Simon egyed\u00fcl vezette. K\u00e9s\u00f3bb (1843) Kil\u00e9nyi D\u00e1vid mv.-i sz\u00ednt\u00e1rsulat\u00e1n\u00e1l kapott \u00e1ll\u00e1st mint d\u00edszletez\u0151. Nyomor\u00e1r\u00f3l az utols\u00f3 el\u0151ad\u00e1st hirdet\u0151 sz\u00ednlap tan\u00faskodik amikor \u2018\u2019nyomor\u00e1bani n\u00e9pes csal\u00e1da sz\u00fcks\u00e9ge fedezhet\u00e9s\u00e9re \u2018\u2019 k\u00e9rik a nemeslelk\u0171 emberbar\u00e1tokat r\u00e9szv\u00e9telre. <br \/><strong>Irod.:<\/strong> De\u00e9 Nagy Anik\u00f3: A mv.-i Ref. Koll. k\u00f6nyvnyomd\u00e1ja (N\u00fa., 1993. szept. 29.); Id\u0151t\u00e1r 1; Koncz; Kr\u00f3n. F\u00fcz. (1939. 4\/6) ; P\u00e1l-Antal 2009 ; P\u00e1lmay J\u00f3zsef ; Veress<\/br><\/p>\n","protected":false},"excerpt":{"rendered":"<p>? \u2020 Mv., 1895.: nyomd\u00e1sz. \u2013 Vej\u00e9t\u00f3l Fiedler Gottfriedt\u0151l, akinek munkavezet\u0151je \u00e9s seg\u00e9de volt, vette \u00e1t a mv.-i Ref. Koll. nyomd\u00e1j\u00e1t (1828. \u00e1pr. 25). A lelt\u00e1r meg\u00e1llap\u00edt\u00e1sa ut\u00e1n Borosnyai Luk\u00e1ts J\u00e1nos \u00e9s Bolyai Farkas tan\u00e1rokkal szerz\u0151d\u00e9st k\u00f6t\u00f6tt (1829. jan. 29) a nyomda kezel\u00e9s\u00e9t illet\u0151leg. Egyed\u00fcl vezette a nyomd\u00e1t, majd testv\u00e9r\u00e9vel K. Simonnal egy\u00fctt (1830\u20131835). Ekkor [&hellip;]<\/p>\n","protected":false},"featured_media":0,"comment_status":"open","ping_status":"closed","template":"","meta":[],"product_brand":[],"product_cat":[137],"product_tag":[],"class_list":{"0":"post-11152","1":"product","2":"type-product","3":"status-publish","5":"product_cat-maros-megyei-eletrajzi-lexikon","7":"first","8":"instock","9":"shipping-taxable","10":"product-type-simple"},"_links":{"self":[{"href":"https:\/\/uj.adatbank.ro\/lexikon\/wp-json\/wp\/v2\/product\/11152","targetHints":{"allow":["GET"]}}],"collection":[{"href":"https:\/\/uj.adatbank.ro\/lexikon\/wp-json\/wp\/v2\/product"}],"about":[{"href":"https:\/\/uj.adatbank.ro\/lexikon\/wp-json\/wp\/v2\/types\/product"}],"replies":[{"embeddable":true,"href":"https:\/\/uj.adatbank.ro\/lexikon\/wp-json\/wp\/v2\/comments?post=11152"}],"wp:attachment":[{"href":"https:\/\/uj.adatbank.ro\/lexikon\/wp-json\/wp\/v2\/media?parent=11152"}],"wp:term":[{"taxonomy":"product_brand","embeddable":true,"href":"https:\/\/uj.adatbank.ro\/lexikon\/wp-json\/wp\/v2\/product_brand?post=11152"},{"taxonomy":"product_cat","embeddable":true,"href":"https:\/\/uj.adatbank.ro\/lexikon\/wp-json\/wp\/v2\/product_cat?post=11152"},{"taxonomy":"product_tag","embeddable":true,"href":"https:\/\/uj.adatbank.ro\/lexikon\/wp-json\/wp\/v2\/product_tag?post=11152"}],"curies":[{"name":"wp","href":"https:\/\/api.w.org\/{rel}","templated":true}]}}

KÁLI József, felsővisti

<p>? † Mv., 1895.: nyomdász. – Vejétól Fiedler Gottfriedtől, akinek munkavezetője és segéde volt, vette át a mv.-i Ref. Koll. nyomdáját (1828. ápr. 25). A leltár megállapítása után Borosnyai Lukáts János és Bolyai Farkas tanárokkal szerződést kötött (1829. jan. 29) a nyomda kezelését illetőleg. Egyedül vezette a nyomdát, majd testvérével K. Simonnal együtt (1830–1835). Ekkor nemeslevelek hamisításán fogták, amiért elbocsátották, a nyomdát testvére Simon egyedül vezette. Késóbb (1843) Kilényi Dávid mv.-i színtársulatánál kapott állást mint díszletező. Nyomoráról az utolsó előadást hirdető színlap tanúskodik amikor ‘’nyomorábani népes családa szüksége fedezhetésére ‘’ kérik a nemeslelkű emberbarátokat részvételre. <br /><strong>Irod.:</strong> Deé Nagy Anikó: A mv.-i Ref. Koll. könyvnyomdája (Nú., 1993. szept. 29.); Időtár 1; Koncz; Krón. Füz. (1939. 4/6) ; Pál-Antal 2009 ; Pálmay József ; Veress</br></p>

<p>? † Mv., 1895.: nyomdász. – Vejétól Fiedler Gottfriedtől, akinek munkavezetője és segéde volt, vette át a mv.-i Ref. Koll. nyomdáját (1828. ápr. 25). A leltár megállapítása után Borosnyai Lukáts János és Bolyai Farkas tanárokkal szerződést kötött (1829. jan. 29) a nyomda kezelését illetőleg. Egyedül vezette a nyomdát, majd testvérével K. Simonnal együtt (1830–1835). Ekkor [&hellip;]</p>
