{"id":11156,"date":"2025-06-29T13:43:42","date_gmt":"2025-06-29T11:43:42","guid":{"rendered":"https:\/\/uj.adatbank.ro\/lexikon\/termek\/kali-mihaly\/"},"modified":"2025-06-29T13:43:42","modified_gmt":"2025-06-29T11:43:42","slug":"kali-mihaly","status":"publish","type":"product","link":"https:\/\/uj.adatbank.ro\/lexikon\/termek\/kali-mihaly\/","title":{"rendered":"K\u00c1LI Mih\u00e1ly"},"content":{"rendered":"<p>? \u2020 ?.: ref. lelk\u00e9sz. \u2013 Ny\u00e1r\u00e1dszentimr\u00e9n (1721), Vadasdon (1723), Sz\u00e9kelyk\u00e1lban (1724) \u00e9s Erd\u0151csin\u00e1don (1741) volt mester, L\u00fadv\u00e9gen (1742\u20131743), Kisf\u00fclp\u00f6s\u00f6n (1744\u20131745) \u00e9s Unok\u00e1ban (1746\u20131748) l\u00e9vita, majd Als\u00f3b\u00f6lk\u00e9nyben (1750\u20131753), K\u00f6rtv\u00e9lyf\u00e1j\u00e1n (1754) \u00e9s Magyarf\u00fclp\u00f6s\u00f6n (1755\u20131758) mester. <br \/><strong>Irod.:<\/strong> Imreh Barna; \u0150sz<\/br><\/p>\n","protected":false},"excerpt":{"rendered":"<p>? \u2020 ?.: ref. lelk\u00e9sz. \u2013 Ny\u00e1r\u00e1dszentimr\u00e9n (1721), Vadasdon (1723), Sz\u00e9kelyk\u00e1lban (1724) \u00e9s Erd\u0151csin\u00e1don (1741) volt mester, L\u00fadv\u00e9gen (1742\u20131743), Kisf\u00fclp\u00f6s\u00f6n (1744\u20131745) \u00e9s Unok\u00e1ban (1746\u20131748) l\u00e9vita, majd Als\u00f3b\u00f6lk\u00e9nyben (1750\u20131753), K\u00f6rtv\u00e9lyf\u00e1j\u00e1n (1754) \u00e9s Magyarf\u00fclp\u00f6s\u00f6n (1755\u20131758) mester. Irod.: Imreh Barna; \u0150sz<\/p>\n","protected":false},"featured_media":0,"comment_status":"open","ping_status":"closed","template":"","meta":[],"product_brand":[],"product_cat":[137],"product_tag":[],"class_list":{"0":"post-11156","1":"product","2":"type-product","3":"status-publish","5":"product_cat-maros-megyei-eletrajzi-lexikon","7":"first","8":"instock","9":"shipping-taxable","10":"product-type-simple"},"_links":{"self":[{"href":"https:\/\/uj.adatbank.ro\/lexikon\/wp-json\/wp\/v2\/product\/11156","targetHints":{"allow":["GET"]}}],"collection":[{"href":"https:\/\/uj.adatbank.ro\/lexikon\/wp-json\/wp\/v2\/product"}],"about":[{"href":"https:\/\/uj.adatbank.ro\/lexikon\/wp-json\/wp\/v2\/types\/product"}],"replies":[{"embeddable":true,"href":"https:\/\/uj.adatbank.ro\/lexikon\/wp-json\/wp\/v2\/comments?post=11156"}],"wp:attachment":[{"href":"https:\/\/uj.adatbank.ro\/lexikon\/wp-json\/wp\/v2\/media?parent=11156"}],"wp:term":[{"taxonomy":"product_brand","embeddable":true,"href":"https:\/\/uj.adatbank.ro\/lexikon\/wp-json\/wp\/v2\/product_brand?post=11156"},{"taxonomy":"product_cat","embeddable":true,"href":"https:\/\/uj.adatbank.ro\/lexikon\/wp-json\/wp\/v2\/product_cat?post=11156"},{"taxonomy":"product_tag","embeddable":true,"href":"https:\/\/uj.adatbank.ro\/lexikon\/wp-json\/wp\/v2\/product_tag?post=11156"}],"curies":[{"name":"wp","href":"https:\/\/api.w.org\/{rel}","templated":true}]}}