{"id":11169,"date":"2025-06-29T13:44:10","date_gmt":"2025-06-29T11:44:10","guid":{"rendered":"https:\/\/uj.adatbank.ro\/lexikon\/termek\/kalik-karoly-carol\/"},"modified":"2025-06-29T13:44:10","modified_gmt":"2025-06-29T11:44:10","slug":"kalik-karoly-carol","status":"publish","type":"product","link":"https:\/\/uj.adatbank.ro\/lexikon\/termek\/kalik-karoly-carol\/","title":{"rendered":"KALIK K\u00e1roly, Carol"},"content":{"rendered":"<p>1928., \u2020 Stuttgart, 1998. dec. 8.: matematikus, tansz\u00e9kvezet\u0151 egyetemi tan\u00e1r, d\u00e9k\u00e1n, dr. \u2013 A mv.-i R. k. F\u0151gimn\u00e1zium tanul\u00f3ja volt. Egyetemi tan\u00e1r, d\u00e9k\u00e1n a BBTE-en. T\u00f6bb tanulm\u00e1nya \u00e9s k\u00f6nyve jelent meg. \u2013 <strong>F. m.:<\/strong> Ecua\u0163ii difern\u0163iale ordinare \u015fi cu derivate par\u0163iale (Buc., 1965). <br \/><strong>Irod.:<\/strong> Mv.-i R. K. okt; [Nekrol\u00f3g] (N\u00fa., 1998. dec. 29); N\u00fa. (2002. j\u00fan. 18.); R. K. Okt. \u2013 1<\/br><\/p>\n","protected":false},"excerpt":{"rendered":"<p>1928., \u2020 Stuttgart, 1998. dec. 8.: matematikus, tansz\u00e9kvezet\u0151 egyetemi tan\u00e1r, d\u00e9k\u00e1n, dr. \u2013 A mv.-i R. k. F\u0151gimn\u00e1zium tanul\u00f3ja volt. Egyetemi tan\u00e1r, d\u00e9k\u00e1n a BBTE-en. T\u00f6bb tanulm\u00e1nya \u00e9s k\u00f6nyve jelent meg. \u2013 F. m.: Ecua\u0163ii difern\u0163iale ordinare \u015fi cu derivate par\u0163iale (Buc., 1965). Irod.: Mv.-i R. K. okt; [Nekrol\u00f3g] (N\u00fa., 1998. dec. 29); N\u00fa. (2002. [&hellip;]<\/p>\n","protected":false},"featured_media":0,"comment_status":"open","ping_status":"closed","template":"","meta":[],"product_brand":[],"product_cat":[137],"product_tag":[],"class_list":{"0":"post-11169","1":"product","2":"type-product","3":"status-publish","5":"product_cat-maros-megyei-eletrajzi-lexikon","7":"first","8":"instock","9":"shipping-taxable","10":"product-type-simple"},"_links":{"self":[{"href":"https:\/\/uj.adatbank.ro\/lexikon\/wp-json\/wp\/v2\/product\/11169","targetHints":{"allow":["GET"]}}],"collection":[{"href":"https:\/\/uj.adatbank.ro\/lexikon\/wp-json\/wp\/v2\/product"}],"about":[{"href":"https:\/\/uj.adatbank.ro\/lexikon\/wp-json\/wp\/v2\/types\/product"}],"replies":[{"embeddable":true,"href":"https:\/\/uj.adatbank.ro\/lexikon\/wp-json\/wp\/v2\/comments?post=11169"}],"wp:attachment":[{"href":"https:\/\/uj.adatbank.ro\/lexikon\/wp-json\/wp\/v2\/media?parent=11169"}],"wp:term":[{"taxonomy":"product_brand","embeddable":true,"href":"https:\/\/uj.adatbank.ro\/lexikon\/wp-json\/wp\/v2\/product_brand?post=11169"},{"taxonomy":"product_cat","embeddable":true,"href":"https:\/\/uj.adatbank.ro\/lexikon\/wp-json\/wp\/v2\/product_cat?post=11169"},{"taxonomy":"product_tag","embeddable":true,"href":"https:\/\/uj.adatbank.ro\/lexikon\/wp-json\/wp\/v2\/product_tag?post=11169"}],"curies":[{"name":"wp","href":"https:\/\/api.w.org\/{rel}","templated":true}]}}