{"id":11171,"date":"2025-06-29T13:44:13","date_gmt":"2025-06-29T11:44:13","guid":{"rendered":"https:\/\/uj.adatbank.ro\/lexikon\/termek\/kalkovits-gyula\/"},"modified":"2025-06-29T13:44:13","modified_gmt":"2025-06-29T11:44:13","slug":"kalkovits-gyula","status":"publish","type":"product","link":"https:\/\/uj.adatbank.ro\/lexikon\/termek\/kalkovits-gyula\/","title":{"rendered":"KALKOVITS Gyula"},"content":{"rendered":"<p>Mv., 1891. aug. 2.., \u2020 Mv., 1968. aug. 30.: \u00edr\u00f3 szerkeszt\u0151. \u2013 Mag\u00e1nkeresked\u0151 Mv.-en, az itt megjelen\u0151 T\u0171z c. t\u00e1rsadalmi, m\u0171v\u00e9szeti \u00e9s b\u00edr\u00e1lati hetilap szerkeszt\u0151je (1934\u201335). A Concordia Hitelsz\u00f6vetkezet titk\u00e1ra (1940). Lapj\u00e1ban sz\u00edndarabbal (Asszony \u00e9s anyja), sz\u00ednh\u00e1zi kritik\u00e1kkal, sz\u00edn\u00e9szportr\u00e9kkal, versekkel szerepelt, valamint reg\u00e9nye jelent meg folytat\u00e1sokban (Le\u00e1nyrabl\u00e1s). Helyi szerz\u0151k : Bi\u00e1s Istv\u00e1n, B\u00f6z\u00f6di Gy\u00f6rgy, Csiky J\u00f3zsef, Gagyi L\u00e1szl\u00f3, Kabdeb\u00f3 Erna, Kov\u00e1cs Elek, Sz\u00e1sz Zolt\u00e1n, Tam\u00e1si Gy\u00f6rgy m\u0171veit is k\u00f6z\u00f6lte. \u2013 <strong>F. m.:<\/strong> T\u0171zim\u00e1d\u00f3k (Mv., 1932). <br \/><strong>Irod.:<\/strong> Id\u0151t\u00e1r 3; RMIL<\/br><\/p>\n","protected":false},"excerpt":{"rendered":"<p>Mv., 1891. aug. 2.., \u2020 Mv., 1968. aug. 30.: \u00edr\u00f3 szerkeszt\u0151. \u2013 Mag\u00e1nkeresked\u0151 Mv.-en, az itt megjelen\u0151 T\u0171z c. t\u00e1rsadalmi, m\u0171v\u00e9szeti \u00e9s b\u00edr\u00e1lati hetilap szerkeszt\u0151je (1934\u201335). A Concordia Hitelsz\u00f6vetkezet titk\u00e1ra (1940). Lapj\u00e1ban sz\u00edndarabbal (Asszony \u00e9s anyja), sz\u00ednh\u00e1zi kritik\u00e1kkal, sz\u00edn\u00e9szportr\u00e9kkal, versekkel szerepelt, valamint reg\u00e9nye jelent meg folytat\u00e1sokban (Le\u00e1nyrabl\u00e1s). Helyi szerz\u0151k : Bi\u00e1s Istv\u00e1n, B\u00f6z\u00f6di Gy\u00f6rgy, Csiky [&hellip;]<\/p>\n","protected":false},"featured_media":0,"comment_status":"open","ping_status":"closed","template":"","meta":[],"product_brand":[],"product_cat":[137],"product_tag":[],"class_list":{"0":"post-11171","1":"product","2":"type-product","3":"status-publish","5":"product_cat-maros-megyei-eletrajzi-lexikon","7":"first","8":"instock","9":"shipping-taxable","10":"product-type-simple"},"_links":{"self":[{"href":"https:\/\/uj.adatbank.ro\/lexikon\/wp-json\/wp\/v2\/product\/11171","targetHints":{"allow":["GET"]}}],"collection":[{"href":"https:\/\/uj.adatbank.ro\/lexikon\/wp-json\/wp\/v2\/product"}],"about":[{"href":"https:\/\/uj.adatbank.ro\/lexikon\/wp-json\/wp\/v2\/types\/product"}],"replies":[{"embeddable":true,"href":"https:\/\/uj.adatbank.ro\/lexikon\/wp-json\/wp\/v2\/comments?post=11171"}],"wp:attachment":[{"href":"https:\/\/uj.adatbank.ro\/lexikon\/wp-json\/wp\/v2\/media?parent=11171"}],"wp:term":[{"taxonomy":"product_brand","embeddable":true,"href":"https:\/\/uj.adatbank.ro\/lexikon\/wp-json\/wp\/v2\/product_brand?post=11171"},{"taxonomy":"product_cat","embeddable":true,"href":"https:\/\/uj.adatbank.ro\/lexikon\/wp-json\/wp\/v2\/product_cat?post=11171"},{"taxonomy":"product_tag","embeddable":true,"href":"https:\/\/uj.adatbank.ro\/lexikon\/wp-json\/wp\/v2\/product_tag?post=11171"}],"curies":[{"name":"wp","href":"https:\/\/api.w.org\/{rel}","templated":true}]}}

<p>Mv., 1891. aug. 2.., † Mv., 1968. aug. 30.: író szerkesztő. – Magánkereskedő Mv.-en, az itt megjelenő Tűz c. társadalmi, művészeti és bírálati hetilap szerkesztője (1934–35). A Concordia Hitelszövetkezet titkára (1940). Lapjában színdarabbal (Asszony és anyja), színházi kritikákkal, színészportrékkal, versekkel szerepelt, valamint regénye jelent meg folytatásokban (Leányrablás). Helyi szerzők : Biás István, Bözödi György, Csiky József, Gagyi László, Kabdebó Erna, Kovács Elek, Szász Zoltán, Tamási György műveit is közölte. – <strong>F. m.:</strong> Tűzimádók (Mv., 1932). <br /><strong>Irod.:</strong> Időtár 3; RMIL</br></p>

<p>Mv., 1891. aug. 2.., † Mv., 1968. aug. 30.: író szerkesztő. – Magánkereskedő Mv.-en, az itt megjelenő Tűz c. társadalmi, művészeti és bírálati hetilap szerkesztője (1934–35). A Concordia Hitelszövetkezet titkára (1940). Lapjában színdarabbal (Asszony és anyja), színházi kritikákkal, színészportrékkal, versekkel szerepelt, valamint regénye jelent meg folytatásokban (Leányrablás). Helyi szerzők : Biás István, Bözödi György, Csiky [&hellip;]</p>
