{"id":11175,"date":"2025-06-29T13:44:23","date_gmt":"2025-06-29T11:44:23","guid":{"rendered":"https:\/\/uj.adatbank.ro\/lexikon\/termek\/kallai-janos-3\/"},"modified":"2025-06-29T13:44:23","modified_gmt":"2025-06-29T11:44:23","slug":"kallai-janos-3","status":"publish","type":"product","link":"https:\/\/uj.adatbank.ro\/lexikon\/termek\/kallai-janos-3\/","title":{"rendered":"K\u00c1LLAI J\u00e1nos"},"content":{"rendered":"<p>? \u2020 ? : ref. lelk\u00e9sz. \u2013 A mv.-i V\u00e1rtemplom lelk\u00e9sze (1590\u20131591\u2013). Hitvit\u00e1ban a k\u00e1lvinista tanokat v\u00e9delmezte a kat. Szilv\u00e1si J\u00e1nos ellen\u00e9ben (1591) <br \/><strong>Irod.:<\/strong> Id\u0151t\u00e1r 1; P\u00e1l-Antal 2009; V\u00e1rtemplomi lelk\u00e9szek n\u00e9vsora, 1571\u20132000 (\u00daj Kezdet, 2. sz., 2000)<\/br><\/p>\n","protected":false},"excerpt":{"rendered":"<p>? \u2020 ? : ref. lelk\u00e9sz. \u2013 A mv.-i V\u00e1rtemplom lelk\u00e9sze (1590\u20131591\u2013). Hitvit\u00e1ban a k\u00e1lvinista tanokat v\u00e9delmezte a kat. Szilv\u00e1si J\u00e1nos ellen\u00e9ben (1591) Irod.: Id\u0151t\u00e1r 1; P\u00e1l-Antal 2009; V\u00e1rtemplomi lelk\u00e9szek n\u00e9vsora, 1571\u20132000 (\u00daj Kezdet, 2. sz., 2000)<\/p>\n","protected":false},"featured_media":0,"comment_status":"open","ping_status":"closed","template":"","meta":[],"product_brand":[],"product_cat":[137],"product_tag":[],"class_list":{"0":"post-11175","1":"product","2":"type-product","3":"status-publish","5":"product_cat-maros-megyei-eletrajzi-lexikon","7":"first","8":"instock","9":"shipping-taxable","10":"product-type-simple"},"_links":{"self":[{"href":"https:\/\/uj.adatbank.ro\/lexikon\/wp-json\/wp\/v2\/product\/11175","targetHints":{"allow":["GET"]}}],"collection":[{"href":"https:\/\/uj.adatbank.ro\/lexikon\/wp-json\/wp\/v2\/product"}],"about":[{"href":"https:\/\/uj.adatbank.ro\/lexikon\/wp-json\/wp\/v2\/types\/product"}],"replies":[{"embeddable":true,"href":"https:\/\/uj.adatbank.ro\/lexikon\/wp-json\/wp\/v2\/comments?post=11175"}],"wp:attachment":[{"href":"https:\/\/uj.adatbank.ro\/lexikon\/wp-json\/wp\/v2\/media?parent=11175"}],"wp:term":[{"taxonomy":"product_brand","embeddable":true,"href":"https:\/\/uj.adatbank.ro\/lexikon\/wp-json\/wp\/v2\/product_brand?post=11175"},{"taxonomy":"product_cat","embeddable":true,"href":"https:\/\/uj.adatbank.ro\/lexikon\/wp-json\/wp\/v2\/product_cat?post=11175"},{"taxonomy":"product_tag","embeddable":true,"href":"https:\/\/uj.adatbank.ro\/lexikon\/wp-json\/wp\/v2\/product_tag?post=11175"}],"curies":[{"name":"wp","href":"https:\/\/api.w.org\/{rel}","templated":true}]}}