{"id":11178,"date":"2025-06-29T13:44:29","date_gmt":"2025-06-29T11:44:29","guid":{"rendered":"https:\/\/uj.adatbank.ro\/lexikon\/termek\/kallay-zsuzsanna\/"},"modified":"2025-06-29T13:44:29","modified_gmt":"2025-06-29T11:44:29","slug":"kallay-zsuzsanna","status":"publish","type":"product","link":"https:\/\/uj.adatbank.ro\/lexikon\/termek\/kallay-zsuzsanna\/","title":{"rendered":"K\u00c1LLAY Zsuzsanna"},"content":{"rendered":"<p>? \u2020 ? 1655; Kem\u00e9ny J\u00e1nos fejedelem feles\u00e9ge(1632), h\u00e1zass\u00e1gukb\u00f3l k\u00e9t fi\u00fa sz\u00fcletett, Simon (1633\u20131675) \u00e9s Ferenc (1636\u20131661). <br \/><strong>Irod.:<\/strong> Kov\u00e1cs Kiss Gy\u00f6ngy: Kem\u00e9nyJ\u00e1nos ravatalai (Korunk, 6. sz., 2006. j\u00fan.)<\/br><\/p>\n","protected":false},"excerpt":{"rendered":"<p>? \u2020 ? 1655; Kem\u00e9ny J\u00e1nos fejedelem feles\u00e9ge(1632), h\u00e1zass\u00e1gukb\u00f3l k\u00e9t fi\u00fa sz\u00fcletett, Simon (1633\u20131675) \u00e9s Ferenc (1636\u20131661). Irod.: Kov\u00e1cs Kiss Gy\u00f6ngy: Kem\u00e9nyJ\u00e1nos ravatalai (Korunk, 6. sz., 2006. j\u00fan.)<\/p>\n","protected":false},"featured_media":0,"comment_status":"open","ping_status":"closed","template":"","meta":[],"product_brand":[],"product_cat":[137],"product_tag":[],"class_list":{"0":"post-11178","1":"product","2":"type-product","3":"status-publish","5":"product_cat-maros-megyei-eletrajzi-lexikon","7":"first","8":"instock","9":"shipping-taxable","10":"product-type-simple"},"_links":{"self":[{"href":"https:\/\/uj.adatbank.ro\/lexikon\/wp-json\/wp\/v2\/product\/11178","targetHints":{"allow":["GET"]}}],"collection":[{"href":"https:\/\/uj.adatbank.ro\/lexikon\/wp-json\/wp\/v2\/product"}],"about":[{"href":"https:\/\/uj.adatbank.ro\/lexikon\/wp-json\/wp\/v2\/types\/product"}],"replies":[{"embeddable":true,"href":"https:\/\/uj.adatbank.ro\/lexikon\/wp-json\/wp\/v2\/comments?post=11178"}],"wp:attachment":[{"href":"https:\/\/uj.adatbank.ro\/lexikon\/wp-json\/wp\/v2\/media?parent=11178"}],"wp:term":[{"taxonomy":"product_brand","embeddable":true,"href":"https:\/\/uj.adatbank.ro\/lexikon\/wp-json\/wp\/v2\/product_brand?post=11178"},{"taxonomy":"product_cat","embeddable":true,"href":"https:\/\/uj.adatbank.ro\/lexikon\/wp-json\/wp\/v2\/product_cat?post=11178"},{"taxonomy":"product_tag","embeddable":true,"href":"https:\/\/uj.adatbank.ro\/lexikon\/wp-json\/wp\/v2\/product_tag?post=11178"}],"curies":[{"name":"wp","href":"https:\/\/api.w.org\/{rel}","templated":true}]}}