{"id":11194,"date":"2025-06-29T13:44:59","date_gmt":"2025-06-29T11:44:59","guid":{"rendered":"https:\/\/uj.adatbank.ro\/lexikon\/termek\/kalman-zsigmond\/"},"modified":"2025-06-29T13:44:59","modified_gmt":"2025-06-29T11:44:59","slug":"kalman-zsigmond","status":"publish","type":"product","link":"https:\/\/uj.adatbank.ro\/lexikon\/termek\/kalman-zsigmond\/","title":{"rendered":"K\u00c1LM\u00c1N Zsigmond"},"content":{"rendered":"<p>1742. k., \u2020 Marosv\u00e9cs, 1788. m\u00e1j. 10): ref. tan\u00edt\u00f3. \u2013 Kv.-on subscrib\u00e1lt (1765. k.) Nagy\u00f6lyvesen (1770\u20131777. \u00e1pr. 5.) \u00e9s Marosv\u00e9csen (1778\u20131799. m\u00e1j. 10. mh.) volt mester \u00e9s orgonista. <br \/><strong>Irod.:<\/strong> \u0150sz<\/br><\/p>\n","protected":false},"excerpt":{"rendered":"<p>1742. k., \u2020 Marosv\u00e9cs, 1788. m\u00e1j. 10): ref. tan\u00edt\u00f3. \u2013 Kv.-on subscrib\u00e1lt (1765. k.) Nagy\u00f6lyvesen (1770\u20131777. \u00e1pr. 5.) \u00e9s Marosv\u00e9csen (1778\u20131799. m\u00e1j. 10. mh.) volt mester \u00e9s orgonista. Irod.: \u0150sz<\/p>\n","protected":false},"featured_media":0,"comment_status":"open","ping_status":"closed","template":"","meta":[],"product_brand":[],"product_cat":[137],"product_tag":[],"class_list":{"0":"post-11194","1":"product","2":"type-product","3":"status-publish","5":"product_cat-maros-megyei-eletrajzi-lexikon","7":"first","8":"instock","9":"shipping-taxable","10":"product-type-simple"},"_links":{"self":[{"href":"https:\/\/uj.adatbank.ro\/lexikon\/wp-json\/wp\/v2\/product\/11194","targetHints":{"allow":["GET"]}}],"collection":[{"href":"https:\/\/uj.adatbank.ro\/lexikon\/wp-json\/wp\/v2\/product"}],"about":[{"href":"https:\/\/uj.adatbank.ro\/lexikon\/wp-json\/wp\/v2\/types\/product"}],"replies":[{"embeddable":true,"href":"https:\/\/uj.adatbank.ro\/lexikon\/wp-json\/wp\/v2\/comments?post=11194"}],"wp:attachment":[{"href":"https:\/\/uj.adatbank.ro\/lexikon\/wp-json\/wp\/v2\/media?parent=11194"}],"wp:term":[{"taxonomy":"product_brand","embeddable":true,"href":"https:\/\/uj.adatbank.ro\/lexikon\/wp-json\/wp\/v2\/product_brand?post=11194"},{"taxonomy":"product_cat","embeddable":true,"href":"https:\/\/uj.adatbank.ro\/lexikon\/wp-json\/wp\/v2\/product_cat?post=11194"},{"taxonomy":"product_tag","embeddable":true,"href":"https:\/\/uj.adatbank.ro\/lexikon\/wp-json\/wp\/v2\/product_tag?post=11194"}],"curies":[{"name":"wp","href":"https:\/\/api.w.org\/{rel}","templated":true}]}}