{"id":11233,"date":"2025-06-29T13:46:17","date_gmt":"2025-06-29T11:46:17","guid":{"rendered":"https:\/\/uj.adatbank.ro\/lexikon\/termek\/kanyaro-jozsef\/"},"modified":"2025-06-29T13:46:17","modified_gmt":"2025-06-29T11:46:17","slug":"kanyaro-jozsef","status":"publish","type":"product","link":"https:\/\/uj.adatbank.ro\/lexikon\/termek\/kanyaro-jozsef\/","title":{"rendered":"KANYAR\u00d3 J\u00f3zsef"},"content":{"rendered":"<p>? 1932., \u2020 Sz\u00e1zhalombatta, 1998. \u00e1pr. 22.: m\u00e9rn\u00f6k. \u2013 az ITA f\u0151m\u00e9rn\u00f6ke volt. <br \/><strong>Irod.:<\/strong> MMK<\/br><\/p>\n","protected":false},"excerpt":{"rendered":"<p>? 1932., \u2020 Sz\u00e1zhalombatta, 1998. \u00e1pr. 22.: m\u00e9rn\u00f6k. \u2013 az ITA f\u0151m\u00e9rn\u00f6ke volt. Irod.: MMK<\/p>\n","protected":false},"featured_media":0,"comment_status":"open","ping_status":"closed","template":"","meta":[],"product_brand":[],"product_cat":[137],"product_tag":[],"class_list":{"0":"post-11233","1":"product","2":"type-product","3":"status-publish","5":"product_cat-maros-megyei-eletrajzi-lexikon","7":"first","8":"instock","9":"shipping-taxable","10":"product-type-simple"},"_links":{"self":[{"href":"https:\/\/uj.adatbank.ro\/lexikon\/wp-json\/wp\/v2\/product\/11233","targetHints":{"allow":["GET"]}}],"collection":[{"href":"https:\/\/uj.adatbank.ro\/lexikon\/wp-json\/wp\/v2\/product"}],"about":[{"href":"https:\/\/uj.adatbank.ro\/lexikon\/wp-json\/wp\/v2\/types\/product"}],"replies":[{"embeddable":true,"href":"https:\/\/uj.adatbank.ro\/lexikon\/wp-json\/wp\/v2\/comments?post=11233"}],"wp:attachment":[{"href":"https:\/\/uj.adatbank.ro\/lexikon\/wp-json\/wp\/v2\/media?parent=11233"}],"wp:term":[{"taxonomy":"product_brand","embeddable":true,"href":"https:\/\/uj.adatbank.ro\/lexikon\/wp-json\/wp\/v2\/product_brand?post=11233"},{"taxonomy":"product_cat","embeddable":true,"href":"https:\/\/uj.adatbank.ro\/lexikon\/wp-json\/wp\/v2\/product_cat?post=11233"},{"taxonomy":"product_tag","embeddable":true,"href":"https:\/\/uj.adatbank.ro\/lexikon\/wp-json\/wp\/v2\/product_tag?post=11233"}],"curies":[{"name":"wp","href":"https:\/\/api.w.org\/{rel}","templated":true}]}}