{"id":11236,"date":"2025-06-29T13:46:23","date_gmt":"2025-06-29T11:46:23","guid":{"rendered":"https:\/\/uj.adatbank.ro\/lexikon\/termek\/kapatan-marton\/"},"modified":"2025-06-29T13:46:23","modified_gmt":"2025-06-29T11:46:23","slug":"kapatan-marton","status":"publish","type":"product","link":"https:\/\/uj.adatbank.ro\/lexikon\/termek\/kapatan-marton\/","title":{"rendered":"KAPAT\u00c1N M\u00e1rton"},"content":{"rendered":"<p>Szamos\u00fajv\u00e1r, 1813. nov. 11., \u2020 Gyulafeh\u00e9rv\u00e1r, 1891. m\u00e1rc. 8.: r. kat. lelk\u00e9sztan\u00e1r. \u2013 Az 1848\u201349-es forr. ideje alatt Top\u00e1nfalv\u00e1n (Feh\u00e9r) szolg\u00e1lt, sok \u00fcld\u00f6z\u00e9snek volt kit\u00e9ve. K\u00e9s\u0151bb Mv.-en a R. Kat. Tanoda tan\u00e1ra lett, majd kanonok-rektor Gyulafeh\u00e9rv\u00e1ron. <br \/><strong>Irod.:<\/strong> P\u00e1l-Anal \u2013 Szab\u00f3 2.<\/br><\/p>\n","protected":false},"excerpt":{"rendered":"<p>Szamos\u00fajv\u00e1r, 1813. nov. 11., \u2020 Gyulafeh\u00e9rv\u00e1r, 1891. m\u00e1rc. 8.: r. kat. lelk\u00e9sztan\u00e1r. \u2013 Az 1848\u201349-es forr. ideje alatt Top\u00e1nfalv\u00e1n (Feh\u00e9r) szolg\u00e1lt, sok \u00fcld\u00f6z\u00e9snek volt kit\u00e9ve. K\u00e9s\u0151bb Mv.-en a R. Kat. Tanoda tan\u00e1ra lett, majd kanonok-rektor Gyulafeh\u00e9rv\u00e1ron. Irod.: P\u00e1l-Anal \u2013 Szab\u00f3 2.<\/p>\n","protected":false},"featured_media":0,"comment_status":"open","ping_status":"closed","template":"","meta":[],"product_brand":[],"product_cat":[137],"product_tag":[],"class_list":{"0":"post-11236","1":"product","2":"type-product","3":"status-publish","5":"product_cat-maros-megyei-eletrajzi-lexikon","7":"first","8":"instock","9":"shipping-taxable","10":"product-type-simple"},"_links":{"self":[{"href":"https:\/\/uj.adatbank.ro\/lexikon\/wp-json\/wp\/v2\/product\/11236","targetHints":{"allow":["GET"]}}],"collection":[{"href":"https:\/\/uj.adatbank.ro\/lexikon\/wp-json\/wp\/v2\/product"}],"about":[{"href":"https:\/\/uj.adatbank.ro\/lexikon\/wp-json\/wp\/v2\/types\/product"}],"replies":[{"embeddable":true,"href":"https:\/\/uj.adatbank.ro\/lexikon\/wp-json\/wp\/v2\/comments?post=11236"}],"wp:attachment":[{"href":"https:\/\/uj.adatbank.ro\/lexikon\/wp-json\/wp\/v2\/media?parent=11236"}],"wp:term":[{"taxonomy":"product_brand","embeddable":true,"href":"https:\/\/uj.adatbank.ro\/lexikon\/wp-json\/wp\/v2\/product_brand?post=11236"},{"taxonomy":"product_cat","embeddable":true,"href":"https:\/\/uj.adatbank.ro\/lexikon\/wp-json\/wp\/v2\/product_cat?post=11236"},{"taxonomy":"product_tag","embeddable":true,"href":"https:\/\/uj.adatbank.ro\/lexikon\/wp-json\/wp\/v2\/product_tag?post=11236"}],"curies":[{"name":"wp","href":"https:\/\/api.w.org\/{rel}","templated":true}]}}