{"id":11239,"date":"2025-06-29T13:46:29","date_gmt":"2025-06-29T11:46:29","guid":{"rendered":"https:\/\/uj.adatbank.ro\/lexikon\/termek\/kapi-gabor\/"},"modified":"2025-06-29T13:46:29","modified_gmt":"2025-06-29T11:46:29","slug":"kapi-gabor","status":"publish","type":"product","link":"https:\/\/uj.adatbank.ro\/lexikon\/termek\/kapi-gabor\/","title":{"rendered":"KAPI G\u00e1bor"},"content":{"rendered":"<p>1658 \u2020 1728 : jezsuita rendf\u0151n\u00f6k, hitsz\u00f3nok, teol\u00f3giai tan\u00e1r. \u2013A pr\u00e1gai, nagyszombati, kv.-i egyetemen m\u0171k\u00f6d\u00f6tt hitt\u00e9r\u00edt\u0151k\u00e9nt, a jezsuita rendh\u00e1z f\u0151n\u00f6ke volt. Endes Istv\u00e1n p\u00e1tert k\u00fcldte a v\u00e1rosba (1702). Neki kezdett a Domus historia \u00edr\u00e1s\u00e1nak. <br \/><strong>Irod.:<\/strong> Id\u0151t\u00e1r 1<\/br><\/p>\n","protected":false},"excerpt":{"rendered":"<p>1658 \u2020 1728 : jezsuita rendf\u0151n\u00f6k, hitsz\u00f3nok, teol\u00f3giai tan\u00e1r. \u2013A pr\u00e1gai, nagyszombati, kv.-i egyetemen m\u0171k\u00f6d\u00f6tt hitt\u00e9r\u00edt\u0151k\u00e9nt, a jezsuita rendh\u00e1z f\u0151n\u00f6ke volt. Endes Istv\u00e1n p\u00e1tert k\u00fcldte a v\u00e1rosba (1702). Neki kezdett a Domus historia \u00edr\u00e1s\u00e1nak. Irod.: Id\u0151t\u00e1r 1<\/p>\n","protected":false},"featured_media":0,"comment_status":"open","ping_status":"closed","template":"","meta":[],"product_brand":[],"product_cat":[137],"product_tag":[],"class_list":{"0":"post-11239","1":"product","2":"type-product","3":"status-publish","5":"product_cat-maros-megyei-eletrajzi-lexikon","7":"first","8":"instock","9":"shipping-taxable","10":"product-type-simple"},"_links":{"self":[{"href":"https:\/\/uj.adatbank.ro\/lexikon\/wp-json\/wp\/v2\/product\/11239","targetHints":{"allow":["GET"]}}],"collection":[{"href":"https:\/\/uj.adatbank.ro\/lexikon\/wp-json\/wp\/v2\/product"}],"about":[{"href":"https:\/\/uj.adatbank.ro\/lexikon\/wp-json\/wp\/v2\/types\/product"}],"replies":[{"embeddable":true,"href":"https:\/\/uj.adatbank.ro\/lexikon\/wp-json\/wp\/v2\/comments?post=11239"}],"wp:attachment":[{"href":"https:\/\/uj.adatbank.ro\/lexikon\/wp-json\/wp\/v2\/media?parent=11239"}],"wp:term":[{"taxonomy":"product_brand","embeddable":true,"href":"https:\/\/uj.adatbank.ro\/lexikon\/wp-json\/wp\/v2\/product_brand?post=11239"},{"taxonomy":"product_cat","embeddable":true,"href":"https:\/\/uj.adatbank.ro\/lexikon\/wp-json\/wp\/v2\/product_cat?post=11239"},{"taxonomy":"product_tag","embeddable":true,"href":"https:\/\/uj.adatbank.ro\/lexikon\/wp-json\/wp\/v2\/product_tag?post=11239"}],"curies":[{"name":"wp","href":"https:\/\/api.w.org\/{rel}","templated":true}]}}