{"id":11249,"date":"2025-06-29T13:46:50","date_gmt":"2025-06-29T11:46:50","guid":{"rendered":"https:\/\/uj.adatbank.ro\/lexikon\/termek\/kapus-janos\/"},"modified":"2025-06-29T13:46:50","modified_gmt":"2025-06-29T11:46:50","slug":"kapus-janos","status":"publish","type":"product","link":"https:\/\/uj.adatbank.ro\/lexikon\/termek\/kapus-janos\/","title":{"rendered":"KAPUS J\u00e1nos"},"content":{"rendered":"<p>Magyark\u00e1ly\u00e1n, 1928. j\u00fan. 28., \u2020 Mv., 2007. dec. 22.: tan\u00e1r, m\u0171vel\u0151d\u00e9si fel\u00fcgyel\u0151. \u2013 A csal\u00e1d Mez\u0151szilv\u00e1sra k\u00f6lt\u00f6z\u00f6tt, de tanulm\u00e1nyait a nagyenyedi ref. koll.-ban v\u00e9gezte (1935\u201347), Kv.-on a BTE t\u00f6rt\u00e9nelem-filol\u00f3gia szakon v\u00e9gzett (1954). A rom\u00e1n nyelv szaktan\u00e1r\u00e1v\u00e1 nev\u00e9zt\u00e9k ki a mv.-i Unirea- Egyes\u00fcl\u00e9s le\u00e1ny l\u00edc. -ba, ahol a m. tagozat nappali \u00e9s esti oszt\u00e1lyaiban tan\u00edtott. I. fokozati szakvizsg\u00e1t tett. Az iskol\u00e1ban v\u00e9gzett kult\u00far-munk\u00e1t, az IMSZ megyei bizotts\u00e1g\u00e1ban tev\u00e9kenykedett (1958\u2013), p\u00e1rtiskol\u00e1ban lektor (1960), majd lektor a p\u00e1rtiskol\u00e1ban (1961\u2013), a MAT N\u00e9ptan\u00e1csa tudom\u00e1nyn\u00e9pszer\u0171s\u00edt\u0151 oszt\u00e1ly\u00e1nak munkat\u00e1rsa (1965\u2013), Tan\u00edtott a mv.-i 1. sz. ipari l\u00edc.-ban is. A Maros Megyei Tan\u00e1cs tudom\u00e1nyos \u00e9s m\u0171szaki ismereteket terjeszt\u0151 komisszi\u00f3j\u00e1nak titk\u00e1ra, majd a Maros Megye Kultur\u00e1lis \u00e9s M\u0171vel\u0151d\u00e9si Oszt\u00e1ly\u00e1n a Tudom\u00e1ny \u00e9s Kult\u00fara terjeszt\u0151 bizotts\u00e1g\u00e1nak eln\u00f6ke \u00e9s szakir\u00e1ny\u00edt\u00f3ja (1969\u201389), valamint a N\u00e9pi Egyetem lektora ( \u2013 1989). fesztiv\u00e1lok, koncertek, ki\u00e1ll\u00edt\u00e1sok szervez\u0151je volt. A tudom\u00e1ny \u00e9s kult\u00fara n\u00e9pszer\u0171s\u00edt\u00e9se c\u00e9lj\u00e1b\u00f3l t\u00f6bb sz\u00e1z cikket k\u00f6z\u00f6lt a mv.-i St. r., V. Z., Contemporanul, Revista literar\u0103, Korunk, Utunk, a buk.-i Sc\u00e2nteia lapokban. <br \/><strong>Irod.:<\/strong> csal\u00e1di inf.; Dasc\u0103li mure\u015feni, 5.<\/br><\/p>\n","protected":false},"excerpt":{"rendered":"<p>Magyark\u00e1ly\u00e1n, 1928. j\u00fan. 28., \u2020 Mv., 2007. dec. 22.: tan\u00e1r, m\u0171vel\u0151d\u00e9si fel\u00fcgyel\u0151. \u2013 A csal\u00e1d Mez\u0151szilv\u00e1sra k\u00f6lt\u00f6z\u00f6tt, de tanulm\u00e1nyait a nagyenyedi ref. koll.-ban v\u00e9gezte (1935\u201347), Kv.-on a BTE t\u00f6rt\u00e9nelem-filol\u00f3gia szakon v\u00e9gzett (1954). A rom\u00e1n nyelv szaktan\u00e1r\u00e1v\u00e1 nev\u00e9zt\u00e9k ki a mv.-i Unirea- Egyes\u00fcl\u00e9s le\u00e1ny l\u00edc. -ba, ahol a m. tagozat nappali \u00e9s esti oszt\u00e1lyaiban tan\u00edtott. I. [&hellip;]<\/p>\n","protected":false},"featured_media":0,"comment_status":"open","ping_status":"closed","template":"","meta":[],"product_brand":[],"product_cat":[137],"product_tag":[],"class_list":{"0":"post-11249","1":"product","2":"type-product","3":"status-publish","5":"product_cat-maros-megyei-eletrajzi-lexikon","7":"first","8":"instock","9":"shipping-taxable","10":"product-type-simple"},"_links":{"self":[{"href":"https:\/\/uj.adatbank.ro\/lexikon\/wp-json\/wp\/v2\/product\/11249","targetHints":{"allow":["GET"]}}],"collection":[{"href":"https:\/\/uj.adatbank.ro\/lexikon\/wp-json\/wp\/v2\/product"}],"about":[{"href":"https:\/\/uj.adatbank.ro\/lexikon\/wp-json\/wp\/v2\/types\/product"}],"replies":[{"embeddable":true,"href":"https:\/\/uj.adatbank.ro\/lexikon\/wp-json\/wp\/v2\/comments?post=11249"}],"wp:attachment":[{"href":"https:\/\/uj.adatbank.ro\/lexikon\/wp-json\/wp\/v2\/media?parent=11249"}],"wp:term":[{"taxonomy":"product_brand","embeddable":true,"href":"https:\/\/uj.adatbank.ro\/lexikon\/wp-json\/wp\/v2\/product_brand?post=11249"},{"taxonomy":"product_cat","embeddable":true,"href":"https:\/\/uj.adatbank.ro\/lexikon\/wp-json\/wp\/v2\/product_cat?post=11249"},{"taxonomy":"product_tag","embeddable":true,"href":"https:\/\/uj.adatbank.ro\/lexikon\/wp-json\/wp\/v2\/product_tag?post=11249"}],"curies":[{"name":"wp","href":"https:\/\/api.w.org\/{rel}","templated":true}]}}