{"id":11255,"date":"2025-06-29T13:47:02","date_gmt":"2025-06-29T11:47:02","guid":{"rendered":"https:\/\/uj.adatbank.ro\/lexikon\/termek\/kapussy-imre-kapusi-imre-kapusy-imre\/"},"modified":"2025-06-29T13:47:02","modified_gmt":"2025-06-29T11:47:02","slug":"kapussy-imre-kapusi-imre-kapusy-imre","status":"publish","type":"product","link":"https:\/\/uj.adatbank.ro\/lexikon\/termek\/kapussy-imre-kapusi-imre-kapusy-imre\/","title":{"rendered":"KAPUSSY Imre, Kapusi Imre, Kapusy Imre"},"content":{"rendered":"<p>Sz\u00e1szr\u00e9gen, 1884. j\u00fan. 18., \u2020 Seatle (USA), 1978. aug. 17.: k\u00f6zgazd\u00e1sz. \u2013 Apja sz\u00e1llodatulajdonos \u00e9s birtokos. Feles\u00e9ge: G\u00f6ldner Ella. Kisl\u00e1nyuk meghalt (Mv., 1923. m\u00e1rc. 30) \u2013 Tanult a Lipcsei Egy. Jogtud. Kar\u00e1n (1906; 1908), a Lipcsei Ker. F\u0151isk. Ker. K\u00f6zgazd. Kar\u00e1n (1916\u201309)Keresked\u0151i diplom\u00e1t szerzett. \u00dcgyv\u00e9d Sz\u00e1szr\u00e9genben (1909). Mv.-en a Fels\u0151kereskedelmi gimn.-ban tan\u00e1r a sz\u00e1zad elej\u00e9n (1919\u201320 ban is majd helyettes tan\u00e1r a Ref. Koll.-ban (1922\u201323). K\u00e9s\u0151bb Gy\u0151rbe ker\u00fclt, ahol a v\u00e1rosi Fels\u0151ker. Isk. rendes tan\u00e1ra (1939)A k\u00f6zgazdas\u00e1gi nevel\u00e9sr\u0151l \u00e9s szociol\u00f3giai k\u00e9rd\u00e9sekr\u0151l \u00edrt tanulm\u00e1nyokat, a Sanderson iskolat\u00edpus el\u0151harcosa volt Erd\u00e9lyben. A kereskedelmi iskola jelleg\u00e9t kib\u0151v\u00edtve k\u00f6zgazdas\u00e1gi iskola l\u00e9tes\u00edt\u00e9s\u00e9t szorgalmazta Mv.-en. A Zord Id\u0151 hat folytat\u00e1sban k\u00f6z\u00f6lte K\u00f6zgazdas\u00e1gi nevel\u00e9s, majd Erd\u0151puszt\u00edt\u00e1s, Faji kongresszus c. tanulm\u00e1nyait (1920);. Kiv\u00e1ndorolt az USA-ba. \u2013 <strong>F. m.:<\/strong> K\u00f6zgazdas\u00e1gi k\u00f6z\u00e9piskol\u00e1t ! (Tg. M. -Mv., 1921). <br \/><strong>Irod.:<\/strong> Buday \u00c1rp\u00e1d: K\u00f6zgazdas\u00e1gi k\u00f6z\u00e9piskol\u00e1t (P\u00e1sztort\u0171z, 30. sz., 1921. okt. 1.); Gy\u00e1szjelent\u0151; Gy\u00f6rgy 1926; K\u00e1d\u00e1r Zsombor: Egy foly\u00f3irat ny\u00fajtotta seg\u00edts\u00e9g = K\u00e1d\u00e1r Zsombor: Sz\u00e9kelyf\u00f6ldi erd\u00e9szeti arck\u00e9pcsarnok (Bp., 1999); M\u00c9L; Mv. t\u00f6rt. 2.; Osv\u00e1t; Profiluri reghinene; RMIL, Szab\u00f3\u2013Simon\u2013Sz\u00f6gi<\/br><\/p>\n","protected":false},"excerpt":{"rendered":"<p>Sz\u00e1szr\u00e9gen, 1884. j\u00fan. 18., \u2020 Seatle (USA), 1978. aug. 17.: k\u00f6zgazd\u00e1sz. \u2013 Apja sz\u00e1llodatulajdonos \u00e9s birtokos. Feles\u00e9ge: G\u00f6ldner Ella. Kisl\u00e1nyuk meghalt (Mv., 1923. m\u00e1rc. 30) \u2013 Tanult a Lipcsei Egy. Jogtud. Kar\u00e1n (1906; 1908), a Lipcsei Ker. F\u0151isk. Ker. K\u00f6zgazd. Kar\u00e1n (1916\u201309)Keresked\u0151i diplom\u00e1t szerzett. \u00dcgyv\u00e9d Sz\u00e1szr\u00e9genben (1909). Mv.-en a Fels\u0151kereskedelmi gimn.-ban tan\u00e1r a sz\u00e1zad elej\u00e9n [&hellip;]<\/p>\n","protected":false},"featured_media":0,"comment_status":"open","ping_status":"closed","template":"","meta":[],"product_brand":[],"product_cat":[137],"product_tag":[],"class_list":{"0":"post-11255","1":"product","2":"type-product","3":"status-publish","5":"product_cat-maros-megyei-eletrajzi-lexikon","7":"first","8":"instock","9":"shipping-taxable","10":"product-type-simple"},"_links":{"self":[{"href":"https:\/\/uj.adatbank.ro\/lexikon\/wp-json\/wp\/v2\/product\/11255","targetHints":{"allow":["GET"]}}],"collection":[{"href":"https:\/\/uj.adatbank.ro\/lexikon\/wp-json\/wp\/v2\/product"}],"about":[{"href":"https:\/\/uj.adatbank.ro\/lexikon\/wp-json\/wp\/v2\/types\/product"}],"replies":[{"embeddable":true,"href":"https:\/\/uj.adatbank.ro\/lexikon\/wp-json\/wp\/v2\/comments?post=11255"}],"wp:attachment":[{"href":"https:\/\/uj.adatbank.ro\/lexikon\/wp-json\/wp\/v2\/media?parent=11255"}],"wp:term":[{"taxonomy":"product_brand","embeddable":true,"href":"https:\/\/uj.adatbank.ro\/lexikon\/wp-json\/wp\/v2\/product_brand?post=11255"},{"taxonomy":"product_cat","embeddable":true,"href":"https:\/\/uj.adatbank.ro\/lexikon\/wp-json\/wp\/v2\/product_cat?post=11255"},{"taxonomy":"product_tag","embeddable":true,"href":"https:\/\/uj.adatbank.ro\/lexikon\/wp-json\/wp\/v2\/product_tag?post=11255"}],"curies":[{"name":"wp","href":"https:\/\/api.w.org\/{rel}","templated":true}]}}