{"id":11257,"date":"2025-06-29T13:47:06","date_gmt":"2025-06-29T11:47:06","guid":{"rendered":"https:\/\/uj.adatbank.ro\/lexikon\/termek\/kapusy-dezso\/"},"modified":"2025-06-29T13:47:06","modified_gmt":"2025-06-29T11:47:06","slug":"kapusy-dezso","status":"publish","type":"product","link":"https:\/\/uj.adatbank.ro\/lexikon\/termek\/kapusy-dezso\/","title":{"rendered":"KAPUSY Dezs\u0151"},"content":{"rendered":"<p>Sz\u00e1szr\u00e9gen, 1887, \u2020 ?: \u00fcgyv\u00e9d. \u2013 \u00dcgyv\u00e9d Sz\u00e1szr\u00e9genben. R\u00e9szt vett az I. vh.-ban (1914\u201318), az orosz, olasz, francia fronton harcolt. Hadnagyk\u00e9nt szerelt le. <br \/><strong>Irod.:<\/strong> Erd\u00e9lyi ezredek<\/br><\/p>\n","protected":false},"excerpt":{"rendered":"<p>Sz\u00e1szr\u00e9gen, 1887, \u2020 ?: \u00fcgyv\u00e9d. \u2013 \u00dcgyv\u00e9d Sz\u00e1szr\u00e9genben. R\u00e9szt vett az I. vh.-ban (1914\u201318), az orosz, olasz, francia fronton harcolt. Hadnagyk\u00e9nt szerelt le. Irod.: Erd\u00e9lyi ezredek<\/p>\n","protected":false},"featured_media":0,"comment_status":"open","ping_status":"closed","template":"","meta":[],"product_brand":[],"product_cat":[137],"product_tag":[],"class_list":{"0":"post-11257","1":"product","2":"type-product","3":"status-publish","5":"product_cat-maros-megyei-eletrajzi-lexikon","7":"first","8":"instock","9":"shipping-taxable","10":"product-type-simple"},"_links":{"self":[{"href":"https:\/\/uj.adatbank.ro\/lexikon\/wp-json\/wp\/v2\/product\/11257","targetHints":{"allow":["GET"]}}],"collection":[{"href":"https:\/\/uj.adatbank.ro\/lexikon\/wp-json\/wp\/v2\/product"}],"about":[{"href":"https:\/\/uj.adatbank.ro\/lexikon\/wp-json\/wp\/v2\/types\/product"}],"replies":[{"embeddable":true,"href":"https:\/\/uj.adatbank.ro\/lexikon\/wp-json\/wp\/v2\/comments?post=11257"}],"wp:attachment":[{"href":"https:\/\/uj.adatbank.ro\/lexikon\/wp-json\/wp\/v2\/media?parent=11257"}],"wp:term":[{"taxonomy":"product_brand","embeddable":true,"href":"https:\/\/uj.adatbank.ro\/lexikon\/wp-json\/wp\/v2\/product_brand?post=11257"},{"taxonomy":"product_cat","embeddable":true,"href":"https:\/\/uj.adatbank.ro\/lexikon\/wp-json\/wp\/v2\/product_cat?post=11257"},{"taxonomy":"product_tag","embeddable":true,"href":"https:\/\/uj.adatbank.ro\/lexikon\/wp-json\/wp\/v2\/product_tag?post=11257"}],"curies":[{"name":"wp","href":"https:\/\/api.w.org\/{rel}","templated":true}]}}