{"id":11272,"date":"2025-06-29T13:47:33","date_gmt":"2025-06-29T11:47:33","guid":{"rendered":"https:\/\/uj.adatbank.ro\/lexikon\/termek\/karansebesi-gyorgy-cler-novit\/"},"modified":"2025-06-29T13:47:33","modified_gmt":"2025-06-29T11:47:33","slug":"karansebesi-gyorgy-cler-novit","status":"publish","type":"product","link":"https:\/\/uj.adatbank.ro\/lexikon\/termek\/karansebesi-gyorgy-cler-novit\/","title":{"rendered":"KAR\u00c1NSEBESI Gy\u00f6rgy, Cler. Novit."},"content":{"rendered":"<p>1630. k. \u2020 Fej\u00e9regyh\u00e1za, 1646. jan. 1.: ferences szerzetes \u00fajonc. \u2013 Be\u00f6lt\u00f6z\u00f6tt (1645). Meghalt pestisben. <br \/><strong>Irod.:<\/strong> Gy\u00f6rgy: A ferencrendiek<\/br><\/p>\n","protected":false},"excerpt":{"rendered":"<p>1630. k. \u2020 Fej\u00e9regyh\u00e1za, 1646. jan. 1.: ferences szerzetes \u00fajonc. \u2013 Be\u00f6lt\u00f6z\u00f6tt (1645). Meghalt pestisben. Irod.: Gy\u00f6rgy: A ferencrendiek<\/p>\n","protected":false},"featured_media":0,"comment_status":"open","ping_status":"closed","template":"","meta":[],"product_brand":[],"product_cat":[137],"product_tag":[],"class_list":{"0":"post-11272","1":"product","2":"type-product","3":"status-publish","5":"product_cat-maros-megyei-eletrajzi-lexikon","7":"first","8":"instock","9":"shipping-taxable","10":"product-type-simple"},"_links":{"self":[{"href":"https:\/\/uj.adatbank.ro\/lexikon\/wp-json\/wp\/v2\/product\/11272","targetHints":{"allow":["GET"]}}],"collection":[{"href":"https:\/\/uj.adatbank.ro\/lexikon\/wp-json\/wp\/v2\/product"}],"about":[{"href":"https:\/\/uj.adatbank.ro\/lexikon\/wp-json\/wp\/v2\/types\/product"}],"replies":[{"embeddable":true,"href":"https:\/\/uj.adatbank.ro\/lexikon\/wp-json\/wp\/v2\/comments?post=11272"}],"wp:attachment":[{"href":"https:\/\/uj.adatbank.ro\/lexikon\/wp-json\/wp\/v2\/media?parent=11272"}],"wp:term":[{"taxonomy":"product_brand","embeddable":true,"href":"https:\/\/uj.adatbank.ro\/lexikon\/wp-json\/wp\/v2\/product_brand?post=11272"},{"taxonomy":"product_cat","embeddable":true,"href":"https:\/\/uj.adatbank.ro\/lexikon\/wp-json\/wp\/v2\/product_cat?post=11272"},{"taxonomy":"product_tag","embeddable":true,"href":"https:\/\/uj.adatbank.ro\/lexikon\/wp-json\/wp\/v2\/product_tag?post=11272"}],"curies":[{"name":"wp","href":"https:\/\/api.w.org\/{rel}","templated":true}]}}