{"id":11275,"date":"2025-06-29T13:47:39","date_gmt":"2025-06-29T11:47:39","guid":{"rendered":"https:\/\/uj.adatbank.ro\/lexikon\/termek\/karatsony-hodosi-csalad\/"},"modified":"2025-06-29T13:47:39","modified_gmt":"2025-06-29T11:47:39","slug":"karatsony-hodosi-csalad","status":"publish","type":"product","link":"https:\/\/uj.adatbank.ro\/lexikon\/termek\/karatsony-hodosi-csalad\/","title":{"rendered":"KAR\u00c1TSONY, hodosi csal\u00e1d"},"content":{"rendered":"<p>El\u0151n\u00e9v adom\u00e1nyoz\u00e1sa 1904. okt. 14. K. Ferenc katonai lelk\u00e9sz, K. J\u00e1nos \u00fcgy\u00e9sz \u00e9s K. Dezs\u0151 takar\u00e9kp\u00e9nzt\u00e1ri tisztvisel\u0151 r\u00e9sz\u00e9re. <br \/><strong>Irod.:<\/strong> Kempelen<\/br><\/p>\n","protected":false},"excerpt":{"rendered":"<p>El\u0151n\u00e9v adom\u00e1nyoz\u00e1sa 1904. okt. 14. K. Ferenc katonai lelk\u00e9sz, K. J\u00e1nos \u00fcgy\u00e9sz \u00e9s K. Dezs\u0151 takar\u00e9kp\u00e9nzt\u00e1ri tisztvisel\u0151 r\u00e9sz\u00e9re. Irod.: Kempelen<\/p>\n","protected":false},"featured_media":0,"comment_status":"open","ping_status":"closed","template":"","meta":[],"product_brand":[],"product_cat":[137],"product_tag":[],"class_list":{"0":"post-11275","1":"product","2":"type-product","3":"status-publish","5":"product_cat-maros-megyei-eletrajzi-lexikon","7":"first","8":"instock","9":"shipping-taxable","10":"product-type-simple"},"_links":{"self":[{"href":"https:\/\/uj.adatbank.ro\/lexikon\/wp-json\/wp\/v2\/product\/11275","targetHints":{"allow":["GET"]}}],"collection":[{"href":"https:\/\/uj.adatbank.ro\/lexikon\/wp-json\/wp\/v2\/product"}],"about":[{"href":"https:\/\/uj.adatbank.ro\/lexikon\/wp-json\/wp\/v2\/types\/product"}],"replies":[{"embeddable":true,"href":"https:\/\/uj.adatbank.ro\/lexikon\/wp-json\/wp\/v2\/comments?post=11275"}],"wp:attachment":[{"href":"https:\/\/uj.adatbank.ro\/lexikon\/wp-json\/wp\/v2\/media?parent=11275"}],"wp:term":[{"taxonomy":"product_brand","embeddable":true,"href":"https:\/\/uj.adatbank.ro\/lexikon\/wp-json\/wp\/v2\/product_brand?post=11275"},{"taxonomy":"product_cat","embeddable":true,"href":"https:\/\/uj.adatbank.ro\/lexikon\/wp-json\/wp\/v2\/product_cat?post=11275"},{"taxonomy":"product_tag","embeddable":true,"href":"https:\/\/uj.adatbank.ro\/lexikon\/wp-json\/wp\/v2\/product_tag?post=11275"}],"curies":[{"name":"wp","href":"https:\/\/api.w.org\/{rel}","templated":true}]}}