{"id":11278,"date":"2025-06-29T13:47:43","date_gmt":"2025-06-29T11:47:43","guid":{"rendered":"https:\/\/uj.adatbank.ro\/lexikon\/termek\/karda-tibor\/"},"modified":"2025-06-29T13:47:43","modified_gmt":"2025-06-29T11:47:43","slug":"karda-tibor","status":"publish","type":"product","link":"https:\/\/uj.adatbank.ro\/lexikon\/termek\/karda-tibor\/","title":{"rendered":"KARDA Tibor"},"content":{"rendered":"<p>Cs\u00edkszentdomokos, 1927, \u2020 Mv., 1989. j\u00fal.: szakorvos. \u2013 Mv.-en az OGYI szerzett orvosi diplom\u00e1t. Szem\u00e9sz f\u0151orvos Marosh\u00e9v\u00edzen (1967\u201369) a j\u00e1r\u00f3beteg rendel\u00e9sen, majd a cs\u00edkszeredai szem\u00e9szeti oszt\u00e1lyon \u00e9s rendel\u0151int\u00e9zetben tev\u00e9kenykedett (1969- nyugd\u00edjaz\u00e1sig). M\u0171t\u00e9teket is v\u00e9gzett. A mv.-i r. k. temet\u0151ben nyugszik. <br \/><strong>Irod.:<\/strong> Fodor Ferenc 2000; Kiss-P. &#8211; P.; [Nekrol\u00f3g](V. Z., 1989. j\u00fal. 7.)<\/br><\/p>\n","protected":false},"excerpt":{"rendered":"<p>Cs\u00edkszentdomokos, 1927, \u2020 Mv., 1989. j\u00fal.: szakorvos. \u2013 Mv.-en az OGYI szerzett orvosi diplom\u00e1t. Szem\u00e9sz f\u0151orvos Marosh\u00e9v\u00edzen (1967\u201369) a j\u00e1r\u00f3beteg rendel\u00e9sen, majd a cs\u00edkszeredai szem\u00e9szeti oszt\u00e1lyon \u00e9s rendel\u0151int\u00e9zetben tev\u00e9kenykedett (1969- nyugd\u00edjaz\u00e1sig). M\u0171t\u00e9teket is v\u00e9gzett. A mv.-i r. k. temet\u0151ben nyugszik. Irod.: Fodor Ferenc 2000; Kiss-P. &#8211; P.; [Nekrol\u00f3g](V. Z., 1989. j\u00fal. 7.)<\/p>\n","protected":false},"featured_media":0,"comment_status":"open","ping_status":"closed","template":"","meta":[],"product_brand":[],"product_cat":[137],"product_tag":[],"class_list":{"0":"post-11278","1":"product","2":"type-product","3":"status-publish","5":"product_cat-maros-megyei-eletrajzi-lexikon","7":"first","8":"instock","9":"shipping-taxable","10":"product-type-simple"},"_links":{"self":[{"href":"https:\/\/uj.adatbank.ro\/lexikon\/wp-json\/wp\/v2\/product\/11278","targetHints":{"allow":["GET"]}}],"collection":[{"href":"https:\/\/uj.adatbank.ro\/lexikon\/wp-json\/wp\/v2\/product"}],"about":[{"href":"https:\/\/uj.adatbank.ro\/lexikon\/wp-json\/wp\/v2\/types\/product"}],"replies":[{"embeddable":true,"href":"https:\/\/uj.adatbank.ro\/lexikon\/wp-json\/wp\/v2\/comments?post=11278"}],"wp:attachment":[{"href":"https:\/\/uj.adatbank.ro\/lexikon\/wp-json\/wp\/v2\/media?parent=11278"}],"wp:term":[{"taxonomy":"product_brand","embeddable":true,"href":"https:\/\/uj.adatbank.ro\/lexikon\/wp-json\/wp\/v2\/product_brand?post=11278"},{"taxonomy":"product_cat","embeddable":true,"href":"https:\/\/uj.adatbank.ro\/lexikon\/wp-json\/wp\/v2\/product_cat?post=11278"},{"taxonomy":"product_tag","embeddable":true,"href":"https:\/\/uj.adatbank.ro\/lexikon\/wp-json\/wp\/v2\/product_tag?post=11278"}],"curies":[{"name":"wp","href":"https:\/\/api.w.org\/{rel}","templated":true}]}}