{"id":11283,"date":"2025-06-29T13:47:50","date_gmt":"2025-06-29T11:47:50","guid":{"rendered":"https:\/\/uj.adatbank.ro\/lexikon\/termek\/kardos-mihaly\/"},"modified":"2025-06-29T13:47:50","modified_gmt":"2025-06-29T11:47:50","slug":"kardos-mihaly","status":"publish","type":"product","link":"https:\/\/uj.adatbank.ro\/lexikon\/termek\/kardos-mihaly\/","title":{"rendered":"KARDOS Mih\u00e1ly"},"content":{"rendered":"<p>? \u2020 ?: v\u00e1rmegyei f\u0151jegyz\u0151 helyettes. \u2013 Az \u00c1rvasz\u00e9k \u00fcln\u00f6ke volt, majd v\u0171rmegyei f\u0151jegyz\u0151 helyettes (1941). <br \/><strong>Irod.:<\/strong> Id\u0151t\u00e1r 3<\/br><\/p>\n","protected":false},"excerpt":{"rendered":"<p>? \u2020 ?: v\u00e1rmegyei f\u0151jegyz\u0151 helyettes. \u2013 Az \u00c1rvasz\u00e9k \u00fcln\u00f6ke volt, majd v\u0171rmegyei f\u0151jegyz\u0151 helyettes (1941). Irod.: Id\u0151t\u00e1r 3<\/p>\n","protected":false},"featured_media":0,"comment_status":"open","ping_status":"closed","template":"","meta":[],"product_brand":[],"product_cat":[137],"product_tag":[],"class_list":{"0":"post-11283","1":"product","2":"type-product","3":"status-publish","5":"product_cat-maros-megyei-eletrajzi-lexikon","7":"first","8":"instock","9":"shipping-taxable","10":"product-type-simple"},"_links":{"self":[{"href":"https:\/\/uj.adatbank.ro\/lexikon\/wp-json\/wp\/v2\/product\/11283","targetHints":{"allow":["GET"]}}],"collection":[{"href":"https:\/\/uj.adatbank.ro\/lexikon\/wp-json\/wp\/v2\/product"}],"about":[{"href":"https:\/\/uj.adatbank.ro\/lexikon\/wp-json\/wp\/v2\/types\/product"}],"replies":[{"embeddable":true,"href":"https:\/\/uj.adatbank.ro\/lexikon\/wp-json\/wp\/v2\/comments?post=11283"}],"wp:attachment":[{"href":"https:\/\/uj.adatbank.ro\/lexikon\/wp-json\/wp\/v2\/media?parent=11283"}],"wp:term":[{"taxonomy":"product_brand","embeddable":true,"href":"https:\/\/uj.adatbank.ro\/lexikon\/wp-json\/wp\/v2\/product_brand?post=11283"},{"taxonomy":"product_cat","embeddable":true,"href":"https:\/\/uj.adatbank.ro\/lexikon\/wp-json\/wp\/v2\/product_cat?post=11283"},{"taxonomy":"product_tag","embeddable":true,"href":"https:\/\/uj.adatbank.ro\/lexikon\/wp-json\/wp\/v2\/product_tag?post=11283"}],"curies":[{"name":"wp","href":"https:\/\/api.w.org\/{rel}","templated":true}]}}