{"id":11285,"date":"2025-06-29T13:47:53","date_gmt":"2025-06-29T11:47:53","guid":{"rendered":"https:\/\/uj.adatbank.ro\/lexikon\/termek\/karmazsin-ferenc\/"},"modified":"2025-06-29T13:47:53","modified_gmt":"2025-06-29T11:47:53","slug":"karmazsin-ferenc","status":"publish","type":"product","link":"https:\/\/uj.adatbank.ro\/lexikon\/termek\/karmazsin-ferenc\/","title":{"rendered":"KARMAZSIN Ferenc"},"content":{"rendered":"<p>Sz\u00e9kelyh\u00edd (Bihar), 1926. dec. 17., \u2020 Mv., 2006. aug. 15.: k\u00f6zgazd\u00e1sz. \u2013 Feles\u00e9ge: Matild (\u20202018. m\u00e1rc. 22.). \u2013 Hadi fogoly volt (1945. m\u00e1j. 10. &#8211; 1947. j\u00fal. 1.) Sz\u00e9kelyh\u00eddon \u00e9retts\u00e9gizett (1948), a kv.-i BTE.-en v\u00e9gzett a jogtudom\u00e1nyi \u00e9s k\u00f6zgazdas\u00e1gi szakon (1956). Mint k\u00f6nyvel\u0151 dolgozott Nagyk\u00e1gy\u00e1n, Sz\u00e9kelyhidon (1948\u201349); tan\u00e1rseg\u00e9d a kv.-i BTE-en (1950. nov. 15. \u2013 1952. okt. 1.), k\u00f6zgazd\u00e1sz Mv.-en az \u00e9p\u00edt\u00e9szeti v\u00e1lalatokn\u00e1l (1952\u201362), a villamoss\u00e1gi v\u00e1llalatn\u00e1l (IREM) nyugd\u00edjaz\u00e1s\u00e1ig (1963\u20131989. febr. 1.). K\u00f6z\u00f6lt V. Z., N\u00fa., Rom\u00e1niai Magyar Sz\u00f3, Nyugati Jelen has\u00e1bjain, meg\u00edrta l\u00e1gerbeli visszaeml\u00e9kez\u00e9seit. \u2013 F. m : Kov\u00e1cs J\u00e1nos \u00e9s a t\u00f6bbiek.: ( folytat\u00e1sos riport) (Arad, 2004). <br \/><strong>Irod.:<\/strong> csal\u00e1di inf.<\/br><\/p>\n","protected":false},"excerpt":{"rendered":"<p>Sz\u00e9kelyh\u00edd (Bihar), 1926. dec. 17., \u2020 Mv., 2006. aug. 15.: k\u00f6zgazd\u00e1sz. \u2013 Feles\u00e9ge: Matild (\u20202018. m\u00e1rc. 22.). \u2013 Hadi fogoly volt (1945. m\u00e1j. 10. &#8211; 1947. j\u00fal. 1.) Sz\u00e9kelyh\u00eddon \u00e9retts\u00e9gizett (1948), a kv.-i BTE.-en v\u00e9gzett a jogtudom\u00e1nyi \u00e9s k\u00f6zgazdas\u00e1gi szakon (1956). Mint k\u00f6nyvel\u0151 dolgozott Nagyk\u00e1gy\u00e1n, Sz\u00e9kelyhidon (1948\u201349); tan\u00e1rseg\u00e9d a kv.-i BTE-en (1950. nov. 15. \u2013 [&hellip;]<\/p>\n","protected":false},"featured_media":0,"comment_status":"open","ping_status":"closed","template":"","meta":[],"product_brand":[],"product_cat":[137],"product_tag":[],"class_list":{"0":"post-11285","1":"product","2":"type-product","3":"status-publish","5":"product_cat-maros-megyei-eletrajzi-lexikon","7":"first","8":"instock","9":"shipping-taxable","10":"product-type-simple"},"_links":{"self":[{"href":"https:\/\/uj.adatbank.ro\/lexikon\/wp-json\/wp\/v2\/product\/11285","targetHints":{"allow":["GET"]}}],"collection":[{"href":"https:\/\/uj.adatbank.ro\/lexikon\/wp-json\/wp\/v2\/product"}],"about":[{"href":"https:\/\/uj.adatbank.ro\/lexikon\/wp-json\/wp\/v2\/types\/product"}],"replies":[{"embeddable":true,"href":"https:\/\/uj.adatbank.ro\/lexikon\/wp-json\/wp\/v2\/comments?post=11285"}],"wp:attachment":[{"href":"https:\/\/uj.adatbank.ro\/lexikon\/wp-json\/wp\/v2\/media?parent=11285"}],"wp:term":[{"taxonomy":"product_brand","embeddable":true,"href":"https:\/\/uj.adatbank.ro\/lexikon\/wp-json\/wp\/v2\/product_brand?post=11285"},{"taxonomy":"product_cat","embeddable":true,"href":"https:\/\/uj.adatbank.ro\/lexikon\/wp-json\/wp\/v2\/product_cat?post=11285"},{"taxonomy":"product_tag","embeddable":true,"href":"https:\/\/uj.adatbank.ro\/lexikon\/wp-json\/wp\/v2\/product_tag?post=11285"}],"curies":[{"name":"wp","href":"https:\/\/api.w.org\/{rel}","templated":true}]}}

<p>Székelyhíd (Bihar), 1926. dec. 17., † Mv., 2006. aug. 15.: közgazdász. – Felesége: Matild (†2018. márc. 22.). – Hadi fogoly volt (1945. máj. 10. &#8211; 1947. júl. 1.) Székelyhídon érettségizett (1948), a kv.-i BTE.-en végzett a jogtudományi és közgazdasági szakon (1956). Mint könyvelő dolgozott Nagykágyán, Székelyhidon (1948–49); tanársegéd a kv.-i BTE-en (1950. nov. 15. – 1952. okt. 1.), közgazdász Mv.-en az építészeti válalatoknál (1952–62), a villamossági vállalatnál (IREM) nyugdíjazásáig (1963–1989. febr. 1.). Közölt V. Z., Nú., Romániai Magyar Szó, Nyugati Jelen hasábjain, megírta lágerbeli visszaemlékezéseit. – F. m : Kovács János és a többiek.: ( folytatásos riport) (Arad, 2004). <br /><strong>Irod.:</strong> családi inf.</br></p>

<p>Székelyhíd (Bihar), 1926. dec. 17., † Mv., 2006. aug. 15.: közgazdász. – Felesége: Matild (†2018. márc. 22.). – Hadi fogoly volt (1945. máj. 10. &#8211; 1947. júl. 1.) Székelyhídon érettségizett (1948), a kv.-i BTE.-en végzett a jogtudományi és közgazdasági szakon (1956). Mint könyvelő dolgozott Nagykágyán, Székelyhidon (1948–49); tanársegéd a kv.-i BTE-en (1950. nov. 15. – [&hellip;]</p>
