{"id":11286,"date":"2025-06-29T13:47:55","date_gmt":"2025-06-29T11:47:55","guid":{"rendered":"https:\/\/uj.adatbank.ro\/lexikon\/termek\/karnasz-kalman-karnasz-kalman\/"},"modified":"2025-06-29T13:47:55","modified_gmt":"2025-06-29T11:47:55","slug":"karnasz-kalman-karnasz-kalman","status":"publish","type":"product","link":"https:\/\/uj.adatbank.ro\/lexikon\/termek\/karnasz-kalman-karnasz-kalman\/","title":{"rendered":"KARN\u00c1SZ K\u00e1lm\u00e1n, K\u00e1rn\u00e1sz K\u00e1lm\u00e1n"},"content":{"rendered":"<p>1860.? \u2020 Mv., 1930. m\u00e1rc. 29.: f\u00f6ldbirtokos, p\u00e1rtpolitikus, ezredes. \u2013Testv\u00e9re: K. Olga. Feles\u00e9ge: Gajz\u00e1g\u00f3 Irma. \u2013 M\u0171t\u00e1rgyat v\u00e1s\u00e1rolt (1904\u201311). A F\u00fcggetlens\u00e9gi P\u00e1rt megyei titk\u00e1ra (\u20131910). A Mv.-i Kaszin\u00f3 v\u00e1lasztm\u00e1nyi tagja (1919). \u00c9rt\u00e9kes k\u00f6nyvadom\u00e1nyt tett a Kaszin\u00f3 k\u00f6nyvt\u00e1r\u00e1nak (1928). Tulajdon\u00e1ba volt Mv.-en a Petr\u00e1sk\u00f3 \u00f6rm\u00e9ny keresked\u0151 csal\u00e1d \u00e9p\u00edtette h\u00e1z (1824., Pet\u0151fi t\u00e9r 2. sz.), ma \u201eB\u201d kateg\u00f3ri\u00e1s m\u0171eml\u00e9k, amit jegyaj\u00e1nd\u00e9kk\u00e9nt kapott a feles\u00e9ge. Olasz mint\u00e1ra \u00e9p\u00edtett\u00e9k, f\u00f6ldsz\u00edntj\u00e9n \u00fczlethelys\u00e9gekkel, az emeleten lak\u00f3szob\u00e1kkal. A mai h\u00e1zass\u00e1gk\u00f6t\u0151 hivatal m\u0171k\u00f6dik benne (1982\u2013), kapualj\u00e1ban \u00e9s l\u00e9pcs\u0151h\u00e1zban tal\u00e1lhat\u00f3. a v\u00e1ros r\u00e9gi l\u00e1tk\u00e9p\u00e9t \u00e1br\u00e1zol\u00f3 falfestm\u00e9ny. A Klastrom u. 36. sz. alatti K\u00e1rn\u00e1sz h\u00e1z \u00e9p\u00edttyet\u0151je is 9rm\u00e9ny b\u0151rkeresked\u0151 volt. <br \/><strong>Irod.:<\/strong> Bak\u00f3 Zolt\u00e1n: \u00d6rm\u00e9nyek hozz\u00e1j\u00e1rul\u00e1sa a sz\u00e9kely f\u0151v\u00e1ros felvir\u00e1goztat\u00e1s\u00e1hoz (Erd\u00e9lyi \u00d6rm\u00e9ny Gy\u00f6kerek, 217. sz., 2015. m\u00e1j. -j\u00fan.); Bi\u00e1s Istv\u00e1n; D\u00e9ry B\u00e9la: Almanach (Bp., 1912); Gy\u00e1szjelent\u0151; Id\u0151t\u00e1r 2; Maros megye; Mv.-i \u00f6rm\u00e9nyek; Nemes Geraldina: \u00dajj\u00e1sz\u00fclet\u00e9s (V. Z., 1982. j\u00fan. 6.); Tg. M. \u2013 Mv.; Valori mure\u015fene de patrimoniu<\/br><\/p>\n","protected":false},"excerpt":{"rendered":"<p>1860.? \u2020 Mv., 1930. m\u00e1rc. 29.: f\u00f6ldbirtokos, p\u00e1rtpolitikus, ezredes. \u2013Testv\u00e9re: K. Olga. Feles\u00e9ge: Gajz\u00e1g\u00f3 Irma. \u2013 M\u0171t\u00e1rgyat v\u00e1s\u00e1rolt (1904\u201311). A F\u00fcggetlens\u00e9gi P\u00e1rt megyei titk\u00e1ra (\u20131910). A Mv.-i Kaszin\u00f3 v\u00e1lasztm\u00e1nyi tagja (1919). \u00c9rt\u00e9kes k\u00f6nyvadom\u00e1nyt tett a Kaszin\u00f3 k\u00f6nyvt\u00e1r\u00e1nak (1928). Tulajdon\u00e1ba volt Mv.-en a Petr\u00e1sk\u00f3 \u00f6rm\u00e9ny keresked\u0151 csal\u00e1d \u00e9p\u00edtette h\u00e1z (1824., Pet\u0151fi t\u00e9r 2. sz.), ma \u201eB\u201d [&hellip;]<\/p>\n","protected":false},"featured_media":0,"comment_status":"open","ping_status":"closed","template":"","meta":[],"product_brand":[],"product_cat":[137],"product_tag":[],"class_list":{"0":"post-11286","1":"product","2":"type-product","3":"status-publish","5":"product_cat-maros-megyei-eletrajzi-lexikon","7":"first","8":"instock","9":"shipping-taxable","10":"product-type-simple"},"_links":{"self":[{"href":"https:\/\/uj.adatbank.ro\/lexikon\/wp-json\/wp\/v2\/product\/11286","targetHints":{"allow":["GET"]}}],"collection":[{"href":"https:\/\/uj.adatbank.ro\/lexikon\/wp-json\/wp\/v2\/product"}],"about":[{"href":"https:\/\/uj.adatbank.ro\/lexikon\/wp-json\/wp\/v2\/types\/product"}],"replies":[{"embeddable":true,"href":"https:\/\/uj.adatbank.ro\/lexikon\/wp-json\/wp\/v2\/comments?post=11286"}],"wp:attachment":[{"href":"https:\/\/uj.adatbank.ro\/lexikon\/wp-json\/wp\/v2\/media?parent=11286"}],"wp:term":[{"taxonomy":"product_brand","embeddable":true,"href":"https:\/\/uj.adatbank.ro\/lexikon\/wp-json\/wp\/v2\/product_brand?post=11286"},{"taxonomy":"product_cat","embeddable":true,"href":"https:\/\/uj.adatbank.ro\/lexikon\/wp-json\/wp\/v2\/product_cat?post=11286"},{"taxonomy":"product_tag","embeddable":true,"href":"https:\/\/uj.adatbank.ro\/lexikon\/wp-json\/wp\/v2\/product_tag?post=11286"}],"curies":[{"name":"wp","href":"https:\/\/api.w.org\/{rel}","templated":true}]}}

KARNÁSZ Kálmán, Kárnász Kálmán

<p>1860.? † Mv., 1930. márc. 29.: földbirtokos, pártpolitikus, ezredes. –Testvére: K. Olga. Felesége: Gajzágó Irma. – Műtárgyat vásárolt (1904–11). A Függetlenségi Párt megyei titkára (–1910). A Mv.-i Kaszinó választmányi tagja (1919). Értékes könyvadományt tett a Kaszinó könyvtárának (1928). Tulajdonába volt Mv.-en a Petráskó örmény kereskedő család építette ház (1824., Petőfi tér 2. sz.), ma „B” kategóriás műemlék, amit jegyajándékként kapott a felesége. Olasz mintára építették, földszíntjén üzlethelységekkel, az emeleten lakószobákkal. A mai házasságkötő hivatal működik benne (1982–), kapualjában és lépcsőházban található. a város régi látképét ábrázoló falfestmény. A Klastrom u. 36. sz. alatti Kárnász ház építtyetője is 9rmény bőrkereskedő volt. <br /><strong>Irod.:</strong> Bakó Zoltán: Örmények hozzájárulása a székely főváros felvirágoztatásához (Erdélyi Örmény Gyökerek, 217. sz., 2015. máj. -jún.); Biás István; Déry Béla: Almanach (Bp., 1912); Gyászjelentő; Időtár 2; Maros megye; Mv.-i örmények; Nemes Geraldina: Újjászületés (V. Z., 1982. jún. 6.); Tg. M. – Mv.; Valori mureşene de patrimoniu</br></p>

<p>1860.? † Mv., 1930. márc. 29.: földbirtokos, pártpolitikus, ezredes. –Testvére: K. Olga. Felesége: Gajzágó Irma. – Műtárgyat vásárolt (1904–11). A Függetlenségi Párt megyei titkára (–1910). A Mv.-i Kaszinó választmányi tagja (1919). Értékes könyvadományt tett a Kaszinó könyvtárának (1928). Tulajdonába volt Mv.-en a Petráskó örmény kereskedő család építette ház (1824., Petőfi tér 2. sz.), ma „B” [&hellip;]</p>
