{"id":11287,"date":"2025-06-29T13:47:56","date_gmt":"2025-06-29T11:47:56","guid":{"rendered":"https:\/\/uj.adatbank.ro\/lexikon\/termek\/karolyi-andras\/"},"modified":"2025-06-29T13:47:56","modified_gmt":"2025-06-29T11:47:56","slug":"karolyi-andras","status":"publish","type":"product","link":"https:\/\/uj.adatbank.ro\/lexikon\/termek\/karolyi-andras\/","title":{"rendered":"K\u00c1ROLYI Andr\u00e1s"},"content":{"rendered":"<p>?, \u2020 1596.: hadnagy. \u2013 B\u00e1thori Zsigmond a nemess\u00e9g k\u00f6vetel\u00e9s\u00e9re visszavonta a sz\u00e9kelys\u00e9g szeptemberben kelt szabads\u00e1glevel\u00e9t (1595). Vezet\u00e9s\u00e9vel a marossz\u00e9ki sz\u00e9kelyek fegyveresen fell\u00e1zadtak \u00e9s megtagadt\u00e1k az engedelmess\u00e9get. A felkel\u00e9st levert\u00e9k \u0151t l\u00f3fark\u00e1hoz k\u00f6tve v\u00e9gigvontatt\u00e1k a v\u00e1roson, majd fejjel lefel\u00e9 kar\u00f3ba h\u00fazt\u00e1k, Nagy Szab\u00f3 Ferenc eml\u00e9kirata szerint. \u2013 <strong>F. m.:<\/strong> Lugubres elegiae et epitaphia varia in obitum \u2026 Ladislai Carolij, \u2026Stephani Schinij\u2026Nicolai Walkai \u2026etc. \/ A. K.; J\u00e1nos Budai, Istv\u00e1n Cziorba, Ferenc V\u00e1s\u00e1rhelyi. ([Wittenberg], 1587.). <br \/><strong>Irod.:<\/strong> Cat. Bibl. T. -B.; Egyed \u00c1. 2013; Id\u0151t\u00e1r 1 S. Misit k\u00e9rdezni!!!<\/br><\/p>\n","protected":false},"excerpt":{"rendered":"<p>?, \u2020 1596.: hadnagy. \u2013 B\u00e1thori Zsigmond a nemess\u00e9g k\u00f6vetel\u00e9s\u00e9re visszavonta a sz\u00e9kelys\u00e9g szeptemberben kelt szabads\u00e1glevel\u00e9t (1595). Vezet\u00e9s\u00e9vel a marossz\u00e9ki sz\u00e9kelyek fegyveresen fell\u00e1zadtak \u00e9s megtagadt\u00e1k az engedelmess\u00e9get. A felkel\u00e9st levert\u00e9k \u0151t l\u00f3fark\u00e1hoz k\u00f6tve v\u00e9gigvontatt\u00e1k a v\u00e1roson, majd fejjel lefel\u00e9 kar\u00f3ba h\u00fazt\u00e1k, Nagy Szab\u00f3 Ferenc eml\u00e9kirata szerint. \u2013 F. m.: Lugubres elegiae et epitaphia varia in [&hellip;]<\/p>\n","protected":false},"featured_media":0,"comment_status":"open","ping_status":"closed","template":"","meta":[],"product_brand":[],"product_cat":[137],"product_tag":[],"class_list":{"0":"post-11287","1":"product","2":"type-product","3":"status-publish","5":"product_cat-maros-megyei-eletrajzi-lexikon","7":"first","8":"instock","9":"shipping-taxable","10":"product-type-simple"},"_links":{"self":[{"href":"https:\/\/uj.adatbank.ro\/lexikon\/wp-json\/wp\/v2\/product\/11287","targetHints":{"allow":["GET"]}}],"collection":[{"href":"https:\/\/uj.adatbank.ro\/lexikon\/wp-json\/wp\/v2\/product"}],"about":[{"href":"https:\/\/uj.adatbank.ro\/lexikon\/wp-json\/wp\/v2\/types\/product"}],"replies":[{"embeddable":true,"href":"https:\/\/uj.adatbank.ro\/lexikon\/wp-json\/wp\/v2\/comments?post=11287"}],"wp:attachment":[{"href":"https:\/\/uj.adatbank.ro\/lexikon\/wp-json\/wp\/v2\/media?parent=11287"}],"wp:term":[{"taxonomy":"product_brand","embeddable":true,"href":"https:\/\/uj.adatbank.ro\/lexikon\/wp-json\/wp\/v2\/product_brand?post=11287"},{"taxonomy":"product_cat","embeddable":true,"href":"https:\/\/uj.adatbank.ro\/lexikon\/wp-json\/wp\/v2\/product_cat?post=11287"},{"taxonomy":"product_tag","embeddable":true,"href":"https:\/\/uj.adatbank.ro\/lexikon\/wp-json\/wp\/v2\/product_tag?post=11287"}],"curies":[{"name":"wp","href":"https:\/\/api.w.org\/{rel}","templated":true}]}}

KÁROLYI András

<p>?, † 1596.: hadnagy. – Báthori Zsigmond a nemesség követelésére visszavonta a székelység szeptemberben kelt szabadságlevelét (1595). Vezetésével a marosszéki székelyek fegyveresen fellázadtak és megtagadták az engedelmességet. A felkelést leverték őt lófarkához kötve végigvontatták a városon, majd fejjel lefelé karóba húzták, Nagy Szabó Ferenc emlékirata szerint. – <strong>F. m.:</strong> Lugubres elegiae et epitaphia varia in obitum … Ladislai Carolij, …Stephani Schinij…Nicolai Walkai …etc. / A. K.; János Budai, István Cziorba, Ferenc Vásárhelyi. ([Wittenberg], 1587.). <br /><strong>Irod.:</strong> Cat. Bibl. T. -B.; Egyed Á. 2013; Időtár 1 S. Misit kérdezni!!!</br></p>

<p>?, † 1596.: hadnagy. – Báthori Zsigmond a nemesség követelésére visszavonta a székelység szeptemberben kelt szabadságlevelét (1595). Vezetésével a marosszéki székelyek fegyveresen fellázadtak és megtagadták az engedelmességet. A felkelést leverték őt lófarkához kötve végigvontatták a városon, majd fejjel lefelé karóba húzták, Nagy Szabó Ferenc emlékirata szerint. – F. m.: Lugubres elegiae et epitaphia varia in [&hellip;]</p>
