{"id":11290,"date":"2025-06-29T13:48:04","date_gmt":"2025-06-29T11:48:04","guid":{"rendered":"https:\/\/uj.adatbank.ro\/lexikon\/termek\/karolyi-klara-nagykarolyi-gr-gr-haller-gaborne\/"},"modified":"2025-06-29T13:48:04","modified_gmt":"2025-06-29T11:48:04","slug":"karolyi-klara-nagykarolyi-gr-gr-haller-gaborne","status":"publish","type":"product","link":"https:\/\/uj.adatbank.ro\/lexikon\/termek\/karolyi-klara-nagykarolyi-gr-gr-haller-gaborne\/","title":{"rendered":"K\u00c1ROLYI Kl\u00e1ra, nagyk\u00e1rolyi gr., gr. Haller G\u00e1born\u00e9"},"content":{"rendered":"<p>? 1697. aug. 2, \u2020 Kv., 1749. \u2013 K. S\u00e1ndor gr. kuruc gener\u00e1lis \u00e9s Bark\u00f3czi Krisztina le\u00e1nya. F\u00e9rje: Haller G\u00e1bor (1685\u20131723). Gyermekeik: Istv\u00e1n, L\u00e1szl\u00f3, G\u00e1bor, S\u00e1ndor, J\u00falia, M\u00e1ria cscilia. Sz\u00fcleit\u0151l nemcsak akaraterej\u00e9t, er\u0151s jellem\u00e9t, hanem a kult\u00fara ir\u00e1nti szeretet\u00e9t is \u00f6r\u00f6k\u00f6lte. Szerette \u00e9s gy\u0171jt\u00f6tte a k\u00f6nyveket. Kora szok\u00e1saival ellent\u00e9tben nem csak otthon tan\u00edttatt\u00e1k, hanem Kass\u00e1ra k\u00fcldt\u00e9k iskol\u00e1ba, ahol \u00edr\u00e1st, olvas\u00e1st, zen\u00e9t, vall\u00e1st tanult. A kerel\u0151szentp\u00e1li kast\u00e9lyba 14 \u00e9vesen ker\u00fclt (1711\u2013). Saj\u00e1t gyerekeinek nevel\u00e9s\u00e9re is nagy hags\u00falyt feketett, nagy gonddal form\u00e1lta magyars\u00e1gtudatukat, Pozsonyban j\u00e1ratta iskol\u00e1ba \u0151ket. Kerel\u0151szentp\u00e1lon a Haller-kast\u00e9ly k\u00e1poln\u00e1j\u00e1ban a jezsuit\u00e1k \u00e9s mikh\u00e1zi ferencesek mis\u00e9ztek (1721\u2013). F\u00e9rje korai hal\u00e1la ut\u00e1n (1723) apja seg\u00edts\u00e9g\u00e9vel viselte a birtokai gondj\u00e1t. Gondoskodott a k\u00f6rny\u00e9k szeg\u00e9nyeir\u0151l. Hagyom\u00e1ny\u0151rz\u0151, fogadalmi k\u00e1poln\u00e1t emeltetett, papilakot \u00e9p\u00edtetett, gondoskodott az iskola m\u0171k\u00f6dtet\u00e9s\u00e9sr\u0151l. \u00c9lete v\u00e9g\u00e9ig t\u00e1mogatta a minorita rendet, birtokaira telep\u00edtette ennek k\u00e9pvisel\u0151it. Szentp\u00e1lon \u0151 vette vissza a templomot a reform\u00e1tusokt\u00f3l (1740), szent\u00e9jjel \u00e9s sekresty\u00e9vel b\u0151v\u00edtette (1744), k\u00e9s\u0151bb is anyagilag t\u00e1mogatta, \u00faj k\u00e9peket rendelt a falakra, alap\u00edtv\u00e1nyokat hozott l\u00e9tre a templom fenntart\u00e1s\u00e1ra (1745). Nemcsak szentp\u00e1li birtok\u00e1n, hanem m\u00e1shol is hajtott v\u00e9gre templomfoglal\u00e1sokat pl. a gy\u00f6rgyfalvi birtok\u00e1n (1748), Ny\u00edrbakt\u00e1n (1730), \u00c9radonyban, B\u00e1toson, B\u00faz\u00e1sbeseny\u0151ben. Seg\u00edtette a szil\u00e1gysomly\u00f3i kat. k\u00f6z\u00f6ss\u00e9get. Megrendelte a m\u00e1riazelli kegytemplom M\u00e1ria k\u00e9p\u00e9nek m\u00e1solat\u00e1t a kerel\u0151szentp\u00e1li r. k. templom sz\u00e1m\u00e1ra (1737), fogadalmi k\u00e9pe a m\u00e1riap\u00f3csi K\u00f6nnyez\u0151 Sz\u0171z tisztelet\u00e9r (Kerel\u0151szentp\u00e1l, 1740), amelyek ma a Mv.-i Egyh\u00e1zt\u00f6rt\u00e9neti M\u00fazeumban tal\u00e1lhat\u00f3k. V\u00e9gakarata szerint hal\u00e1la ut\u00e1n fia, Haller G\u00e1bor l\u00e1tta el \u00e9s tartotta fenn a gy\u00f6rgyfalvi \u00e9s a szentp\u00e1li templomot. Sz\u00e1mos alap\u00edtv\u00e1nyt hozott l\u00e9tre az egyh\u00e1z t\u00e1mogat\u00e1s\u00e1ra. <br \/><strong>Irod.:<\/strong> \u00c1ll\u00f3- \u00e9s mozg\u00f3k\u00e9pek; \u00c1rva Bethlen K.; B\u00e1lint Zsigmond 2010; Castellum \u00c9rtes\u00edt\u0151 (2000, 3. sz.); Harmath-K\u00e1lm\u00e1n; Keresztes Gyula: A kerel\u0151szentp\u00e1li templom \u00e9s k\u00e1polna (N\u00fa., 1998. aug. 29.); L\u00e9sty\u00e1n \u2013 templomok 1.; M. V\u00e1s\u00e1rhelyi k. kath. Iskol\u00e1k \u00e9s nevel\u0151h\u00e1z (Sz\u00e9kely Napt\u00e1r, 1845); Mv.-i Pl\u00e9b\u00e1nia; Nagy M\u00e9da: R\u00e9gi magyar asszonyok (Bp., 1941); Tak\u00e1ts S\u00e1ndor: R\u00e9gi m. asszonyok (Bp., \u00e9. n.)<\/br><\/p>\n","protected":false},"excerpt":{"rendered":"<p>? 1697. aug. 2, \u2020 Kv., 1749. \u2013 K. S\u00e1ndor gr. kuruc gener\u00e1lis \u00e9s Bark\u00f3czi Krisztina le\u00e1nya. F\u00e9rje: Haller G\u00e1bor (1685\u20131723). Gyermekeik: Istv\u00e1n, L\u00e1szl\u00f3, G\u00e1bor, S\u00e1ndor, J\u00falia, M\u00e1ria cscilia. Sz\u00fcleit\u0151l nemcsak akaraterej\u00e9t, er\u0151s jellem\u00e9t, hanem a kult\u00fara ir\u00e1nti szeretet\u00e9t is \u00f6r\u00f6k\u00f6lte. Szerette \u00e9s gy\u0171jt\u00f6tte a k\u00f6nyveket. Kora szok\u00e1saival ellent\u00e9tben nem csak otthon tan\u00edttatt\u00e1k, hanem Kass\u00e1ra [&hellip;]<\/p>\n","protected":false},"featured_media":0,"comment_status":"open","ping_status":"closed","template":"","meta":[],"product_brand":[],"product_cat":[137],"product_tag":[],"class_list":{"0":"post-11290","1":"product","2":"type-product","3":"status-publish","5":"product_cat-maros-megyei-eletrajzi-lexikon","7":"first","8":"instock","9":"shipping-taxable","10":"product-type-simple"},"_links":{"self":[{"href":"https:\/\/uj.adatbank.ro\/lexikon\/wp-json\/wp\/v2\/product\/11290","targetHints":{"allow":["GET"]}}],"collection":[{"href":"https:\/\/uj.adatbank.ro\/lexikon\/wp-json\/wp\/v2\/product"}],"about":[{"href":"https:\/\/uj.adatbank.ro\/lexikon\/wp-json\/wp\/v2\/types\/product"}],"replies":[{"embeddable":true,"href":"https:\/\/uj.adatbank.ro\/lexikon\/wp-json\/wp\/v2\/comments?post=11290"}],"wp:attachment":[{"href":"https:\/\/uj.adatbank.ro\/lexikon\/wp-json\/wp\/v2\/media?parent=11290"}],"wp:term":[{"taxonomy":"product_brand","embeddable":true,"href":"https:\/\/uj.adatbank.ro\/lexikon\/wp-json\/wp\/v2\/product_brand?post=11290"},{"taxonomy":"product_cat","embeddable":true,"href":"https:\/\/uj.adatbank.ro\/lexikon\/wp-json\/wp\/v2\/product_cat?post=11290"},{"taxonomy":"product_tag","embeddable":true,"href":"https:\/\/uj.adatbank.ro\/lexikon\/wp-json\/wp\/v2\/product_tag?post=11290"}],"curies":[{"name":"wp","href":"https:\/\/api.w.org\/{rel}","templated":true}]}}

KÁROLYI Klára, nagykárolyi gr., gr. Haller Gáborné

<p>? 1697. aug. 2, † Kv., 1749. – K. Sándor gr. kuruc generális és Barkóczi Krisztina leánya. Férje: Haller Gábor (1685–1723). Gyermekeik: István, László, Gábor, Sándor, Júlia, Mária cscilia. Szüleitől nemcsak akaraterejét, erős jellemét, hanem a kultúra iránti szeretetét is örökölte. Szerette és gyűjtötte a könyveket. Kora szokásaival ellentétben nem csak otthon taníttatták, hanem Kassára küldték iskolába, ahol írást, olvasást, zenét, vallást tanult. A kerelőszentpáli kastélyba 14 évesen került (1711–). Saját gyerekeinek nevelésére is nagy hagsúlyt feketett, nagy gonddal formálta magyarságtudatukat, Pozsonyban járatta iskolába őket. Kerelőszentpálon a Haller-kastély kápolnájában a jezsuiták és mikházi ferencesek miséztek (1721–). Férje korai halála után (1723) apja segítségével viselte a birtokai gondját. Gondoskodott a környék szegényeiről. Hagyományőrző, fogadalmi kápolnát emeltetett, papilakot építetett, gondoskodott az iskola működtetésésről. Élete végéig támogatta a minorita rendet, birtokaira telepítette ennek képviselőit. Szentpálon ő vette vissza a templomot a reformátusoktól (1740), szentéjjel és sekrestyével bővítette (1744), később is anyagilag támogatta, új képeket rendelt a falakra, alapítványokat hozott létre a templom fenntartására (1745). Nemcsak szentpáli birtokán, hanem máshol is hajtott végre templomfoglalásokat pl. a györgyfalvi birtokán (1748), Nyírbaktán (1730), Éradonyban, Bátoson, Búzásbesenyőben. Segítette a szilágysomlyói kat. közösséget. Megrendelte a máriazelli kegytemplom Mária képének másolatát a kerelőszentpáli r. k. templom számára (1737), fogadalmi képe a máriapócsi Könnyező Szűz tiszteletér (Kerelőszentpál, 1740), amelyek ma a Mv.-i Egyháztörténeti Múzeumban találhatók. Végakarata szerint halála után fia, Haller Gábor látta el és tartotta fenn a györgyfalvi és a szentpáli templomot. Számos alapítványt hozott létre az egyház támogatására. <br /><strong>Irod.:</strong> Álló- és mozgóképek; Árva Bethlen K.; Bálint Zsigmond 2010; Castellum Értesítő (2000, 3. sz.); Harmath-Kálmán; Keresztes Gyula: A kerelőszentpáli templom és kápolna (Nú., 1998. aug. 29.); Léstyán – templomok 1.; M. Vásárhelyi k. kath. Iskolák és nevelőház (Székely Naptár, 1845); Mv.-i Plébánia; Nagy Méda: Régi magyar asszonyok (Bp., 1941); Takáts Sándor: Régi m. asszonyok (Bp., é. n.)</br></p>

<p>? 1697. aug. 2, † Kv., 1749. – K. Sándor gr. kuruc generális és Barkóczi Krisztina leánya. Férje: Haller Gábor (1685–1723). Gyermekeik: István, László, Gábor, Sándor, Júlia, Mária cscilia. Szüleitől nemcsak akaraterejét, erős jellemét, hanem a kultúra iránti szeretetét is örökölte. Szerette és gyűjtötte a könyveket. Kora szokásaival ellentétben nem csak otthon taníttatták, hanem Kassára [&hellip;]</p>
