{"id":11305,"date":"2025-06-29T13:48:40","date_gmt":"2025-06-29T11:48:40","guid":{"rendered":"https:\/\/uj.adatbank.ro\/lexikon\/termek\/kasa-mozes\/"},"modified":"2025-06-29T13:48:40","modified_gmt":"2025-06-29T11:48:40","slug":"kasa-mozes","status":"publish","type":"product","link":"https:\/\/uj.adatbank.ro\/lexikon\/termek\/kasa-mozes\/","title":{"rendered":"K\u00c1SA M\u00f3zes"},"content":{"rendered":"<p>? \u2020 ? : alszolgab\u00edr\u00f3. \u2013 A k\u00f6zigazgat\u00e1s \u00e1tszervez\u00e9s\u00e9vel l\u00e9trehozott Maros megye Als\u00f3 j\u00e1r\u00e1s\u00e1nak jobb\u00e1gyfalvi szakasz\u00e1ban volt alszolgab\u00edr\u00f3 (1849. \u00e1pr.). <br \/><strong>Irod.:<\/strong> P\u00e1l-Antal; P\u00e1l-Antal 2002<\/br><\/p>\n","protected":false},"excerpt":{"rendered":"<p>? \u2020 ? : alszolgab\u00edr\u00f3. \u2013 A k\u00f6zigazgat\u00e1s \u00e1tszervez\u00e9s\u00e9vel l\u00e9trehozott Maros megye Als\u00f3 j\u00e1r\u00e1s\u00e1nak jobb\u00e1gyfalvi szakasz\u00e1ban volt alszolgab\u00edr\u00f3 (1849. \u00e1pr.). Irod.: P\u00e1l-Antal; P\u00e1l-Antal 2002<\/p>\n","protected":false},"featured_media":0,"comment_status":"open","ping_status":"closed","template":"","meta":[],"product_brand":[],"product_cat":[137],"product_tag":[],"class_list":{"0":"post-11305","1":"product","2":"type-product","3":"status-publish","5":"product_cat-maros-megyei-eletrajzi-lexikon","7":"first","8":"instock","9":"shipping-taxable","10":"product-type-simple"},"_links":{"self":[{"href":"https:\/\/uj.adatbank.ro\/lexikon\/wp-json\/wp\/v2\/product\/11305","targetHints":{"allow":["GET"]}}],"collection":[{"href":"https:\/\/uj.adatbank.ro\/lexikon\/wp-json\/wp\/v2\/product"}],"about":[{"href":"https:\/\/uj.adatbank.ro\/lexikon\/wp-json\/wp\/v2\/types\/product"}],"replies":[{"embeddable":true,"href":"https:\/\/uj.adatbank.ro\/lexikon\/wp-json\/wp\/v2\/comments?post=11305"}],"wp:attachment":[{"href":"https:\/\/uj.adatbank.ro\/lexikon\/wp-json\/wp\/v2\/media?parent=11305"}],"wp:term":[{"taxonomy":"product_brand","embeddable":true,"href":"https:\/\/uj.adatbank.ro\/lexikon\/wp-json\/wp\/v2\/product_brand?post=11305"},{"taxonomy":"product_cat","embeddable":true,"href":"https:\/\/uj.adatbank.ro\/lexikon\/wp-json\/wp\/v2\/product_cat?post=11305"},{"taxonomy":"product_tag","embeddable":true,"href":"https:\/\/uj.adatbank.ro\/lexikon\/wp-json\/wp\/v2\/product_tag?post=11305"}],"curies":[{"name":"wp","href":"https:\/\/api.w.org\/{rel}","templated":true}]}}