{"id":11314,"date":"2025-06-29T13:48:56","date_gmt":"2025-06-29T11:48:56","guid":{"rendered":"https:\/\/uj.adatbank.ro\/lexikon\/termek\/kassai-istvan-hejjasfalva\/"},"modified":"2025-06-29T13:48:56","modified_gmt":"2025-06-29T11:48:56","slug":"kassai-istvan-hejjasfalva","status":"publish","type":"product","link":"https:\/\/uj.adatbank.ro\/lexikon\/termek\/kassai-istvan-hejjasfalva\/","title":{"rendered":"KASSAI Istv\u00e1n, h\u00e9jjasfalva"},"content":{"rendered":"<p>? \u2020 1644 : jogtud\u00f3s, \u00edt\u00e9l\u0151mester. \u2013 Kv.-i polg\u00e1r. Testv\u00e9re: Biki Mikl\u00f3s De\u00e1kn\u00e9. Feles\u00e9ge: Vinczei Anna. Fi\u00fak: K. Istv\u00e1n, a feles\u00e9ge Gerendi Kl\u00e1ra. \u2013 Bethlen G\u00e1bor \u00e9s I. R\u00e1k\u00f3czi Gy\u00f6rgy bizalmas embere. R\u00e9szt vett az I. R\u00e1k\u00f3czi Gy\u00f6rgy vezet\u00e9se alatt D\u00e9sen tartott ogy.-en (1638. j\u00fal. 7. \u2013). Jelent\u0151s jogtud\u00f3s, \u00edt\u00e9l\u0151mester (1619\u201335). V\u00e9grendelete szerinti (Kv., 1637. szept. 12.) \u00f6r\u00f6ks\u00e9g\u00e9t, h\u00e1za volt Kv.-on \u00e9s Teremiben, feles\u00e9ge \u00e9s fia \u00f6r\u00f6k\u00f6lte. \u2013 Irod: Erd\u00e9lyi tetamentumok, 3.; K\u00e9nosi-Uzoni 2.<\/br><\/p>\n","protected":false},"excerpt":{"rendered":"<p>? \u2020 1644 : jogtud\u00f3s, \u00edt\u00e9l\u0151mester. \u2013 Kv.-i polg\u00e1r. Testv\u00e9re: Biki Mikl\u00f3s De\u00e1kn\u00e9. Feles\u00e9ge: Vinczei Anna. Fi\u00fak: K. Istv\u00e1n, a feles\u00e9ge Gerendi Kl\u00e1ra. \u2013 Bethlen G\u00e1bor \u00e9s I. R\u00e1k\u00f3czi Gy\u00f6rgy bizalmas embere. R\u00e9szt vett az I. R\u00e1k\u00f3czi Gy\u00f6rgy vezet\u00e9se alatt D\u00e9sen tartott ogy.-en (1638. j\u00fal. 7. \u2013). Jelent\u0151s jogtud\u00f3s, \u00edt\u00e9l\u0151mester (1619\u201335). V\u00e9grendelete szerinti (Kv., 1637. [&hellip;]<\/p>\n","protected":false},"featured_media":0,"comment_status":"open","ping_status":"closed","template":"","meta":[],"product_brand":[],"product_cat":[137],"product_tag":[],"class_list":{"0":"post-11314","1":"product","2":"type-product","3":"status-publish","5":"product_cat-maros-megyei-eletrajzi-lexikon","7":"first","8":"instock","9":"shipping-taxable","10":"product-type-simple"},"_links":{"self":[{"href":"https:\/\/uj.adatbank.ro\/lexikon\/wp-json\/wp\/v2\/product\/11314","targetHints":{"allow":["GET"]}}],"collection":[{"href":"https:\/\/uj.adatbank.ro\/lexikon\/wp-json\/wp\/v2\/product"}],"about":[{"href":"https:\/\/uj.adatbank.ro\/lexikon\/wp-json\/wp\/v2\/types\/product"}],"replies":[{"embeddable":true,"href":"https:\/\/uj.adatbank.ro\/lexikon\/wp-json\/wp\/v2\/comments?post=11314"}],"wp:attachment":[{"href":"https:\/\/uj.adatbank.ro\/lexikon\/wp-json\/wp\/v2\/media?parent=11314"}],"wp:term":[{"taxonomy":"product_brand","embeddable":true,"href":"https:\/\/uj.adatbank.ro\/lexikon\/wp-json\/wp\/v2\/product_brand?post=11314"},{"taxonomy":"product_cat","embeddable":true,"href":"https:\/\/uj.adatbank.ro\/lexikon\/wp-json\/wp\/v2\/product_cat?post=11314"},{"taxonomy":"product_tag","embeddable":true,"href":"https:\/\/uj.adatbank.ro\/lexikon\/wp-json\/wp\/v2\/product_tag?post=11314"}],"curies":[{"name":"wp","href":"https:\/\/api.w.org\/{rel}","templated":true}]}}

KASSAI István, héjjasfalva

<p>? † 1644 : jogtudós, ítélőmester. – Kv.-i polgár. Testvére: Biki Miklós Deákné. Felesége: Vinczei Anna. Fiúk: K. István, a felesége Gerendi Klára. – Bethlen Gábor és I. Rákóczi György bizalmas embere. Részt vett az I. Rákóczi György vezetése alatt Désen tartott ogy.-en (1638. júl. 7. –). Jelentős jogtudós, ítélőmester (1619–35). Végrendelete szerinti (Kv., 1637. szept. 12.) örökségét, háza volt Kv.-on és Teremiben, felesége és fia örökölte. – Irod: Erdélyi tetamentumok, 3.; Kénosi-Uzoni 2.</br></p>

<p>? † 1644 : jogtudós, ítélőmester. – Kv.-i polgár. Testvére: Biki Miklós Deákné. Felesége: Vinczei Anna. Fiúk: K. István, a felesége Gerendi Klára. – Bethlen Gábor és I. Rákóczi György bizalmas embere. Részt vett az I. Rákóczi György vezetése alatt Désen tartott ogy.-en (1638. júl. 7. –). Jelentős jogtudós, ítélőmester (1619–35). Végrendelete szerinti (Kv., 1637. [&hellip;]</p>
