{"id":11347,"date":"2025-06-29T13:50:02","date_gmt":"2025-06-29T11:50:02","guid":{"rendered":"https:\/\/uj.adatbank.ro\/lexikon\/termek\/kathonay-istvan-keroi-es-pokafalvi-kathonai-istvan\/"},"modified":"2025-06-29T13:50:02","modified_gmt":"2025-06-29T11:50:02","slug":"kathonay-istvan-keroi-es-pokafalvi-kathonai-istvan","status":"publish","type":"product","link":"https:\/\/uj.adatbank.ro\/lexikon\/termek\/kathonay-istvan-keroi-es-pokafalvi-kathonai-istvan\/","title":{"rendered":"KATHONAY Istv\u00e1n, k\u00e9r\u0151i \u00e9s p\u00f3kafalvi, Kathonai Istv\u00e1n"},"content":{"rendered":"<p>1796, \u2020 Mv., 1865. okt. 13.: orvos. \u2013 K. J\u00f3zsef \u00e9s Magyari Ter\u00e9z fia. Feles\u00e9ge: L\u00e9n\u00e1rt Eszter. Gyermekeik: K\u00e1roly, Gyula, Eszter, Nelli, Katinka \u00e9s mostoha fia. K. Istv\u00e1n. \u2013 Marossz\u00e9k \u00e9s Mv. v\u00e1ros alorvosa 30 \u00e9ven \u00e1t. Vizsg\u00e1lta, kezelte Bolyai J\u00e1nost (1846\u201350 k.). Mv. sz. k. v\u00e1rosi k\u00e9pvisel\u0151tag volt. A csal\u00e1d lev\u00e9lt\u00e1ri anyaga a kv.-i lev\u00e9lt\u00e1rba kr\u00fclt. Egy s\u00falyos seb hossz\u0171 szenved\u00e9s ut\u00e1nokozta hal\u00e1l\u00e1t. <br \/><strong>Irod.:<\/strong> 1848\u20131849 Marossz\u00e9k; Gy\u00e1szjelent\u0151; Kiss-P. &#8211; P; Kr\u00f3n. F\u00fcz. (1939. 4\/6); Ol\u00e1h-G\u00e1l 2013; Ol\u00e1h-G\u00e1l R\u00f3bert: N\u00e9h\u00e1ny t\u00f6red\u00e9k Marossz\u00e9k alorvos\u00e1r\u00f3l, K. I.-r\u00f3l (1796\u20131865) (N\u00fa., Sz\u00ednes Vil\u00e1g, 2012. nov. 3.); P\u00e1lmay<\/br><\/p>\n","protected":false},"excerpt":{"rendered":"<p>1796, \u2020 Mv., 1865. okt. 13.: orvos. \u2013 K. J\u00f3zsef \u00e9s Magyari Ter\u00e9z fia. Feles\u00e9ge: L\u00e9n\u00e1rt Eszter. Gyermekeik: K\u00e1roly, Gyula, Eszter, Nelli, Katinka \u00e9s mostoha fia. K. Istv\u00e1n. \u2013 Marossz\u00e9k \u00e9s Mv. v\u00e1ros alorvosa 30 \u00e9ven \u00e1t. Vizsg\u00e1lta, kezelte Bolyai J\u00e1nost (1846\u201350 k.). Mv. sz. k. v\u00e1rosi k\u00e9pvisel\u0151tag volt. A csal\u00e1d lev\u00e9lt\u00e1ri anyaga a kv.-i [&hellip;]<\/p>\n","protected":false},"featured_media":0,"comment_status":"open","ping_status":"closed","template":"","meta":[],"product_brand":[],"product_cat":[137],"product_tag":[],"class_list":{"0":"post-11347","1":"product","2":"type-product","3":"status-publish","5":"product_cat-maros-megyei-eletrajzi-lexikon","7":"first","8":"instock","9":"shipping-taxable","10":"product-type-simple"},"_links":{"self":[{"href":"https:\/\/uj.adatbank.ro\/lexikon\/wp-json\/wp\/v2\/product\/11347","targetHints":{"allow":["GET"]}}],"collection":[{"href":"https:\/\/uj.adatbank.ro\/lexikon\/wp-json\/wp\/v2\/product"}],"about":[{"href":"https:\/\/uj.adatbank.ro\/lexikon\/wp-json\/wp\/v2\/types\/product"}],"replies":[{"embeddable":true,"href":"https:\/\/uj.adatbank.ro\/lexikon\/wp-json\/wp\/v2\/comments?post=11347"}],"wp:attachment":[{"href":"https:\/\/uj.adatbank.ro\/lexikon\/wp-json\/wp\/v2\/media?parent=11347"}],"wp:term":[{"taxonomy":"product_brand","embeddable":true,"href":"https:\/\/uj.adatbank.ro\/lexikon\/wp-json\/wp\/v2\/product_brand?post=11347"},{"taxonomy":"product_cat","embeddable":true,"href":"https:\/\/uj.adatbank.ro\/lexikon\/wp-json\/wp\/v2\/product_cat?post=11347"},{"taxonomy":"product_tag","embeddable":true,"href":"https:\/\/uj.adatbank.ro\/lexikon\/wp-json\/wp\/v2\/product_tag?post=11347"}],"curies":[{"name":"wp","href":"https:\/\/api.w.org\/{rel}","templated":true}]}}

KATHONAY István, kérői és pókafalvi, Kathonai István

<p>1796, † Mv., 1865. okt. 13.: orvos. – K. József és Magyari Teréz fia. Felesége: Lénárt Eszter. Gyermekeik: Károly, Gyula, Eszter, Nelli, Katinka és mostoha fia. K. István. – Marosszék és Mv. város alorvosa 30 éven át. Vizsgálta, kezelte Bolyai Jánost (1846–50 k.). Mv. sz. k. városi képviselőtag volt. A család levéltári anyaga a kv.-i levéltárba krült. Egy súlyos seb hosszű szenvedés utánokozta halálát. <br /><strong>Irod.:</strong> 1848–1849 Marosszék; Gyászjelentő; Kiss-P. &#8211; P; Krón. Füz. (1939. 4/6); Oláh-Gál 2013; Oláh-Gál Róbert: Néhány töredék Marosszék alorvosáról, K. I.-ról (1796–1865) (Nú., Színes Világ, 2012. nov. 3.); Pálmay</br></p>

<p>1796, † Mv., 1865. okt. 13.: orvos. – K. József és Magyari Teréz fia. Felesége: Lénárt Eszter. Gyermekeik: Károly, Gyula, Eszter, Nelli, Katinka és mostoha fia. K. István. – Marosszék és Mv. város alorvosa 30 éven át. Vizsgálta, kezelte Bolyai Jánost (1846–50 k.). Mv. sz. k. városi képviselőtag volt. A család levéltári anyaga a kv.-i [&hellip;]</p>
